{"id":6,"date":"2024-04-04T02:01:10","date_gmt":"2024-04-03T23:01:10","guid":{"rendered":"https:\/\/sisu.ut.ee\/dmponline\/konto-loomine\/"},"modified":"2024-04-04T02:01:14","modified_gmt":"2024-04-03T23:01:14","slug":"konto-loomine","status":"publish","type":"page","link":"https:\/\/sisu.ut.ee\/dmponline\/konto-loomine\/","title":{"rendered":"Konto loomine"},"content":{"rendered":"<p>\n\t<!--break-->\n<\/p>\n<p>\n\tKonto registreerimiseks kasuta oma\u00a0T\u00dc\u00a0e-posti aadressi ning turvalist salas\u00f5na. Organisatsiooni alt vali\u00a0<em>University of Tartu<\/em>. Seej\u00e4rel tutvu kasutustingimustega, n\u00f5ustu ning loo konto.\u00a0\u00a0\n<\/p>\n<p>\n\tSisselogimisel vali sisselogimine \u00fclikooli kasutajatunnustega. Seej\u00e4rel toimub suunamine j\u00e4rgmisele lehele, kust tuleb otsida\u00a0<em>University of Tartu<\/em>\u00a0ning vajutada\u00a0<em>Sign\u00a0In<\/em>.\u00a0\u00a0\n<\/p>\n<p>\n\t<img loading=\"lazy\" decoding=\"async\" width=\"1788\" height=\"1152\" class=\"alignnone wp-image-13\" style=\"float: left\" src=\"https:\/\/sisu.ut.ee\/wp-content\/uploads\/sites\/159\/dmp_juhis.png\" title=\"dmp_juhis.png\" alt=\"DMP_juhis\" srcset=\"https:\/\/sisu.ut.ee\/wp-content\/uploads\/sites\/159\/dmp_juhis.png 1788w, https:\/\/sisu.ut.ee\/wp-content\/uploads\/sites\/159\/dmp_juhis-300x193.png 300w, https:\/\/sisu.ut.ee\/wp-content\/uploads\/sites\/159\/dmp_juhis-1024x660.png 1024w, https:\/\/sisu.ut.ee\/wp-content\/uploads\/sites\/159\/dmp_juhis-768x495.png 768w, https:\/\/sisu.ut.ee\/wp-content\/uploads\/sites\/159\/dmp_juhis-1536x990.png 1536w\" sizes=\"auto, (max-width: 1788px) 100vw, 1788px\">\n<\/p>\n<p>\n\t\u00a0\n<\/p>\n<p>\n\t\u00a0<\/p>\n","protected":false},"excerpt":{"rendered":"<p>Konto registreerimiseks kasuta oma\u00a0T\u00dc\u00a0e-posti aadressi ning turvalist salas\u00f5na. Organisatsiooni alt vali\u00a0University of Tartu. Seej\u00e4rel tutvu kasutustingimustega, n\u00f5ustu ning loo konto.\u00a0\u00a0 Sisselogimisel vali sisselogimine \u00fclikooli kasutajatunnustega. Seej\u00e4rel toimub suunamine j\u00e4rgmisele lehele, kust tuleb otsida\u00a0University of Tartu\u00a0ning vajutada\u00a0Sign\u00a0In.\u00a0\u00a0 \u00a0 \u00a0<\/p>\n","protected":false},"author":78,"featured_media":0,"parent":0,"menu_order":0,"comment_status":"closed","ping_status":"closed","template":"","meta":{"_acf_changed":false,"inline_featured_image":false,"footnotes":""},"class_list":["post-6","page","type-page","status-publish","hentry"],"acf":[],"_links":{"self":[{"href":"https:\/\/sisu.ut.ee\/dmponline\/wp-json\/wp\/v2\/pages\/6","targetHints":{"allow":["GET"]}}],"collection":[{"href":"https:\/\/sisu.ut.ee\/dmponline\/wp-json\/wp\/v2\/pages"}],"about":[{"href":"https:\/\/sisu.ut.ee\/dmponline\/wp-json\/wp\/v2\/types\/page"}],"author":[{"embeddable":true,"href":"https:\/\/sisu.ut.ee\/dmponline\/wp-json\/wp\/v2\/users\/78"}],"replies":[{"embeddable":true,"href":"https:\/\/sisu.ut.ee\/dmponline\/wp-json\/wp\/v2\/comments?post=6"}],"version-history":[{"count":1,"href":"https:\/\/sisu.ut.ee\/dmponline\/wp-json\/wp\/v2\/pages\/6\/revisions"}],"predecessor-version":[{"id":30,"href":"https:\/\/sisu.ut.ee\/dmponline\/wp-json\/wp\/v2\/pages\/6\/revisions\/30"}],"wp:attachment":[{"href":"https:\/\/sisu.ut.ee\/dmponline\/wp-json\/wp\/v2\/media?parent=6"}],"curies":[{"name":"wp","href":"https:\/\/api.w.org\/{rel}","templated":true}]}}