{"id":3,"date":"2024-04-04T02:01:10","date_gmt":"2024-04-03T23:01:10","guid":{"rendered":"https:\/\/sisu.ut.ee\/dmponline\/andmehaldusplaani-jagamine\/"},"modified":"2024-04-04T02:01:14","modified_gmt":"2024-04-03T23:01:14","slug":"andmehaldusplaani-jagamine","status":"publish","type":"page","link":"https:\/\/sisu.ut.ee\/dmponline\/andmehaldusplaani-jagamine\/","title":{"rendered":"Andmehaldusplaani jagamine"},"content":{"rendered":"<p><!--break--><\/p>\n<p>Olemasolevat andmehaldusplaani saab jagada teistega v\u00f5i koostada seda algusest peale mitmekesi. Teistele jagamiseks on kolm taset:<\/p>\n<ul>\n<li>\u00f5igus vaadata<\/li>\n<li>\u00f5igus toimetada, st. lisada teksti<\/li>\n<li>olla kaasomanik, st. lisaks toimetamisele jagada \u00f5igusi<\/li>\n<\/ul>\n<p>Andmehaldusplaani omanikuna sisestad vastavasse kasti nende meiliaadressid, kellega soovid plaani jagada, m\u00e4\u00e4rad \u00f5igused ja saategi koos edasi t\u00f6\u00f6tada.<\/p>\n<p>Kutsutud saavad e-meili vastava infoga, kuid selleks, et n\u00e4ha andmehaldusplaani, peavad nad olema samuti registreeritud DMPonline keskkonda. Sama kehtib, kui \u00f5iguste taset muudetakse.<\/p>\n","protected":false},"excerpt":{"rendered":"<p>Olemasolevat andmehaldusplaani saab jagada teistega v\u00f5i koostada seda algusest peale mitmekesi. Teistele jagamiseks on kolm taset: \u00f5igus vaadata \u00f5igus toimetada, st. lisada teksti olla kaasomanik, st. lisaks toimetamisele jagada \u00f5igusi Andmehaldusplaani omanikuna sisestad vastavasse kasti nende meiliaadressid, kellega soovid plaani &#8230;<\/p>\n","protected":false},"author":78,"featured_media":0,"parent":0,"menu_order":0,"comment_status":"closed","ping_status":"closed","template":"","meta":{"_acf_changed":false,"inline_featured_image":false,"footnotes":""},"class_list":["post-3","page","type-page","status-publish","hentry"],"acf":[],"_links":{"self":[{"href":"https:\/\/sisu.ut.ee\/dmponline\/wp-json\/wp\/v2\/pages\/3","targetHints":{"allow":["GET"]}}],"collection":[{"href":"https:\/\/sisu.ut.ee\/dmponline\/wp-json\/wp\/v2\/pages"}],"about":[{"href":"https:\/\/sisu.ut.ee\/dmponline\/wp-json\/wp\/v2\/types\/page"}],"author":[{"embeddable":true,"href":"https:\/\/sisu.ut.ee\/dmponline\/wp-json\/wp\/v2\/users\/78"}],"replies":[{"embeddable":true,"href":"https:\/\/sisu.ut.ee\/dmponline\/wp-json\/wp\/v2\/comments?post=3"}],"version-history":[{"count":1,"href":"https:\/\/sisu.ut.ee\/dmponline\/wp-json\/wp\/v2\/pages\/3\/revisions"}],"predecessor-version":[{"id":27,"href":"https:\/\/sisu.ut.ee\/dmponline\/wp-json\/wp\/v2\/pages\/3\/revisions\/27"}],"wp:attachment":[{"href":"https:\/\/sisu.ut.ee\/dmponline\/wp-json\/wp\/v2\/media?parent=3"}],"curies":[{"name":"wp","href":"https:\/\/api.w.org\/{rel}","templated":true}]}}