{"id":15,"date":"2024-04-04T05:47:17","date_gmt":"2024-04-04T02:47:17","guid":{"rendered":"https:\/\/sisu.ut.ee\/digipadevus\/opivara-konkurss\/"},"modified":"2024-04-12T16:01:59","modified_gmt":"2024-04-12T13:01:59","slug":"opivara-konkurss","status":"publish","type":"page","link":"https:\/\/sisu.ut.ee\/digipadevus\/opivara-konkurss\/","title":{"rendered":"\u00f5pivara konkurss"},"content":{"rendered":"<h3>\u00d5pivara konkurss<\/h3>\n<p>Kutsume \u00fclikooli \u00fcli\u00f5pilasi ja t\u00f6\u00f6tajaid osalema digip\u00e4devuse \u00f5pivara konkursil! Selle eesm\u00e4rk on tuua T\u00dc digip\u00e4devuse lehestikku \u00fcldiseid ja erinevate erialade praktilisi n\u00e4iteid, toetamaks digip\u00e4devuse omandamist ja arengut ning t\u00f5stmaks esile parimaid praktikaid ja nende rakendajaid. Konkursile on oodatud igasugused t\u00f6\u00f6d, mille keskne kriteerium on olla digip\u00e4devuse arengut toetav ja paeluv. T\u00f6\u00f6 v\u00f5ib olla suur v\u00f5i v\u00e4ike, \u00fcldine v\u00f5i spetsiifiline, eesti- v\u00f5i ingliskeelne. \u017d\u00fcriil on suur valikuvabadus tunnustada v\u00e4ga erinevatesse kategooriatesse liigituvaid t\u00f6id, nii et peamine soovitus osalejatele on valmistada midagi sellist, mida isiklikult oluliseks peate, ning teha seda n\u00f5nda, et teistel oleks huvi loodud \u00f5pivara uurida ja m\u00e4rkamatult uusi teadmisi ja oskuseid omandada! Konkursi auhinnafond on 1000 eurot ning k\u00f5iki sobivaid t\u00f6id rakendatakse \u00fclikooli digip\u00e4devuse lehestikus (https:\/\/sisu.ut.ee\/digipadevus) kogu \u00fclikoolipere teadmiste ja oskuste toetamise huvides!<\/p>\n<p>Kevadel 2021 on konkurss avatud 12.04 \u2013 16.05. T\u00f6\u00f6de esitamise vorm:\u00a0<a title=\"\" href=\"https:\/\/sisu.ut.ee\/digipadevus\/webform\/opivara-konkursi-vorm\" data-url=\"https:\/\/sisu.ut.ee\/digipadevus\/webform\/opivara-konkursi-vorm\">https:\/\/sisu.ut.ee\/digipadevus\/webform\/opivara-konkursi-vorm<\/a><\/p>\n<p>Konkurssi puudutavad k\u00fcsimused ja info: Marge Kusmin (marge.kusmin@ut.ee).<\/p>\n<p><\/p><div class=\"accordion mb-3\">\n        <div class=\"accordion-item accordion-item--white\">\n        <h2 class=\"accordion-header\" id=\"accordion-69f51f08ba36c-heading\">\n            <button class=\"accordion-button collapsed\" type=\"button\" data-bs-toggle=\"collapse\" data-bs-target=\"#accordion-69f51f08ba36c-collapse\" aria-expanded=\"true\" aria-controls=\"accordion-69f51f08ba36c-collapse\">KONKURSI STATUUT<\/button>\n        <\/h2>\n        <div id=\"accordion-69f51f08ba36c-collapse\" class=\"accordion-collapse collapse\" aria-labelledby=\"accordion-69f51f08ba36c-heading\">\n            <div class=\"accordion-body\">\n<p id=\"docs-internal-guid-70ae2654-7fff-b17e-9196-fab988eea314\" dir=\"ltr\">Konkursi eesm\u00e4rgid<\/p>\n<ul>\n<li>Toetada digip\u00e4devuse omandamist ja arengut T\u00dc \u00fcli\u00f5pilaste ja t\u00f6\u00f6tajate hulgas;<\/li>\n<li dir=\"ltr\" role=\"presentation\">T\u00f5sta esile digip\u00e4devuse arendamise parimaid praktikaid ja nende rakendajaid;<\/li>\n<li dir=\"ltr\" role=\"presentation\">T\u00e4iendada T\u00dc digip\u00e4devuse lehestikku (<a href=\"https:\/\/sisu.ut.ee\/digipadevus\">https:\/\/sisu.ut.ee\/digipadevus<\/a>) erinevate erialade digip\u00e4devuse n\u00e4idetega.<\/li>\n<\/ul>\n<p dir=\"ltr\">Osalemise tingimused<\/p>\n<ul>\n<li dir=\"ltr\" role=\"presentation\">Konkursil on oodatud osalema nii T\u00dc \u00fcli\u00f5pilased kui t\u00f6\u00f6tajad;<\/li>\n<li dir=\"ltr\" role=\"presentation\">Konkursile esitataval t\u00f6\u00f6l v\u00f5ib olla mitu autorit;<\/li>\n<li dir=\"ltr\" style=\"line-height: 1.38;\" role=\"presentation\">Konkursile esitatav t\u00f6\u00f6 peab olema relevantne ja kaasaegne;<\/li>\n<li dir=\"ltr\" style=\"line-height: 1.38;\" role=\"presentation\">Konkursile v\u00f5ib esitada eesti- ning ingliskeelseid t\u00f6id;<\/li>\n<li dir=\"ltr\" style=\"line-height: 1.38;\" role=\"presentation\">Konkursit\u00f6\u00f6 esitamine toimub konkursilehel oleva vormi kaudu;<\/li>\n<li dir=\"ltr\" style=\"line-height: 1.38;\" role=\"presentation\">Konkursile on eelistatult oodatud juba teostatud ideed, aga \u017e\u00fcrii v\u00f5ib kaaluda ka ideede kirjeldusi);<\/li>\n<li dir=\"ltr\" style=\"line-height: 1.38;\" role=\"presentation\">Autor(id) ei sea konkursile esitatud \u00f5ppevara kasutamise osas piiranguid;<\/li>\n<li dir=\"ltr\">\n<p dir=\"ltr\" style=\"line-height: 1.38; margin-top: 0pt; margin-bottom: 0pt;\" role=\"presentation\">Konkursile esitatud t\u00f6\u00f6d peavad olema nende loomiseks kasutatud keskkonnast eksporditavad nii, et nende kasutamine \u00fclikoolis ei s\u00f5ltuks keskkonnast ega autorist;<\/p>\n<\/li>\n<li dir=\"ltr\">\n<p dir=\"ltr\" style=\"line-height: 1.38; margin-top: 0pt; margin-bottom: 0pt;\" role=\"presentation\">Konkursit\u00f6\u00f6de vormistamisel on soovitatav rakendada kerget kasutatavust tagavaid formaate (nt h5p).<\/p>\n<\/li>\n<\/ul>\n<p dir=\"ltr\">Hindamise kord ja kriteeriumid<\/p>\n<ul>\n<li dir=\"ltr\" role=\"presentation\">Konkursile esitatud t\u00f6\u00f6de hindamiseks kutsub konkursi korraldaja kokku vabatahtliku v\u00e4hemalt viieliikmelise \u017e\u00fcrii, kuhu kuuluvad \u00fcli\u00f5pilasesinduse, iga valdkonna \u00f5ppej\u00f5udude ning \u00f5ppeosakonna esindajad;<\/li>\n<li dir=\"ltr\" role=\"presentation\">Esilet\u00f5stetavate t\u00f6\u00f6de valimise t\u00e4psema korralduse otsustab \u017e\u00fcrii konsensuslikult konkursi korraldaja ettepanekul ning l\u00e4htuvalt esitatud t\u00f6\u00f6de t\u00fcpaa\u017eist; t\u00e4helepanu p\u00f6\u00f6ratakse nii erineva mahu kui keerukuse tasemega (nt \u00fcld- versus erialane digip\u00e4devus) ning nii \u00fcli\u00f5pilaste kui t\u00f6\u00f6tajate esitatud t\u00f6\u00f6dele;<\/li>\n<li dir=\"ltr\">\n<p dir=\"ltr\" role=\"presentation\">Konkursile esitatud t\u00f6\u00f6de hindamisel arvestab \u017e\u00fcrii selle<\/p>\n<ul>\n<li dir=\"ltr\">\n<p dir=\"ltr\" role=\"presentation\">sisukust ja terviklikkust \u2013 kuiv\u00f5rd toetab loodud \u00f5ppevara digip\u00e4devuse m\u00f5ne konkreetse aspekti arendamist kas iseseisvalt v\u00f5i \u00f5ppemetoodilise vahendina;<\/p>\n<\/li>\n<li dir=\"ltr\">\n<p dir=\"ltr\" role=\"presentation\">uuenduslikkust: kuiv\u00f5rd t\u00e4iendab loodud \u00f5ppevara digip\u00e4devuse lehestikus juba olemasolevaid materjale;<\/p>\n<\/li>\n<li dir=\"ltr\">\n<p dir=\"ltr\" role=\"presentation\">rakenduslikkust: kuiv\u00f5rd praktiline on loodud \u00f5ppevara erinevate \u00f5ppekavade vajaduste seisukohalt;<\/p>\n<\/li>\n<li dir=\"ltr\">\n<p dir=\"ltr\" role=\"presentation\">mahtu: kuiv\u00f5rd mahuka ja p\u00f5hjaliku v\u00f5i laiap\u00f5hjalise materjaliga tegemist on.<\/p>\n<\/li>\n<\/ul>\n<\/li>\n<li dir=\"ltr\" role=\"presentation\">\u017d\u00fcriil on \u00f5igus k\u00fcsida t\u00f6\u00f6 autori(te)lt asjassepuutuvat lisateavet ning kolmandate osapoolte arvamust.<\/li>\n<li dir=\"ltr\" role=\"presentation\">\u017d\u00fcrii avalikustab konkursitulemused s\u00f5ltuvalt esitatud t\u00f6\u00f6de hulgast v\u00f5imalikult kiiresti, ent mitte hiljem kui 1 kuu p\u00e4rast konkursiperioodi l\u00f5ppu.<\/li>\n<\/ul>\n<p dir=\"ltr\">V\u00f5itjate v\u00e4ljakuulutamine ja tunnustamine<\/p>\n<ul style=\"margin-top: 0; margin-bottom: 0; padding-inline-start: 48px;\">\n<li dir=\"ltr\">\n<p dir=\"ltr\" style=\"line-height: 1.38; margin-top: 0pt; margin-bottom: 0pt;\" role=\"presentation\">Konkursi igakordne auhinnafond on 1000 eurot; k\u00f5igi osalejate vahel loositakse \u00fclikooli s\u00fcmboolikaga esemeid.<\/p>\n<\/li>\n<li dir=\"ltr\">\n<p dir=\"ltr\" style=\"line-height: 1.38; margin-top: 0pt; margin-bottom: 0pt;\" role=\"presentation\">Konkursi auhinnafondi jagamise, sealhulgas auhinnatavate t\u00f6\u00f6de arvu ja kategooriad otsustab \u017e\u00fcrii. Soovi ja v\u00f5imaluse korral v\u00f5ivad \u017e\u00fcrii liikmed lisavahendeid kaasates auhinnafondi suurendada;<\/p>\n<\/li>\n<li dir=\"ltr\">\n<p dir=\"ltr\" style=\"line-height: 1.38; margin-top: 0pt; margin-bottom: 0pt;\" role=\"presentation\">Konkursi v\u00f5itjad avalikustatakse \u00fclikooli veebilehel, \u00fcli\u00f5pilaste ja t\u00f6\u00f6tajate infokirjades ning \u00fclikooli ja \u00fcli\u00f5pilasesinduse sotsiaalmeedias \u00fcks kuu p\u00e4rast konkursi l\u00f5ppu;<\/p>\n<\/li>\n<li dir=\"ltr\">\n<p dir=\"ltr\" style=\"line-height: 1.38; margin-top: 0pt; margin-bottom: 0pt;\" role=\"presentation\">Konkursi v\u00f5idut\u00f6\u00f6d ning teised esilet\u00f5stetud t\u00f6\u00f6d avalikustatakse T\u00dc digip\u00e4devuse lehestikus ning neid kasutatakse \u00fclikooli digip\u00e4devuse-alases kommunikatsioonis.<\/p><\/li><\/ul><\/div>\n        <\/div>\n        <\/div>\n    <\/div>\n\n\n<p>\u00a0<\/p>\n<h3>\u00d5pivara n\u00e4ited<\/h3>\n<p>Siia koondatud \u00f5pivara n\u00e4ited p\u00e4rinevad ainekursusel \u201cDigikodanik info\u00fchiskonnas\u201d 2020\/21 s\u00fcgissemestril osalenud \u00fcli\u00f5pilastelt ning on jagatud autorite n\u00f5usolekul. Need on jaotatud digip\u00e4devuse viie teema vahel, mis struktureerivad ka k\u00e4esolevat lehestikku.<\/p>\n<p><\/p><div class=\"accordion mb-3\">\n        <div class=\"accordion-item accordion-item--white\">\n        <h2 class=\"accordion-header\" id=\"accordion-69f51f08ba377-heading\">\n            <button class=\"accordion-button collapsed\" type=\"button\" data-bs-toggle=\"collapse\" data-bs-target=\"#accordion-69f51f08ba377-collapse\" aria-expanded=\"true\" aria-controls=\"accordion-69f51f08ba377-collapse\">Infokirjaoskus<\/button>\n        <\/h2>\n        <div id=\"accordion-69f51f08ba377-collapse\" class=\"accordion-collapse collapse\" aria-labelledby=\"accordion-69f51f08ba377-heading\">\n            <div class=\"accordion-body\">\n<p style=\"text-align: center;\"><\/p><div class=\"ratio ratio-16x9 mb-3\"><div class=\"video-placeholder-wrapper video-placeholder-wrapper--16x9\">\n\t\t\t    <div class=\"video-placeholder d-flex justify-content-center align-items-center\">\n\t\t\t        <div class=\"overlay text-white p-2 w-100 text-center d-block justify-content-center align-items-center\">\n\t\t\t            <div>Kolmandate osapoolte sisu n\u00e4gemiseks palun n\u00f5ustu k\u00fcpsistega.<\/div>\n\t\t\t            <button class=\"btn btn-secondary btn-sm mt-1 consent-change\">Muuda n\u00f5usolekut<\/button>\n\t\t\t        <\/div>\n\t\t\t    <\/div>\n\t\t\t<\/div>\n<\/div>\n<p style=\"text-align: center;\"><strong>Kuidas info usaldusva\u0308a\u0308rsust hinnata (autor: Laura Kiili)<\/strong><\/p>\n<hr>\n<p style=\"text-align: center;\">\u00a0<\/p>\n\n\n<div class=\"h5p-content\" data-content-id=\"28\"><\/div>\n\n\n<p style=\"text-align: center;\"><strong>Info ja sisu talletamise strateegiad (autor: Sigrid Nahk)<\/strong><\/p>\n<hr>\n<p style=\"text-align: center;\">\u00a0<\/p>\n\n\n<div class=\"h5p-content\" data-content-id=\"24\"><\/div>\n\n\n\n<p style=\"text-align: center\">\n\t<strong>Juhis TU\u0308 u\u0308lio\u0303pilastele o\u0303ppeinfosu\u0308steemis (O\u0303IS) o\u0303ppeainetega tutvumiseks ja registreerumiseks (autor: Sander Ma\u0308ndoja)<\/strong>\n<\/p>\n<p>\n\t<\/p><\/div>\n        <\/div>\n        <\/div>\n    <\/div>\n\n<p>\n\t<\/p><div class=\"accordion mb-3\">\n        <div class=\"accordion-item accordion-item--white\">\n        <h2 class=\"accordion-header\" id=\"accordion-69f51f08ba37b-heading\">\n            <button class=\"accordion-button collapsed\" type=\"button\" data-bs-toggle=\"collapse\" data-bs-target=\"#accordion-69f51f08ba37b-collapse\" aria-expanded=\"true\" aria-controls=\"accordion-69f51f08ba37b-collapse\">Identiteet, suhtlemine ja koost\u00f6\u00f6<\/button>\n        <\/h2>\n        <div id=\"accordion-69f51f08ba37b-collapse\" class=\"accordion-collapse collapse\" aria-labelledby=\"accordion-69f51f08ba37b-heading\">\n            <div class=\"accordion-body\">\n\n<p style=\"text-align: center\">\n\n\n<\/p><div class=\"h5p-content\" data-content-id=\"3\"><\/div>\n\n\n<p style=\"text-align: center;\"><strong>Kuidas luua enda vajadustele vastav digitaalne profiil (autor: Lauri Habakuk)<\/strong><\/p>\n<hr>\n<p style=\"text-align: center;\">\u00a0<\/p>\n\n\n<div class=\"h5p-content\" data-content-id=\"25\"><\/div>\n\n\n<p style=\"text-align: center;\"><strong>Piirkondlikud erinevused internetis (autor: Piret Sommer)<\/strong><\/p>\n<hr>\n<p style=\"text-align: center;\">\u00a0<\/p>\n\n\n<div class=\"h5p-content\" data-content-id=\"2\"><\/div>\n\n\n<p style=\"text-align: center;\"><strong>Kuidas kujundada kuvandit kuvaril \u2013 ehk oma digitaalse identiteedi ja jalaj\u00e4lje korrastamine (autor: Kristin Kontro)<\/strong><\/p>\n<hr>\n<p style=\"text-align: center;\">\u00a0<\/p>\n\n\n<div class=\"h5p-content\" data-content-id=\"29\"><\/div>\n\n\n<p style=\"text-align: center;\"><strong>Tehnoloogiliste vahendite kasutamine kodanikuaktiivsuse v\u00e4ljendamiseks (autor: Kadi-Liis Peiponen)<\/strong><\/p>\n<p><\/p><\/div>\n        <\/div>\n        <\/div>\n    <\/div>\n<p><\/p><div class=\"accordion mb-3\">\n        <div class=\"accordion-item accordion-item--white\">\n        <h2 class=\"accordion-header\" id=\"accordion-69f51f08ba37e-heading\">\n            <button class=\"accordion-button collapsed\" type=\"button\" data-bs-toggle=\"collapse\" data-bs-target=\"#accordion-69f51f08ba37e-collapse\" aria-expanded=\"true\" aria-controls=\"accordion-69f51f08ba37e-collapse\">Looming ja autorikaitse<\/button>\n        <\/h2>\n        <div id=\"accordion-69f51f08ba37e-collapse\" class=\"accordion-collapse collapse\" aria-labelledby=\"accordion-69f51f08ba37e-heading\">\n            <div class=\"accordion-body\">\n<p style=\"text-align: center;\">\u00a0<\/p>\n\n\n<div class=\"h5p-content\" data-content-id=\"32\"><\/div>\n\n\n<p style=\"text-align: center;\"><strong>Mida viitamine meile lugejatena annab (autor: Maia Kerman)<\/strong><\/p>\n<hr>\n<p style=\"text-align: center;\">\u00a0<\/p>\n\n\n<div class=\"h5p-content\" data-content-id=\"12\"><\/div>\n\n\n<p style=\"text-align: center;\"><strong>Audiovisuaalse materjali to\u0308o\u0308tlemine iMovie rakendusega (autor: Indra Suvi)<\/strong><\/p>\n<hr>\n<p style=\"text-align: center;\">\u00a0<\/p>\n\n\n<div class=\"h5p-content\" data-content-id=\"31\"><\/div>\n\n\n\n<p style=\"text-align: center\">\n\t<strong>Kuidas koostada ja levitada uudiskirja (autor: Triinu Harro)<\/strong>\n<\/p>\n<p>\n\t<\/p><\/div>\n        <\/div>\n        <\/div>\n    <\/div>\n\n<p>\n\t<\/p><div class=\"accordion mb-3\">\n        <div class=\"accordion-item accordion-item--white\">\n        <h2 class=\"accordion-header\" id=\"accordion-69f51f08ba381-heading\">\n            <button class=\"accordion-button collapsed\" type=\"button\" data-bs-toggle=\"collapse\" data-bs-target=\"#accordion-69f51f08ba381-collapse\" aria-expanded=\"true\" aria-controls=\"accordion-69f51f08ba381-collapse\">Kaitstus<\/button>\n        <\/h2>\n        <div id=\"accordion-69f51f08ba381-collapse\" class=\"accordion-collapse collapse\" aria-labelledby=\"accordion-69f51f08ba381-heading\">\n            <div class=\"accordion-body\">\n\n<p style=\"text-align: center\">\n\n\n<\/p><div class=\"h5p-iframe-wrapper\"><div class=\"video-placeholder-wrapper video-placeholder-wrapper--fixed\" style=\"height: 366px;\">\n\t\t\t    <div class=\"video-placeholder d-flex justify-content-center align-items-center\">\n\t\t\t        <div class=\"overlay text-white p-2 w-100 text-center d-block justify-content-center align-items-center\">\n\t\t\t            <div>Kolmandate osapoolte sisu n\u00e4gemiseks palun n\u00f5ustu k\u00fcpsistega.<\/div>\n\t\t\t            <button class=\"btn btn-secondary btn-sm mt-1 consent-change\">Muuda n\u00f5usolekut<\/button>\n\t\t\t        <\/div>\n\t\t\t    <\/div>\n\t\t\t<\/div>\n<\/div>\n\n\n<p style=\"text-align: center;\"><strong>Kuidas kaitsed oma nutiseadet (autor: Astrid Org)<\/strong><\/p>\n<hr>\n<p style=\"text-align: center;\">\u00a0<\/p>\n\n\n<div class=\"h5p-content\" data-content-id=\"13\"><\/div>\n\n\n<p style=\"text-align: center;\"><strong>Kuidas piirata oma liikumise ja\u0308lgimist Apple seadmetes ja Google kontol (autor: Ann Marii Na\u0308rska)<\/strong><\/p>\n<hr>\n<p style=\"text-align: center;\">\u00a0<\/p>\n\n\n<div class=\"h5p-content\" data-content-id=\"16\"><\/div>\n\n\n<p style=\"text-align: center;\"><strong>Veebik\u00fcpsiste 101 (Ku\u0308psiste 101 (autor: Lisanna Ma\u0308nnilaan)<\/strong><\/p>\n<hr>\n<p style=\"text-align: center;\">\u00a0<\/p>\n\n\n<div class=\"h5p-content\" data-content-id=\"4\"><\/div>\n\n\n<p style=\"text-align: center;\"><strong>Kuidas ja milleks va\u0308hendada e-ja\u0308a\u0308tmeid (autor: Eliise Evartov)<\/strong><\/p>\n<hr>\n<p style=\"text-align: center;\">\u00a0<\/p>\n\n\n<div class=\"h5p-content\" data-content-id=\"21\"><\/div>\n\n\n\n<p style=\"text-align: center\">\n\t<strong>Kuidas tulla toime nutis\u00f5ltuvusega (autor:\u00a0Jaanika Umalas)<\/strong>\n<\/p>\n<p>\n\t<\/p><\/div>\n        <\/div>\n        <\/div>\n    <\/div>\n\n<p>\n\t<\/p><div class=\"accordion mb-3\">\n        <div class=\"accordion-item accordion-item--white\">\n        <h2 class=\"accordion-header\" id=\"accordion-69f51f08ba383-heading\">\n            <button class=\"accordion-button collapsed\" type=\"button\" data-bs-toggle=\"collapse\" data-bs-target=\"#accordion-69f51f08ba383-collapse\" aria-expanded=\"true\" aria-controls=\"accordion-69f51f08ba383-collapse\">Digilahenduste kasutamine<\/button>\n        <\/h2>\n        <div id=\"accordion-69f51f08ba383-collapse\" class=\"accordion-collapse collapse\" aria-labelledby=\"accordion-69f51f08ba383-heading\">\n            <div class=\"accordion-body\">\n\n<p style=\"text-align: center\">\n\n\n<\/p><div class=\"h5p-content\" data-content-id=\"6\"><\/div>\n\n\n<p style=\"text-align: center;\"><strong>Gmaili funktsioonide seadistamine (autor: Georg Vann)<\/strong><\/p>\n<p><\/p><\/div>\n        <\/div>\n        <\/div>\n    <\/div>","protected":false},"excerpt":{"rendered":"<p>\u00d5pivara konkurss Kutsume \u00fclikooli \u00fcli\u00f5pilasi ja t\u00f6\u00f6tajaid osalema digip\u00e4devuse \u00f5pivara konkursil! Selle eesm\u00e4rk on tuua T\u00dc digip\u00e4devuse lehestikku \u00fcldiseid ja erinevate erialade praktilisi n\u00e4iteid, toetamaks digip\u00e4devuse omandamist ja arengut ning t\u00f5stmaks esile parimaid praktikaid ja nende rakendajaid. Konkursile on oodatud &#8230;<\/p>\n","protected":false},"author":9,"featured_media":0,"parent":0,"menu_order":0,"comment_status":"closed","ping_status":"closed","template":"","meta":{"_acf_changed":false,"inline_featured_image":false,"footnotes":""},"class_list":["post-15","page","type-page","status-publish","hentry"],"acf":[],"_links":{"self":[{"href":"https:\/\/sisu.ut.ee\/digipadevus\/wp-json\/wp\/v2\/pages\/15","targetHints":{"allow":["GET"]}}],"collection":[{"href":"https:\/\/sisu.ut.ee\/digipadevus\/wp-json\/wp\/v2\/pages"}],"about":[{"href":"https:\/\/sisu.ut.ee\/digipadevus\/wp-json\/wp\/v2\/types\/page"}],"author":[{"embeddable":true,"href":"https:\/\/sisu.ut.ee\/digipadevus\/wp-json\/wp\/v2\/users\/9"}],"replies":[{"embeddable":true,"href":"https:\/\/sisu.ut.ee\/digipadevus\/wp-json\/wp\/v2\/comments?post=15"}],"version-history":[{"count":18,"href":"https:\/\/sisu.ut.ee\/digipadevus\/wp-json\/wp\/v2\/pages\/15\/revisions"}],"predecessor-version":[{"id":230,"href":"https:\/\/sisu.ut.ee\/digipadevus\/wp-json\/wp\/v2\/pages\/15\/revisions\/230"}],"wp:attachment":[{"href":"https:\/\/sisu.ut.ee\/digipadevus\/wp-json\/wp\/v2\/media?parent=15"}],"curies":[{"name":"wp","href":"https:\/\/api.w.org\/{rel}","templated":true}]}}