{"id":7,"date":"2024-04-04T05:45:22","date_gmt":"2024-04-04T02:45:22","guid":{"rendered":"https:\/\/sisu.ut.ee\/digiefekt\/projekti-meeskond\/"},"modified":"2024-04-09T11:50:25","modified_gmt":"2024-04-09T08:50:25","slug":"projekti-meeskond","status":"publish","type":"page","link":"https:\/\/sisu.ut.ee\/digiefekt\/projekti-meeskond\/","title":{"rendered":"Projektimeeskond"},"content":{"rendered":"<p style=\"text-align: justify;\">Vastutav t\u00e4itja: Margus Pedaste<\/p>\n<p style=\"text-align: justify;\">P\u00f5hit\u00e4itjad: \u00c4li Leijen, Evelyn Kiive, Krista Uibu<\/p>\n<p style=\"text-align: justify;\">T\u00e4itjad: Ilona V\u00f5ik, Triinu K\u00e4rbla, Katrin Saks, Gerli Silm, Aleksandar Baucal, Piret Einpaul, Meeli Rannastu-Avalos, Marje Johanson, Maarja S\u00f5rmus, Tea Ausin, Kenn Konstabel, Doris Kristina Raave, Kristi Palk, Meriliis Kasemets, Marit Puusepp, K\u00fclli Kallas, Leo Siiman, Yaroslav Opanasenko, Gady P\u00e4hklem\u00e4e, Triinu P\u00e4\u00e4sik, K\u00f5ue Heintalu<\/p>\n<p style=\"text-align: justify;\">Koolide tagasiside andmisel kaasati Aleksandre Bregadze<\/p>\n<p style=\"text-align: justify;\">Andmete kogumisel kaasati Alge Ilosaar, Laivi Laanemets, Mailen Remmelg, Kersti Veskus, Maarja Pertel, Maarika P\u00e4hklem\u00e4e, Roman Sten T\u00f5nissoo, Triin Kivisikk, Anette Siinvert, Lili J\u00fcrisoo<\/p>\n<p style=\"text-align: justify;\"><strong>Projekti finantseeris Haridus- ja Teadusministeerium, projekti tunnuskood DIGIVARA5 \u201eDigiEfekt: Digitaalse \u00f5ppevara kasutamise m\u00f5ju \u00f5ppimisele ja \u00f5petamisele Eesti p\u00f5hihariduse n\u00e4itel (01.05.2020\u221230.04.2023)<\/strong>.<\/p>\n<p style=\"text-align: justify;\">\n<\/p><p style=\"text-align: justify;\">Projektis osalevad <strong>koost\u00f6\u00f6partneritena j\u00e4rgnevad koolid:\u00a0<\/strong><\/p>\n<table class=\"table table-hover\">\n<tbody>\n<tr>\n<td>P\u00e4rnu Mai kool<\/td>\n<td><a href=\"https:\/\/www.maikool.parnu.ee\/mai2\/\" target=\"_blank\" rel=\"noopener\">https:\/\/www.maikool.parnu.ee\/mai2\/<\/a><\/td>\n<\/tr>\n<tr>\n<td>P\u00e4rnu Raek\u00fcla Kool<\/td>\n<td><a href=\"https:\/\/www.raekyla.parnu.ee\/\" target=\"_blank\" rel=\"noopener\">https:\/\/www.raekyla.parnu.ee\/<\/a><\/td>\n<\/tr>\n<tr>\n<td>Tallinna Vaba Waldorfkool<\/td>\n<td><a href=\"https:\/\/tallinn.waldorf.ee\/\" target=\"_blank\" rel=\"noopener\">https:\/\/tallinn.waldorf.ee\/<\/a><\/td>\n<\/tr>\n<tr>\n<td>Tallinna J\u00e4rveotsa G\u00fcmnaasium<\/td>\n<td><a href=\"https:\/\/www.jarveotsa.ee\/\" target=\"_blank\" rel=\"noopener\">https:\/\/www.jarveotsa.ee\/<\/a><\/td>\n<\/tr>\n<tr>\n<td>Tallinna Saksa G\u00fcmnaasium<\/td>\n<td><a href=\"https:\/\/saksa.tln.edu.ee\/\" target=\"_blank\" rel=\"noopener\">https:\/\/saksa.tln.edu.ee\/<\/a><\/td>\n<\/tr>\n<tr>\n<td>Tallinna N\u00f5mme G\u00fcmnaasium<\/td>\n<td><a title=\"https:\/\/tng.ee\/NG\/index.php\" href=\"https:\/\/tng.ee\/\" target=\"_blank\" rel=\"noopener\">https:\/\/tng.ee\/<\/a><\/td>\n<\/tr>\n<tr>\n<td>S\u00f5meru P\u00f5hikool<\/td>\n<td><a href=\"https:\/\/www.someru.edu.ee\/\" target=\"_blank\" rel=\"noopener\">https:\/\/www.someru.edu.ee\/<\/a><\/td>\n<\/tr>\n<tr>\n<td>Tabivere P\u00f5hikool<\/td>\n<td><a href=\"http:\/\/www.tabivere.edu.ee\/et\" target=\"_blank\" rel=\"noopener\">http:\/\/www.tabivere.edu.ee\/et<\/a><\/td>\n<\/tr>\n<tr>\n<td>Tartu Katoliku Hariduskeskus<\/td>\n<td><a href=\"https:\/\/katoliku.edu.ee\/esileht\" target=\"_blank\" rel=\"noopener\">https:\/\/katoliku.edu.ee\/esileht<\/a><\/td>\n<\/tr>\n<tr>\n<td>Tartu Erakool<\/td>\n<td><a href=\"https:\/\/tartuerakool.ee\/\" target=\"_blank\" rel=\"noopener\">https:\/\/tartuerakool.ee\/<\/a><\/td>\n<\/tr>\n<tr>\n<td>Tallinna \u00dchisg\u00fcmnaasium<\/td>\n<td><a href=\"https:\/\/www.tyhg.edu.ee\/\" target=\"_blank\" rel=\"noopener\">https:\/\/www.tyhg.edu.ee\/\u00a0<\/a><\/td>\n<\/tr>\n<tr>\n<td>V\u00f5nnu Keskkool<\/td>\n<td><a href=\"https:\/\/www.vonnu.edu.ee\/\" target=\"_blank\" rel=\"noopener\">https:\/\/www.vonnu.edu.ee\/<\/a><\/td>\n<\/tr>\n<tr>\n<td>J\u00f5\u00f5pre kool<\/td>\n<td><span style=\"cursor: pointer; background-position: 0px0px;\"><span style=\"text-decoration: none;\"><a style=\"cursor: pointer;\" href=\"https:\/\/www.jooprepk.ee\/\" target=\"_blank\" rel=\"noopener\">https:\/\/www.jooprepk.ee\/<\/a><\/span><\/span><\/td>\n<\/tr>\n<\/tbody>\n<\/table>\n<p style=\"text-align: justify;\">Projekti koost\u00f6\u00f6partneriteks on ka Haridus- ja Noorteamet, kellega koost\u00f6\u00f6s viime l\u00e4bi mitmeid teste Eksamiste infos\u00fcsteemis ning\u00a0Starcloud O\u00dc, kellega koost\u00f6\u00f6s saame kasutada osalevate koolide \u00f5pilaste andmeid Opiqu keskkonna kasutamisest.<\/p>\n<p style=\"text-align: justify;\">\n<strong>Haridus- ja Teadusministeerium on moodustanud projekti monitooriva ja vajadusel n\u00f5ustava juhtkomisjoni:<\/strong><\/p>\n<p style=\"text-align: start;\">Kersti K\u00f5iv (HTM), Kaisa Musting (HTM), Margus P\u00fc\u00fca (HTM), Aivar Ots (Harno), Urmo Uiboleht (HESA, T\u00e4he Tera kool),\u00a0Margit Timakov (Eesti \u00d5petajate Liit), Mart Kimmel (Eesti Haridustehnoloogide Liit), M\u00e4rt Aro (EdTech Forum);\u00a0Mihkel Solvak (Tartu \u00dclikool), Kairi Kasearu (Tartu \u00dclikool), Kairit Tammets (TL\u00dc).<\/p>\n","protected":false},"excerpt":{"rendered":"<p>Vastutav t\u00e4itja: Margus Pedaste P\u00f5hit\u00e4itjad: \u00c4li Leijen, Evelyn Kiive, Krista Uibu T\u00e4itjad: Ilona V\u00f5ik, Triinu K\u00e4rbla, Katrin Saks, Gerli Silm, Aleksandar Baucal, Piret Einpaul, Meeli Rannastu-Avalos, Marje Johanson, Maarja S\u00f5rmus, Tea Ausin, Kenn Konstabel, Doris Kristina Raave, Kristi Palk, Meriliis &#8230;<\/p>\n","protected":false},"author":30,"featured_media":0,"parent":0,"menu_order":0,"comment_status":"closed","ping_status":"closed","template":"","meta":{"_acf_changed":false,"inline_featured_image":false,"footnotes":""},"class_list":["post-7","page","type-page","status-publish","hentry"],"acf":[],"_links":{"self":[{"href":"https:\/\/sisu.ut.ee\/digiefekt\/wp-json\/wp\/v2\/pages\/7","targetHints":{"allow":["GET"]}}],"collection":[{"href":"https:\/\/sisu.ut.ee\/digiefekt\/wp-json\/wp\/v2\/pages"}],"about":[{"href":"https:\/\/sisu.ut.ee\/digiefekt\/wp-json\/wp\/v2\/types\/page"}],"author":[{"embeddable":true,"href":"https:\/\/sisu.ut.ee\/digiefekt\/wp-json\/wp\/v2\/users\/30"}],"replies":[{"embeddable":true,"href":"https:\/\/sisu.ut.ee\/digiefekt\/wp-json\/wp\/v2\/comments?post=7"}],"version-history":[{"count":7,"href":"https:\/\/sisu.ut.ee\/digiefekt\/wp-json\/wp\/v2\/pages\/7\/revisions"}],"predecessor-version":[{"id":64,"href":"https:\/\/sisu.ut.ee\/digiefekt\/wp-json\/wp\/v2\/pages\/7\/revisions\/64"}],"wp:attachment":[{"href":"https:\/\/sisu.ut.ee\/digiefekt\/wp-json\/wp\/v2\/media?parent=7"}],"curies":[{"name":"wp","href":"https:\/\/api.w.org\/{rel}","templated":true}]}}