{"id":27,"date":"2025-11-05T13:22:19","date_gmt":"2025-11-05T11:22:19","guid":{"rendered":"https:\/\/sisu.ut.ee\/digiajastunoorteluule\/?page_id=27"},"modified":"2025-11-05T13:24:39","modified_gmt":"2025-11-05T11:24:39","slug":"projektist","status":"publish","type":"page","link":"https:\/\/sisu.ut.ee\/digiajastunoorteluule\/projektist\/","title":{"rendered":"Projektist"},"content":{"rendered":"<p>Luule on 21. sajandi Eesti noortele t\u00e4htis enesev\u00e4ljendusvahend, selle levikut toetavad uued meediumid. Tr\u00fckiluule (V\u00e4rske R\u00f5hk, Grafomaania) k\u00f5rval on esile t\u00f5usnud suuline luule (luulepr\u00f5mm, r\u00e4pp) ja digitaalsed vormid (\u00fchismeedialuule). Noored loovad luulet eri keeltes (eesti, vene, inglise, ka murretes), mis tihti p\u00f5imuvad, peegeldades kultuurilist mitmekesisust. Ehkki tegu on rikkaliku uurimismaterjaliga, puuduvad seni tervikk\u00e4sitlused Eesti noorteluulest ja kaasaegse luule eri ilmingutest.\u00a0\u00a0<\/p>\n\n\n\n<p>Projekt \u201c<a href=\"https:\/\/www.etis.ee\/Portal\/Projects\/Display\/f0f7f87f-cf25-460d-9bc4-999d98655bb0\" target=\"_blank\" rel=\"noreferrer noopener\">Noorte h\u00e4\u00e4led digiajastu luules: poeetika, hoiakud ja identiteedid<\/a>\u201d keskendub noorte luule poeetikatele eri platvormidel, kaardistamaks digiajastu luulekunsti piire ja uusi v\u00f5imalusi. Korpusp\u00f5hise poeetika, diskursuse ja sisuanal\u00fc\u00fcsi kaudu uuritakse peateemasid ja kujundiloomet, hoiakuid, samuti noorte kultuurilisi ja \u00fchiskondlikke identiteete. Eraldi on vaatluse all eesti ja eestivene noorte luuletekstid. Projekt aitab m\u00f5testada kaasaegses luules kostvaid noorte h\u00e4\u00e4li, pakkudes v\u00e4rsket vaatenurka noorte enesem\u00e4\u00e4ratlusele ja kultuurilistele suhetele.\u00a0<\/p>\n\n\n\n<p>Projekti \u201c<a href=\"https:\/\/www.etis.ee\/Portal\/Projects\/Display\/f0f7f87f-cf25-460d-9bc4-999d98655bb0\" target=\"_blank\" rel=\"noreferrer noopener\">Noorte h\u00e4\u00e4led digiajastu luules: poeetika, hoiakud ja identiteedid<\/a>\u201d KUM-TA75 rahastab kultuuriministeerium ning see viiakse l\u00e4bi Tartu \u00dclikooli ja Tallinna \u00dclikooli koost\u00f6\u00f6na. Projekti vastutav t\u00e4itja on Rebekka Lotman (T\u00dc), p\u00f5hit\u00e4itjad Mart Velsker (T\u00dc) ja Mihhal Trunin (TL\u00dc).\u00a0<\/p>\n","protected":false},"excerpt":{"rendered":"<p>Luule on 21. sajandi Eesti noortele t\u00e4htis enesev\u00e4ljendusvahend, selle levikut toetavad uued meediumid. Tr\u00fckiluule (V\u00e4rske R\u00f5hk, Grafomaania) k\u00f5rval on esile t\u00f5usnud suuline luule (luulepr\u00f5mm, r\u00e4pp) ja digitaalsed vormid (\u00fchismeedialuule). Noored loovad luulet eri keeltes (eesti, vene, inglise, ka murretes), mis &#8230;<\/p>\n","protected":false},"author":313,"featured_media":0,"parent":0,"menu_order":0,"comment_status":"closed","ping_status":"closed","template":"","meta":{"_acf_changed":false,"inline_featured_image":false,"footnotes":""},"class_list":["post-27","page","type-page","status-publish","hentry"],"acf":[],"_links":{"self":[{"href":"https:\/\/sisu.ut.ee\/digiajastunoorteluule\/wp-json\/wp\/v2\/pages\/27","targetHints":{"allow":["GET"]}}],"collection":[{"href":"https:\/\/sisu.ut.ee\/digiajastunoorteluule\/wp-json\/wp\/v2\/pages"}],"about":[{"href":"https:\/\/sisu.ut.ee\/digiajastunoorteluule\/wp-json\/wp\/v2\/types\/page"}],"author":[{"embeddable":true,"href":"https:\/\/sisu.ut.ee\/digiajastunoorteluule\/wp-json\/wp\/v2\/users\/313"}],"replies":[{"embeddable":true,"href":"https:\/\/sisu.ut.ee\/digiajastunoorteluule\/wp-json\/wp\/v2\/comments?post=27"}],"version-history":[{"count":2,"href":"https:\/\/sisu.ut.ee\/digiajastunoorteluule\/wp-json\/wp\/v2\/pages\/27\/revisions"}],"predecessor-version":[{"id":40,"href":"https:\/\/sisu.ut.ee\/digiajastunoorteluule\/wp-json\/wp\/v2\/pages\/27\/revisions\/40"}],"wp:attachment":[{"href":"https:\/\/sisu.ut.ee\/digiajastunoorteluule\/wp-json\/wp\/v2\/media?parent=27"}],"curies":[{"name":"wp","href":"https:\/\/api.w.org\/{rel}","templated":true}]}}