{"id":7,"date":"2025-03-24T09:47:32","date_gmt":"2025-03-24T07:47:32","guid":{"rendered":"https:\/\/sisu.ut.ee\/desinfo\/?page_id=7"},"modified":"2025-11-03T17:17:29","modified_gmt":"2025-11-03T15:17:29","slug":"projektid","status":"publish","type":"page","link":"https:\/\/sisu.ut.ee\/desinfo\/projektid\/","title":{"rendered":"Projektid"},"content":{"rendered":"<figure class=\"wp-block-table\"><table class=\"table table-hover\"><thead><tr><th>Kestus<\/th><th>Nimi<\/th><th>Kood<\/th><th>Vastutav t\u00e4itja<\/th><th>Pealkiri inglise keeles<\/th><\/tr><\/thead><tbody><tr><td>2025-2029<\/td><td>Julgeolekustumine ja \u00fchiskonna toimepidevus<\/td><td><br><a href=\"https:\/\/www.etis.ee\/Portal\/Projects\/Display\/396f7722-7e76-464f-a194-3e2fcd2ae9a3\">PRG2555<\/a><\/td><td>Kairi Kasearu<\/td><td>Reinforcing Societal Resilience through Securitization<\/td><\/tr><tr><td>2024-2028<\/td><td>Turvaliste digilahenduste ja tehisintellekti alused<\/td><td><a href=\"https:\/\/www.etis.ee\/Portal\/Projects\/Display\/32e18985-319d-487b-98a1-1209aad50688\" data-type=\"link\" data-id=\"https:\/\/www.etis.ee\/Portal\/Projects\/Display\/32e18985-319d-487b-98a1-1209aad50688\">TEM-TA119<\/a><\/td><td>Meelis Kull<\/td><td>Foundations of Secure Digital Solutions and Artificial Intelligence<\/td><\/tr><tr><td>2025-2028<\/td><td>Balti Infoh\u00e4irete Sekkekeskus, 2. faas<\/td><td><a href=\"https:\/\/www.etis.ee\/Portal\/Projects\/Display\/98427573-ba6d-47cd-903b-5d23c4f953c9\">MSVUH25365<\/a><\/td><td>Marju Himma<\/td><td>Baltic Engagement Centre for Combating Information Disorders, phase2<\/td><\/tr><tr><td>2025-2027<\/td><td>T\u00e4hendusloome sotsiaalmeedias: tervis ja rahvap\u00e4rane m\u00f5tteviis<\/td><td><br><a href=\"https:\/\/www.etis.ee\/Portal\/Projects\/Display\/45878858-652a-4889-8a22-49fae4988190\">EKKD-TA32<\/a><\/td><td>Maili Pilt<\/td><td>Meaning-Making in Social Media: Health and Vernacular Thinking<\/td><\/tr><tr><td>2024-2027<\/td><td>Teaduskommunikatsioon infoh\u00e4iretes<\/td><td><a href=\"https:\/\/www.etis.ee\/Portal\/Projects\/Display\/6a31ed1e-acfd-4244-8856-e3ed335f9fcc\">PSG1055<\/a><\/td><td>Marju Himma<\/td><td>Science Communication in Information Disorder<\/td><\/tr><tr><td>2024-2027<\/td><td>Autoritaarsete riikide pikad k\u00e4ed: s\u00f5ltumatute h\u00e4\u00e4lte mahasurumine nende piirides ja v\u00e4ljaspool<\/td><td><br><a href=\"https:\/\/www.etis.ee\/Portal\/Projects\/Display\/d02fb782-0e17-47f2-a679-b1dbaff50967\">MSVJS24006R<\/a><br><\/td><td>Andrey Makarychev<\/td><td>The Long Arms of Authoritarian States: Suppressing Independent Voices within and beyond their Borders<\/td><\/tr><tr><td>2024-2027<\/td><td>Tekkivate julgeolekuohtude vastupanuv\u00f5ime tugevdamine<\/td><td><br><a href=\"https:\/\/www.etis.ee\/Portal\/Projects\/Display\/96f9be85-4e88-4050-982b-8ac5b693d0aa\">DSVJS24508M<\/a><\/td><td>Anna Beitane<\/td><td>Triggering Resilience in Up-and-coming Security Threats<\/td><\/tr><tr><td>2023-2027<\/td><td>Relatsiooniline l\u00e4henemine strateegilistele ajaloo narratiividele<\/td><td><br><a href=\"https:\/\/www.etis.ee\/Portal\/Projects\/Display\/64e39453-124e-4f89-8455-c057b1caeae3\">PRG1716<\/a><\/td><td>Andreas Ventsel<\/td><td>Relational Approach of Strategic History Narratives<\/td><\/tr><tr><td>2025-2026<\/td><td>Eesti venekeelse elanikkonna vastuv\u00f5tlikkuse v\u00e4hendamine Venemaa F\u00f6deratsiooni valeinfo ja propaganda suhtes<\/td><td><br><a href=\"https:\/\/www.etis.ee\/Portal\/Projects\/Display\/f4504934-e2df-427b-b0fa-7405de77b13e\">MSVJS25002<\/a><\/td><td>Piret Ehin<\/td><td>Building resilience to Russia\u2019s state-sponsored disinformation and propaganda narratives among Russian-speaking minorities in Estonia<\/td><\/tr><tr><td>2024-2026<\/td><td>Tehisintellekti kasutamine infos\u00f5ja kontekstis: semiootiline perspektiiv<\/td><td><a href=\"https:\/\/www.etis.ee\/Portal\/Projects\/Display\/52d888fe-7246-4743-9692-c716a6cdf2cd\" data-type=\"link\" data-id=\"https:\/\/www.etis.ee\/Portal\/Projects\/Display\/52d888fe-7246-4743-9692-c716a6cdf2cd\">PUTJD1202<\/a><\/td><td>Auli Viidalepp<\/td><td>A semiotic perspective on the use of artificial intelligence in the context of information warfare<\/td><\/tr><tr><td>2024-2026<\/td><td>Tegevus interaktiivsete polariseerumise vastaste \u00f5ppekogemuste saamiseks parema demokraatia nimel<\/td><td><br><a href=\"https:\/\/www.etis.ee\/Portal\/Projects\/Display\/49ed3520-2a98-490b-8cb4-174bfa7ba383\">2023-2-PL01-KA220-HED-00017919<\/a><\/td><td>Anna Beitane<\/td><td>Action for Interactive Anti-Polarisation Learning Experiences for a Better Democracy<\/td><\/tr><tr><td>2022-2026<\/td><td>Desinformatsiooni vastu v\u00f5itlemise \u00f5ppeprogrammi arendamine<\/td><td><br><a href=\"https:\/\/www.etis.ee\/Portal\/Projects\/Display\/8e4ff032-d29c-4c2f-9ff5-99bf1dfe5e83\">DSVUH22450M<\/a><\/td><td>Ragne K\u00f5uts-Klemm<\/td><td>Advanced Studies in Combating Disinformation (DCP)<\/td><\/tr><tr><td>2022-2026<\/td><td>COVID-19 pandeemiaga seotud vanden\u00f5uteooriad: sisu ja vorm, levikukanalid ning sihtr\u00fchmad<\/td><td><br><a href=\"https:\/\/www.etis.ee\/Portal\/Projects\/Display\/2f34841f-ed0c-4a3d-b7db-411b59e4ef44\">PSG729<\/a><\/td><td>Anastasiya Astapova<\/td><td>COVID-19 Conspiracy Theories: Contents, Channels, and Target Groups<\/td><\/tr><tr><td>2025<\/td><td>Venemeelsed ja venes\u00f5bralikud narratiivid Eestis: ohtude eitamisest s\u00f5ja normaliseerimiseni<\/td><td><a href=\"https:\/\/www.etis.ee\/Portal\/Projects\/Display\/cf44d5e2-338f-4f77-a40b-f226a271e4b5\" data-type=\"link\" data-id=\"https:\/\/www.etis.ee\/Portal\/Projects\/Display\/cf44d5e2-338f-4f77-a40b-f226a271e4b5\">PROF14<\/a><\/td><td>Andrey Makarychev<\/td><td>Russian and Pro-Russian Narratives in Estonia: From Threat Denial to Normalization of Waw<\/td><\/tr><tr><td>2024-2025<\/td><td>Venemaa ajaloolised ja poliitilised narratiivid Kremli m\u00f5jutustegevuses suunatud L\u00e4\u00e4ne (sh Eesti) ja Ukraina sihtauditooriumile Vene-Ukraina s\u00f5ja kontekstis<\/td><td><br><a href=\"https:\/\/www.etis.ee\/Portal\/Projects\/Display\/a2f88140-eb6a-4a9d-8fef-2125951aff35\">PROF4<\/a><\/td><td>Vladimir Sazonov<\/td><td>Russia\u2019s historical and political narratives in the Kremlin\u2019s influence activities targeting Western (including Estonian) and Ukrainian audiences in context of Russo-Ukrainian war<\/td><\/tr><tr><td>2023-2025<\/td><td>Teadmistega valeinfo vastu<\/td><td><a href=\"https:\/\/www.etis.ee\/Portal\/Projects\/Display\/d02c38a0-830e-4bea-9c59-0b2e924bbf2d\" data-type=\"link\" data-id=\"https:\/\/www.etis.ee\/Portal\/Projects\/Display\/d02c38a0-830e-4bea-9c59-0b2e924bbf2d\">SEN10023GR0012<\/a><\/td><td>Brit Laak<\/td><td>Fighting Mis- and Disinformation with Knowledge<\/td><\/tr><tr><td>2023-2025<\/td><td>Strateegiline kommunikatsioon Ukraina s\u00f5ja kontekstis: \u00f5ppetunnid Eestile<\/td><td><br><a href=\"https:\/\/www.etis.ee\/Portal\/Projects\/Display\/4fba3a07-ff0b-410e-a238-f315e0cd6e42\">SHVFI23109<\/a><\/td><td>Andreas Ventsel<\/td><td>Strategic communication in the context of the war in Ukraine: lessons learned for Estonia<\/td><\/tr><tr><td>2022-2025<\/td><td>Balti Infoh\u00e4irete Sekkekeskus<\/td><td><br><a href=\"https:\/\/www.etis.ee\/Portal\/Projects\/Display\/f0f47a37-a5f8-4dc3-9280-27b7db9535c2\">MSVUH22523<\/a><\/td><td>Andra Siibak<\/td><td>Baltic Engagement Centre for Combating Information Disorders<\/td><\/tr><tr><td>2022-2025<\/td><td>\u00dcli\u00f5pilaste kriitilise digitaalse kirjaoskuse arendamine desinformatsiooni vastu<\/td><td><br><a href=\"https:\/\/www.etis.ee\/Portal\/Projects\/Display\/79e9eafb-3135-4320-8d5f-cd6571f2b43a\">DHVFI23183M<\/a><\/td><td>Andreas Ventsel<\/td><td>Students\u2019 of Higher Education critical digital Literacy Development against Disinformation<\/td><\/tr><tr><td>2022-2025<\/td><td>Uurides Euroopat, digitaliseerumist ja vanden\u00f5uteooriad<\/td><td><br><a href=\"https:\/\/www.etis.ee\/Portal\/Projects\/Display\/d2b8c173-945e-4674-a007-607c99f80c83\">CHANSE-41<\/a><\/td><td>Mari-Liis Madisson<\/td><td>Researching Europe, Digitalisation, and Conspiracy Theories<\/td><\/tr><tr><td>2024<\/td><td>Meedia, kodaniku\u00fchiskonna tegevuse ja hariduse toetamise meetmed Balti riikides<\/td><td><br><a href=\"https:\/\/www.etis.ee\/Portal\/Projects\/Display\/024f1720-f44a-4e01-94a3-3455534a86db\">MSVJS24224<\/a><\/td><td>Maili Vilson<\/td><td>Building Resilience and Countering Disinformation among Russophone Minority Communities in Estonia<\/td><\/tr><tr><td>2024<\/td><td>Prantsusmaa ja Eesti \u2013 \u00dcheskoos V\u00f5itluses Desinformatsiooni Vastu<\/td><td><br><a href=\"https:\/\/www.etis.ee\/Portal\/Projects\/Display\/0c408ad8-ed3f-434c-9b14-5de080cafbcc\">MSVJS24223<\/a><\/td><td>Stefano Braghiroli<\/td><td>France Estonia \u2013 Together Against Disinformation<\/td><\/tr><tr><td>2021-2024<\/td><td>Semiootiline l\u00e4henemine e-ohu diskursusele ja narratiividele: Eesti meediadiskursuse anal\u00fc\u00fcs<\/td><td><br><a href=\"https:\/\/www.etis.ee\/Portal\/Projects\/Display\/c31b9818-dd17-4f5b-a198-ed1fd9bb54ed\">MOBTP1009<\/a><\/td><td>Mari-Liis Madisson<\/td><td>A Semiotic approach to e-threat discourse: Analysis of Estonian media<\/td><\/tr><tr><td>2021-2024<\/td><td>Valeinfole vastuastumine ja meediap\u00e4devuste suurendamine Eesti venekeelse elanikkonna hulgas<\/td><td><br><a href=\"https:\/\/www.etis.ee\/Portal\/Projects\/Display\/e41c2447-1af5-4121-be1b-5115209c4357\">SEN10022GR0025<\/a><\/td><td>Piret Ehin<\/td><td>Countering Disinformation and Increasing Media Literacy among Russian-speaking Communities in Estonia<\/td><\/tr><\/tbody><\/table><\/figure>\n\n\n\n<p><\/p>\n","protected":false},"excerpt":{"rendered":"<p>Kestus Nimi Kood Vastutav t\u00e4itja Pealkiri inglise keeles 2025-2029 Julgeolekustumine ja \u00fchiskonna toimepidevus PRG2555 Kairi Kasearu Reinforcing Societal Resilience through Securitization 2024-2028 Turvaliste digilahenduste ja tehisintellekti alused TEM-TA119 Meelis Kull Foundations of Secure Digital Solutions and Artificial Intelligence 2025-2028 Balti &#8230;<\/p>\n","protected":false},"author":809,"featured_media":0,"parent":0,"menu_order":0,"comment_status":"closed","ping_status":"closed","template":"","meta":{"_acf_changed":false,"inline_featured_image":false,"footnotes":""},"class_list":["post-7","page","type-page","status-publish","hentry"],"acf":[],"_links":{"self":[{"href":"https:\/\/sisu.ut.ee\/desinfo\/wp-json\/wp\/v2\/pages\/7","targetHints":{"allow":["GET"]}}],"collection":[{"href":"https:\/\/sisu.ut.ee\/desinfo\/wp-json\/wp\/v2\/pages"}],"about":[{"href":"https:\/\/sisu.ut.ee\/desinfo\/wp-json\/wp\/v2\/types\/page"}],"author":[{"embeddable":true,"href":"https:\/\/sisu.ut.ee\/desinfo\/wp-json\/wp\/v2\/users\/809"}],"replies":[{"embeddable":true,"href":"https:\/\/sisu.ut.ee\/desinfo\/wp-json\/wp\/v2\/comments?post=7"}],"version-history":[{"count":11,"href":"https:\/\/sisu.ut.ee\/desinfo\/wp-json\/wp\/v2\/pages\/7\/revisions"}],"predecessor-version":[{"id":159,"href":"https:\/\/sisu.ut.ee\/desinfo\/wp-json\/wp\/v2\/pages\/7\/revisions\/159"}],"wp:attachment":[{"href":"https:\/\/sisu.ut.ee\/desinfo\/wp-json\/wp\/v2\/media?parent=7"}],"curies":[{"name":"wp","href":"https:\/\/api.w.org\/{rel}","templated":true}]}}