{"id":1121,"date":"2024-04-10T23:07:55","date_gmt":"2024-04-10T20:07:55","guid":{"rendered":"https:\/\/sisu.ut.ee\/defactostates\/cyprus-maps\/"},"modified":"2024-04-10T23:13:03","modified_gmt":"2024-04-10T20:13:03","slug":"cyprus-maps","status":"publish","type":"page","link":"https:\/\/sisu.ut.ee\/defactostates\/cyprus-maps\/","title":{"rendered":"Cyprus (Maps)"},"content":{"rendered":"<figure class=\"wp-block-gallery has-nested-images columns-3 is-cropped wp-block-gallery-1 is-layout-flex wp-block-gallery-is-layout-flex\">\n<figure class=\"wp-block-image size-large\"><a href=\"https:\/\/sisu.ut.ee\/wp-content\/uploads\/sites\/398\/divided_cyprus_triin_laur_regio_ltd._2005.jpg\"><img loading=\"lazy\" decoding=\"async\" width=\"2126\" height=\"1654\" data-id=\"631\" src=\"https:\/\/sisu.ut.ee\/wp-content\/uploads\/sites\/398\/divided_cyprus_triin_laur_regio_ltd._2005.jpg\" alt=\"&lt;p&gt;Source:\u00a0Triin Laur, Regio Ltd. 2005&lt;\/p&gt;\" class=\"wp-image-631\" srcset=\"https:\/\/sisu.ut.ee\/wp-content\/uploads\/sites\/398\/divided_cyprus_triin_laur_regio_ltd._2005.jpg 2126w, https:\/\/sisu.ut.ee\/wp-content\/uploads\/sites\/398\/divided_cyprus_triin_laur_regio_ltd._2005-300x233.jpg 300w, https:\/\/sisu.ut.ee\/wp-content\/uploads\/sites\/398\/divided_cyprus_triin_laur_regio_ltd._2005-1024x797.jpg 1024w, https:\/\/sisu.ut.ee\/wp-content\/uploads\/sites\/398\/divided_cyprus_triin_laur_regio_ltd._2005-768x597.jpg 768w, https:\/\/sisu.ut.ee\/wp-content\/uploads\/sites\/398\/divided_cyprus_triin_laur_regio_ltd._2005-1536x1195.jpg 1536w, https:\/\/sisu.ut.ee\/wp-content\/uploads\/sites\/398\/divided_cyprus_triin_laur_regio_ltd._2005-2048x1593.jpg 2048w, https:\/\/sisu.ut.ee\/wp-content\/uploads\/sites\/398\/divided_cyprus_triin_laur_regio_ltd._2005-1920x1494.jpg 1920w\" sizes=\"auto, (max-width: 2126px) 100vw, 2126px\"><\/a><figcaption class=\"wp-element-caption\">Source:\u00a0Triin Laur, Regio Ltd. 2005<\/figcaption><\/figure>\n\n\n\n<figure class=\"wp-block-image size-large\"><a href=\"https:\/\/sisu.ut.ee\/wp-content\/uploads\/sites\/398\/territorial_adjustments_according_to_the_annan_plan_from_2004_triin_laur_regio_ltd._2005.jpg\"><img loading=\"lazy\" decoding=\"async\" width=\"2126\" height=\"1654\" data-id=\"630\" src=\"https:\/\/sisu.ut.ee\/wp-content\/uploads\/sites\/398\/territorial_adjustments_according_to_the_annan_plan_from_2004_triin_laur_regio_ltd._2005.jpg\" alt=\"&lt;p&gt;Source:\u00a0Triin Laur, Regio Ltd. 2005&lt;\/p&gt;\" class=\"wp-image-630\" srcset=\"https:\/\/sisu.ut.ee\/wp-content\/uploads\/sites\/398\/territorial_adjustments_according_to_the_annan_plan_from_2004_triin_laur_regio_ltd._2005.jpg 2126w, https:\/\/sisu.ut.ee\/wp-content\/uploads\/sites\/398\/territorial_adjustments_according_to_the_annan_plan_from_2004_triin_laur_regio_ltd._2005-300x233.jpg 300w, https:\/\/sisu.ut.ee\/wp-content\/uploads\/sites\/398\/territorial_adjustments_according_to_the_annan_plan_from_2004_triin_laur_regio_ltd._2005-1024x797.jpg 1024w, https:\/\/sisu.ut.ee\/wp-content\/uploads\/sites\/398\/territorial_adjustments_according_to_the_annan_plan_from_2004_triin_laur_regio_ltd._2005-768x597.jpg 768w, https:\/\/sisu.ut.ee\/wp-content\/uploads\/sites\/398\/territorial_adjustments_according_to_the_annan_plan_from_2004_triin_laur_regio_ltd._2005-1536x1195.jpg 1536w, https:\/\/sisu.ut.ee\/wp-content\/uploads\/sites\/398\/territorial_adjustments_according_to_the_annan_plan_from_2004_triin_laur_regio_ltd._2005-2048x1593.jpg 2048w, https:\/\/sisu.ut.ee\/wp-content\/uploads\/sites\/398\/territorial_adjustments_according_to_the_annan_plan_from_2004_triin_laur_regio_ltd._2005-1920x1494.jpg 1920w\" sizes=\"auto, (max-width: 2126px) 100vw, 2126px\"><\/a><figcaption class=\"wp-element-caption\">Source:\u00a0Triin Laur, Regio Ltd. 2005<\/figcaption><\/figure>\n\n\n\n<figure class=\"wp-block-image size-large\"><a href=\"https:\/\/sisu.ut.ee\/wp-content\/uploads\/sites\/398\/the_turkish_resistance_organization_turk_mukavemet_teskilati_controlled_areas_in_cyrpus.png\"><img loading=\"lazy\" decoding=\"async\" width=\"618\" height=\"404\" data-id=\"629\" src=\"https:\/\/sisu.ut.ee\/wp-content\/uploads\/sites\/398\/the_turkish_resistance_organization_turk_mukavemet_teskilati_controlled_areas_in_cyrpus.png\" alt=\"\" class=\"wp-image-629\" srcset=\"https:\/\/sisu.ut.ee\/wp-content\/uploads\/sites\/398\/the_turkish_resistance_organization_turk_mukavemet_teskilati_controlled_areas_in_cyrpus.png 618w, https:\/\/sisu.ut.ee\/wp-content\/uploads\/sites\/398\/the_turkish_resistance_organization_turk_mukavemet_teskilati_controlled_areas_in_cyrpus-300x196.png 300w\" sizes=\"auto, (max-width: 618px) 100vw, 618px\"><\/a><\/figure>\n\n\n\n<figure class=\"wp-block-image size-large\"><a href=\"https:\/\/sisu.ut.ee\/wp-content\/uploads\/sites\/398\/northern_cyprus_in_situ.jpg\"><img loading=\"lazy\" decoding=\"async\" width=\"1024\" height=\"461\" data-id=\"632\" src=\"https:\/\/sisu.ut.ee\/wp-content\/uploads\/sites\/398\/northern_cyprus_in_situ-1024x461.jpg\" alt=\"\" class=\"wp-image-632\" srcset=\"https:\/\/sisu.ut.ee\/wp-content\/uploads\/sites\/398\/northern_cyprus_in_situ-1024x461.jpg 1024w, https:\/\/sisu.ut.ee\/wp-content\/uploads\/sites\/398\/northern_cyprus_in_situ-300x135.jpg 300w, https:\/\/sisu.ut.ee\/wp-content\/uploads\/sites\/398\/northern_cyprus_in_situ-768x346.jpg 768w, https:\/\/sisu.ut.ee\/wp-content\/uploads\/sites\/398\/northern_cyprus_in_situ-1536x692.jpg 1536w, https:\/\/sisu.ut.ee\/wp-content\/uploads\/sites\/398\/northern_cyprus_in_situ-1920x865.jpg 1920w, https:\/\/sisu.ut.ee\/wp-content\/uploads\/sites\/398\/northern_cyprus_in_situ.jpg 2000w\" sizes=\"auto, (max-width: 1024px) 100vw, 1024px\"><\/a><\/figure>\n\n\n\n<figure class=\"wp-block-image size-large\"><a href=\"https:\/\/sisu.ut.ee\/wp-content\/uploads\/sites\/398\/turkish-cypriot_enclaves.jpg\"><img loading=\"lazy\" decoding=\"async\" width=\"2268\" height=\"1403\" data-id=\"633\" src=\"https:\/\/sisu.ut.ee\/wp-content\/uploads\/sites\/398\/turkish-cypriot_enclaves.jpg\" alt=\"&lt;p&gt;Source: The Turkish Republic of Northern Cyprus Office of the Vice Chancellor and Office of Foreign Affairs \/ Kuzey K\u0131br\u0131s T\u00fcrk Cumhuriyeti Ba\u015fbakan Yard\u0131mc\u0131l\u0131\u011f\u0131 ve D\u0131\u015fi\u015fleri Bakanl\u0131\u011f\u0131&lt;\/p&gt;\" class=\"wp-image-633\" srcset=\"https:\/\/sisu.ut.ee\/wp-content\/uploads\/sites\/398\/turkish-cypriot_enclaves.jpg 2268w, https:\/\/sisu.ut.ee\/wp-content\/uploads\/sites\/398\/turkish-cypriot_enclaves-300x186.jpg 300w, https:\/\/sisu.ut.ee\/wp-content\/uploads\/sites\/398\/turkish-cypriot_enclaves-1024x633.jpg 1024w, https:\/\/sisu.ut.ee\/wp-content\/uploads\/sites\/398\/turkish-cypriot_enclaves-768x475.jpg 768w, https:\/\/sisu.ut.ee\/wp-content\/uploads\/sites\/398\/turkish-cypriot_enclaves-1536x950.jpg 1536w, https:\/\/sisu.ut.ee\/wp-content\/uploads\/sites\/398\/turkish-cypriot_enclaves-2048x1267.jpg 2048w, https:\/\/sisu.ut.ee\/wp-content\/uploads\/sites\/398\/turkish-cypriot_enclaves-1920x1188.jpg 1920w\" sizes=\"auto, (max-width: 2268px) 100vw, 2268px\"><\/a><figcaption class=\"wp-element-caption\">Source: The Turkish Republic of Northern Cyprus Office of the Vice Chancellor and Office of Foreign Affairs \/ Kuzey K\u0131br\u0131s T\u00fcrk Cumhuriyeti Ba\u015fbakan Yard\u0131mc\u0131l\u0131\u011f\u0131 ve D\u0131\u015fi\u015fleri Bakanl\u0131\u011f\u0131<\/figcaption><\/figure>\n<\/figure>\n","protected":false},"excerpt":{"rendered":"","protected":false},"author":66,"featured_media":0,"parent":0,"menu_order":0,"comment_status":"closed","ping_status":"closed","template":"","meta":{"_acf_changed":false,"inline_featured_image":false,"footnotes":""},"class_list":["post-1121","page","type-page","status-publish","hentry"],"acf":[],"_links":{"self":[{"href":"https:\/\/sisu.ut.ee\/defactostates\/wp-json\/wp\/v2\/pages\/1121","targetHints":{"allow":["GET"]}}],"collection":[{"href":"https:\/\/sisu.ut.ee\/defactostates\/wp-json\/wp\/v2\/pages"}],"about":[{"href":"https:\/\/sisu.ut.ee\/defactostates\/wp-json\/wp\/v2\/types\/page"}],"author":[{"embeddable":true,"href":"https:\/\/sisu.ut.ee\/defactostates\/wp-json\/wp\/v2\/users\/66"}],"replies":[{"embeddable":true,"href":"https:\/\/sisu.ut.ee\/defactostates\/wp-json\/wp\/v2\/comments?post=1121"}],"version-history":[{"count":1,"href":"https:\/\/sisu.ut.ee\/defactostates\/wp-json\/wp\/v2\/pages\/1121\/revisions"}],"predecessor-version":[{"id":1155,"href":"https:\/\/sisu.ut.ee\/defactostates\/wp-json\/wp\/v2\/pages\/1121\/revisions\/1155"}],"wp:attachment":[{"href":"https:\/\/sisu.ut.ee\/defactostates\/wp-json\/wp\/v2\/media?parent=1121"}],"curies":[{"name":"wp","href":"https:\/\/api.w.org\/{rel}","templated":true}]}}