{"id":90,"date":"2025-06-19T16:36:27","date_gmt":"2025-06-19T13:36:27","guid":{"rendered":"https:\/\/sisu.ut.ee\/daf2025\/?page_id=90"},"modified":"2025-09-25T13:14:12","modified_gmt":"2025-09-25T10:14:12","slug":"konferenzprogramm","status":"publish","type":"page","link":"https:\/\/sisu.ut.ee\/daf2025\/konferenzprogramm\/","title":{"rendered":"Konferenzprogramm"},"content":{"rendered":"<h2 class=\"wp-block-heading has-text-align-center\">Konferenzprogramm<\/h2>\n\n\n\n<h2 class=\"wp-block-heading has-text-align-center\">\u201cDaF zwischen Innovation und Tradition\u201d <\/h2>\n\n\n\n<p class=\"has-text-align-center\">01.-02.10.2025<\/p>\n\n\n\n<p class=\"has-text-align-left\"><\/p>\n\n\n\n<div class=\"wp-block-columns is-layout-flex wp-container-core-columns-is-layout-9d6595d7 wp-block-columns-is-layout-flex\">\n<div class=\"wp-block-column is-layout-flow wp-block-column-is-layout-flow\" style=\"flex-basis:20%\">\n<p><strong>Mittwoch, <\/strong><br><strong>01. Oktober 2025 <\/strong><\/p>\n\n\n\n<p>Lossi 3, Foyer, <br>2. Etage<\/p>\n<\/div>\n\n\n\n<div class=\"wp-block-column is-layout-flow wp-block-column-is-layout-flow\" style=\"flex-basis:60%\">\n<p>9:00-10:00 Registrierung &amp; Begr\u00fc\u00dfungskaffee (Lossi 3, Raum 207)<\/p>\n\n\n\n<p>10:00-10:15 <strong>Er\u00f6ffnung der Konferenz<\/strong><br><em>Dr. Terje Loogus (Leiterin des Instituts f\u00fcr Fremdsprachen und Kulturen)<br>Urmas Klaas, Oberb\u00fcrgermeister von Tartu<\/em><\/p>\n\n\n\n<p>10:15-11:10 <strong>Keynote:<\/strong> K\u00fcnstliche Intelligenz und (Fremd-)Spracherwerb: Wo ist die Grenze (und warum)? <em>Prof. Christoph Schroeder (Universit\u00e4t Potsdam)<\/em><\/p>\n\n\n\n<p>11:10-11:40 Wortschatz lernen mit KI und \u201aKurs DaF\u2018: Abwechslungsreich, intensiv, erfolgreich, <em>Irena Vysockaja (Klett Verlag) \u2013 online\u00a0<\/em><\/p>\n\n\n\n<p>11:40-12:10 Das Thema Essen im Fremdsprachenunterricht aus kultur- und diskursdidaktischer Perspektive,\u00a0<em>Dr. Rebecca Zabel (Universit\u00e4t Greifswald)<\/em><\/p>\n\n\n\n<p class=\"has-primary-color has-text-color has-link-color wp-elements-7a28ec9f5b077803a16c5f27d93b822b\">12:15-13:00 Stadtf\u00fchrung mit Lili K\u00e4ngsepp-Puun\u00a0(<strong>nur f\u00fcr Vortragende<\/strong>, Treffpunkt: vor dem Institutsgeb\u00e4ude, Lossi 3)<\/p>\n\n\n\n<p class=\"has-primary-color has-text-color has-link-color wp-elements-7b909450b8746ff827f5dc3991b7d77d\">13:00-14:00\u00a0Mittagspause<\/p>\n\n\n\n<p>14:00-15:00 <strong>Workshops<\/strong><\/p>\n\n\n\n<p><strong>Workshop 1 <\/strong>(Jakobi 2-129): Arche Noah im 21. Jahrhundert \u2013 Weiterentwicklung eines Projekts zum kreativen Schreiben, <em>Martin Lange (Christian-Albrechts-Universit\u00e4t, Kiel)<\/em><\/p>\n\n\n\n<p><strong>Workshop 2<\/strong> (Foyer, Konferenzraum): Mehrsprachigkeit als dynamische Ressource im DaF-Unterricht: Potenziale f\u00fcr Grundschule und Sekundarstufe I, <em>Gina Do Manh &amp; Christina Noack (TU Braunschweig &amp; Universit\u00e4t Leipzig)<\/em><\/p>\n\n\n\n<p>15:10-15:40 CLIL(iG) in der (DaF-)Lehrerausbildung: Ein Schl\u00fcssel zur interkulturellen Kompetenz,<em> Marika Peekmann (Estnisches Ministerium f\u00fcr Bildung und Forschung)<\/em><\/p>\n\n\n\n<p>15:40-16:10 Kunst, Religion und DaF: Eduard von Gebhardt und die Feiertage der Karwoche sowie Christi Himmelfahrt \u2013 ein interdisziplin\u00e4rer Online-Kurs,<em> Katrin-Helena Melder (J\u00e4rva-Jaani G\u00fcmnaasium)<\/em><\/p>\n\n\n\n<p class=\"has-primary-color has-text-color has-link-color wp-elements-2c936140f1c5c0ee965c30a419cd4053\">16:10-16:40 Kaffeepause (Lossi 3, Raum 207)<\/p>\n\n\n\n<p>16:40-17:40 <strong>Workshops<\/strong><\/p>\n\n\n\n<p><strong>Workshop 3<\/strong> (Lossi 3-227): Kulturbezogenes Lernen \u2013 digital und kreativ am Beispiel \u201eBerlin: Geschichte, Gesellschaft und Kultur\u201c,\u00a0<em>Stefan Hauer (DAAD-Lektor, Universit\u00e4t Riga)<\/em>\u00a0\u2013\u00a0<strong>Bitte bringen Sie eigenen\u00a0Laptop\u00a0mit.<\/strong><\/p>\n\n\n\n<p><strong>Workshop 4 <\/strong>(Foyer, Konferenzraum): (Lese-Schreib-F\u00f6rderung mit interaktiven Geschichten, <em>Andreas Volk (DAAD-Lektor, Universit\u00e4t Tallinn)<\/em> \u2013 <strong>Bitte bringen Sie eigenen\u00a0Laptop\u00a0mit.<\/strong><\/p>\n\n\n\n<p class=\"has-primary-color has-text-color has-link-color wp-elements-50eed6334064d42b8cbefe9e21d889e8\">ab 19:00\u00a0Abendessen f\u00fcr Vortragende (\u201eVilde ja Vine\u201c, Vallikraavi tn. 4)<\/p>\n<\/div>\n<\/div>\n\n\n\n<div class=\"wp-block-columns is-layout-flex wp-container-core-columns-is-layout-9d6595d7 wp-block-columns-is-layout-flex\">\n<div class=\"wp-block-column is-layout-flow wp-block-column-is-layout-flow\" style=\"flex-basis:20%\">\n<p><strong>Donnerstag, <\/strong><br><strong>02. Oktober 2025 <\/strong><\/p>\n\n\n\n<p>Lossi 3, Foyer<\/p>\n<\/div>\n\n\n\n<div class=\"wp-block-column is-layout-flow wp-block-column-is-layout-flow\" style=\"flex-basis:60%\">\n<p>9:00-9:10 Gru\u00dfwort von Tina Spicher \u2013 Kulturreferentin der Deutschen Botschaft Tallinn<\/p>\n\n\n\n<p>9:10-10:00 Vorstellung des Dhoch3-Programmes zur Ausbildung k\u00fcnftiger Deutschlehrerinnen und Deutschlehrenden an Hochschulen im Ausland, <em>Stefan Buchholz (Programmkoordinator Dhoch3, DAAD)<\/em><\/p>\n\n\n\n<p>10:00-10:40 DaF-Lehrkr\u00e4ftestrategie des deutschen Ausw\u00e4rtigen Amtes, <em>Siyana Dimitrova (Ausw\u00e4rtiges Amt, Berlin)<\/em><\/p>\n\n\n\n<p class=\"has-primary-color has-text-color has-link-color wp-elements-26ba376661e27be3631a2d1887fec06c\">10:40-11:00 Kaffeepause<\/p>\n\n\n\n<p>11:00-11:30 Projektpr\u00e4sentationen als m\u00fcndliche Pr\u00fcfungen internationaler Studierender vorbereitet von regionalen Studierenden, <em>Dr. Annedore H\u00e4nel (Christian-Albrechts-Universit\u00e4t, Kiel)<\/em><\/p>\n\n\n\n<p>11:30-12:00 Kulturpraxis Lesen im DaF-Unterricht und im Fach \u201cStudium der deutschen Literatur und Kultur\u201d f\u00fcr Germanist*innen in Lettland: Zwei Erfahrungsberichte, <em>Ieva Blumberga &amp; Sandija Iesalniece (Universit\u00e4t Lettlands, Riga)<\/em><\/p>\n\n\n\n<p>12:00-13:00 <strong>Workshops<\/strong><\/p>\n\n\n\n<p><strong>Workshop 5 <\/strong>(Lossi 3-325):<strong> <\/strong>Binnendifferenzierung im DaF-Unterricht: Individuelle Lernwege gestalten f\u00fcr heterogene Lerngruppen, <em>Gina Do Manh &amp; Christina Noack (TU Braunschweig &amp; Universit\u00e4t Leipzig)<\/em><\/p>\n\n\n\n<p><strong>Workshop 6 <\/strong>(Lossi 3-126):<strong> <\/strong>Dhoch3 trifft KI,<em> Antje R\u00fcger (Universit\u00e4t Leipzig)<\/em><\/p>\n\n\n\n<p class=\"has-primary-color has-text-color has-link-color wp-elements-1e518569ac335d5b5ecfc41d869e067f\">13:10-14:30 Mittagspause<\/p>\n\n\n\n<p>14:30-15:30 <strong>Workshops<\/strong><\/p>\n\n\n\n<p><strong>Workshop 7 <\/strong>(Foyer, Konferenzraum): \u00a0Fr\u00fches Deutsch, Helen Tammeleht (Katholische Schule Tartu)<\/p>\n\n\n\n<p><strong>Workshop 8 <\/strong>(Lossi 3-218): Erprobt &amp; wirksam \u2013 Praxisideen f\u00fcr motivierende Unterrichtsphasen, <em>Diana Kollin-Poom (Arte Gymnasium, Tallinn)<\/em><\/p>\n\n\n\n<p class=\"has-primary-color has-text-color has-link-color wp-elements-ee4d2c3be13d2e4ab3b8f414a88471ac\">ab 17 Uhr Ausflug f\u00fcr Vortragende<\/p>\n\n\n\n<p><\/p>\n<\/div>\n<\/div>\n\n\n\n<p><\/p>\n\n\n\n<p class=\"has-text-align-center\">Finanziert im Rahmen des DAAD-Programms Germanistische Institutspartnerschaft Tartu-Potsdam\u00a0 <br><strong><strong>\u201eGeteiltes Kulturerbe in Deutschland und im Baltikum\u201c<\/strong>\u00a0<\/strong><\/p>\n\n\n\n<p><\/p>\n\n\n\n<figure class=\"wp-block-image aligncenter size-large is-resized\" id=\"block-a90e4c90-73be-4080-90bf-ad180c3d1f38\"><a href=\"https:\/\/maailmakeeled.ut.ee\/en\" target=\"_blank\" rel=\"noreferrer noopener\"><img decoding=\"async\" src=\"https:\/\/sisu.ut.ee\/wp-content\/uploads\/sites\/884\/maailma-keelte-ja-kultuuride-instituut_eng.svg\" alt=\"University of Tartu\" class=\"wp-image-50\" style=\"width:339px;height:auto\"><\/a><\/figure>\n\n\n\n<figure class=\"wp-block-image aligncenter is-resized\" id=\"block-d59d104b-df07-46b1-9ca9-59d0cd7166a5\"><a href=\"https:\/\/www.uni-potsdam.de\/de\/gip-tartu\/\" target=\"_blank\" rel=\"noreferrer noopener\"><img decoding=\"async\" src=\"https:\/\/sisu.ut.ee\/wp-content\/uploads\/sites\/685\/unilogo.png\" alt=\"Universtit\u00e4t Potsdam\" style=\"width:314px;height:auto\"><\/a><\/figure>\n\n\n\n<figure class=\"wp-block-image aligncenter size-large is-resized\" id=\"block-f5e58299-391b-4846-b006-459b3d0f4217\"><a href=\"https:\/\/www.daad.de\/de\/\" target=\"_blank\" rel=\"noreferrer noopener\"><img loading=\"lazy\" decoding=\"async\" width=\"3780\" height=\"2834\" src=\"https:\/\/sisu.ut.ee\/wp-content\/uploads\/sites\/884\/daad_logo_suppl_deen_v_messe_rgb-edited.png\" alt=\"DAAD\" class=\"wp-image-28\" style=\"width:193px;height:auto\" srcset=\"https:\/\/sisu.ut.ee\/wp-content\/uploads\/sites\/884\/daad_logo_suppl_deen_v_messe_rgb-edited.png 3780w, https:\/\/sisu.ut.ee\/wp-content\/uploads\/sites\/884\/daad_logo_suppl_deen_v_messe_rgb-edited-300x225.png 300w, https:\/\/sisu.ut.ee\/wp-content\/uploads\/sites\/884\/daad_logo_suppl_deen_v_messe_rgb-edited-1024x768.png 1024w, https:\/\/sisu.ut.ee\/wp-content\/uploads\/sites\/884\/daad_logo_suppl_deen_v_messe_rgb-edited-768x576.png 768w, https:\/\/sisu.ut.ee\/wp-content\/uploads\/sites\/884\/daad_logo_suppl_deen_v_messe_rgb-edited-1536x1152.png 1536w, https:\/\/sisu.ut.ee\/wp-content\/uploads\/sites\/884\/daad_logo_suppl_deen_v_messe_rgb-edited-2048x1535.png 2048w, https:\/\/sisu.ut.ee\/wp-content\/uploads\/sites\/884\/daad_logo_suppl_deen_v_messe_rgb-edited-1920x1439.png 1920w\" sizes=\"auto, (max-width: 3780px) 100vw, 3780px\"><\/a><\/figure>\n","protected":false},"excerpt":{"rendered":"<p>Konferenzprogramm \u201cDaF zwischen Innovation und Tradition\u201d 01.-02.10.2025 Mittwoch, 01. Oktober 2025 Lossi 3, Foyer, 2. Etage 9:00-10:00 Registrierung &amp; Begr\u00fc\u00dfungskaffee (Lossi 3, Raum 207) 10:00-10:15 Er\u00f6ffnung der KonferenzDr. Terje Loogus (Leiterin des Instituts f\u00fcr Fremdsprachen und Kulturen)Urmas Klaas, Oberb\u00fcrgermeister von &#8230;<\/p>\n","protected":false},"author":99,"featured_media":0,"parent":0,"menu_order":0,"comment_status":"closed","ping_status":"closed","template":"","meta":{"_acf_changed":false,"inline_featured_image":false,"footnotes":""},"class_list":["post-90","page","type-page","status-publish","hentry"],"acf":[],"_links":{"self":[{"href":"https:\/\/sisu.ut.ee\/daf2025\/wp-json\/wp\/v2\/pages\/90","targetHints":{"allow":["GET"]}}],"collection":[{"href":"https:\/\/sisu.ut.ee\/daf2025\/wp-json\/wp\/v2\/pages"}],"about":[{"href":"https:\/\/sisu.ut.ee\/daf2025\/wp-json\/wp\/v2\/types\/page"}],"author":[{"embeddable":true,"href":"https:\/\/sisu.ut.ee\/daf2025\/wp-json\/wp\/v2\/users\/99"}],"replies":[{"embeddable":true,"href":"https:\/\/sisu.ut.ee\/daf2025\/wp-json\/wp\/v2\/comments?post=90"}],"version-history":[{"count":26,"href":"https:\/\/sisu.ut.ee\/daf2025\/wp-json\/wp\/v2\/pages\/90\/revisions"}],"predecessor-version":[{"id":143,"href":"https:\/\/sisu.ut.ee\/daf2025\/wp-json\/wp\/v2\/pages\/90\/revisions\/143"}],"wp:attachment":[{"href":"https:\/\/sisu.ut.ee\/daf2025\/wp-json\/wp\/v2\/media?parent=90"}],"curies":[{"name":"wp","href":"https:\/\/api.w.org\/{rel}","templated":true}]}}