{"id":56,"date":"2025-02-03T14:41:09","date_gmt":"2025-02-03T12:41:09","guid":{"rendered":"https:\/\/sisu.ut.ee\/daf2025\/?page_id=56"},"modified":"2025-09-29T16:55:01","modified_gmt":"2025-09-29T13:55:01","slug":"kontakt-und-konferenzort","status":"publish","type":"page","link":"https:\/\/sisu.ut.ee\/daf2025\/kontakt-und-konferenzort\/","title":{"rendered":"Kontakt &amp; Konferenzort"},"content":{"rendered":"<p><\/p>\n\n\n\n<div class=\"wp-block-group is-nowrap is-layout-flex wp-container-core-group-is-layout-ad2f72ca wp-block-group-is-layout-flex\">\n<p class=\"has-text-align-center has-regular-font-size\"><\/p>\n<\/div>\n\n\n\n<div class=\"wp-block-columns is-layout-flex wp-container-core-columns-is-layout-9d6595d7 wp-block-columns-is-layout-flex\">\n<div class=\"wp-block-column is-layout-flow wp-block-column-is-layout-flow\">\n<p><strong>Kontakt:<br><\/strong><a href=\"mailto:daf2025@ut.ee\">daf2025@ut.ee<\/a><br><br><strong>Organisationsteam:<\/strong><br>Dr. Merje Miliste<br><em>Dozentin f\u00fcr Deutsch als Fremdsprache &amp; Linguistik<br><\/em><a href=\"mailto:merje.miliste@ut.ee\">merje.miliste@ut.ee<\/a>\u00a0<br><br>Katrin Saar<br><em>Dozentin f\u00fcr Deutsch als Fremdsprache<br><\/em><a href=\"mailto:katrin.saar.1@ut.ee\">katrin.saar.1@ut.ee<\/a><br><br>Daniel Kulesza<br><em>DAAD-Lektor<br><\/em><a href=\"mailto:daniel.kulesza@ut.ee\">daniel.kulesza@ut.ee<\/a><\/p>\n<\/div>\n\n\n\n<div class=\"wp-block-column is-layout-flow wp-block-column-is-layout-flow\">\n<p><strong>Konferenzort<br><\/strong>Universit\u00e4t Tartu <br>Lossi 3 (Foyer, 2. Etage)<\/p>\n\n\n\n<div class=\"video-placeholder-wrapper video-placeholder-wrapper--fixed\" style=\"height: 300px;\">\n\t\t\t    <div class=\"video-placeholder d-flex justify-content-center align-items-center\">\n\t\t\t        <div class=\"overlay text-white p-2 w-100 text-center d-block justify-content-center align-items-center\">\n\t\t\t            <div>Kolmandate osapoolte sisu n\u00e4gemiseks palun n\u00f5ustu k\u00fcpsistega.<\/div>\n\t\t\t            <button class=\"btn btn-secondary btn-sm mt-1 consent-change\">Muuda n\u00f5usolekut<\/button>\n\t\t\t        <\/div>\n\t\t\t    <\/div>\n\t\t\t<\/div>\n\n<\/div>\n<\/div>\n","protected":false},"excerpt":{"rendered":"<p>Kontakt:daf2025@ut.ee Organisationsteam:Dr. Merje MilisteDozentin f\u00fcr Deutsch als Fremdsprache &amp; Linguistikmerje.miliste@ut.ee\u00a0 Katrin SaarDozentin f\u00fcr Deutsch als Fremdsprachekatrin.saar.1@ut.ee Daniel KuleszaDAAD-Lektordaniel.kulesza@ut.ee KonferenzortUniversit\u00e4t Tartu Lossi 3 (Foyer, 2. Etage) Kolmandate osapoolte sisu n\u00e4gemiseks palun n\u00f5ustu k\u00fcpsistega. Muuda n\u00f5usolekut<\/p>\n","protected":false},"author":99,"featured_media":0,"parent":0,"menu_order":0,"comment_status":"closed","ping_status":"closed","template":"","meta":{"_acf_changed":false,"inline_featured_image":false,"footnotes":""},"class_list":["post-56","page","type-page","status-publish","hentry"],"acf":[],"_links":{"self":[{"href":"https:\/\/sisu.ut.ee\/daf2025\/wp-json\/wp\/v2\/pages\/56","targetHints":{"allow":["GET"]}}],"collection":[{"href":"https:\/\/sisu.ut.ee\/daf2025\/wp-json\/wp\/v2\/pages"}],"about":[{"href":"https:\/\/sisu.ut.ee\/daf2025\/wp-json\/wp\/v2\/types\/page"}],"author":[{"embeddable":true,"href":"https:\/\/sisu.ut.ee\/daf2025\/wp-json\/wp\/v2\/users\/99"}],"replies":[{"embeddable":true,"href":"https:\/\/sisu.ut.ee\/daf2025\/wp-json\/wp\/v2\/comments?post=56"}],"version-history":[{"count":16,"href":"https:\/\/sisu.ut.ee\/daf2025\/wp-json\/wp\/v2\/pages\/56\/revisions"}],"predecessor-version":[{"id":144,"href":"https:\/\/sisu.ut.ee\/daf2025\/wp-json\/wp\/v2\/pages\/56\/revisions\/144"}],"wp:attachment":[{"href":"https:\/\/sisu.ut.ee\/daf2025\/wp-json\/wp\/v2\/media?parent=56"}],"curies":[{"name":"wp","href":"https:\/\/api.w.org\/{rel}","templated":true}]}}