{"id":8,"date":"2024-04-04T01:46:22","date_gmt":"2024-04-03T22:46:22","guid":{"rendered":"https:\/\/sisu.ut.ee\/culturerich\/ukraine-5112015\/"},"modified":"2024-04-04T01:46:59","modified_gmt":"2024-04-03T22:46:59","slug":"ukraine-5112015","status":"publish","type":"page","link":"https:\/\/sisu.ut.ee\/culturerich\/ukraine-5112015\/","title":{"rendered":"Ukraine (5.11.2015)"},"content":{"rendered":"<p><strong><img loading=\"lazy\" decoding=\"async\" width=\"1920\" height=\"1200\" class=\"alignnone wp-image-35\" style=\"float: right\" src=\"https:\/\/sisu.ut.ee\/wp-content\/uploads\/sites\/138\/flag_of_ukraine.jpg\" title=\"flag_of_ukraine.jpg\" alt=\"flag_of_ukraine.jpg\" srcset=\"https:\/\/sisu.ut.ee\/wp-content\/uploads\/sites\/138\/flag_of_ukraine.jpg 1920w, https:\/\/sisu.ut.ee\/wp-content\/uploads\/sites\/138\/flag_of_ukraine-300x188.jpg 300w, https:\/\/sisu.ut.ee\/wp-content\/uploads\/sites\/138\/flag_of_ukraine-1024x640.jpg 1024w, https:\/\/sisu.ut.ee\/wp-content\/uploads\/sites\/138\/flag_of_ukraine-768x480.jpg 768w, https:\/\/sisu.ut.ee\/wp-content\/uploads\/sites\/138\/flag_of_ukraine-1536x960.jpg 1536w\" sizes=\"auto, (max-width: 1920px) 100vw, 1920px\"><\/strong><\/p>\n\n<p><strong><span style=\"font-size: large\"><strong><a href=\"http:\/\/www.uttv.ee\/fotod#id_galerii=9903\" target=\"_blank\" rel=\"noopener\">Vaata fotosid\/Look at the photos!<\/a><\/strong><\/span><\/strong><\/p>\n\n\n<p><strong>Aeg ja koht\/Time and venue\u00a0\u00a0\u00a0 <br><\/strong>19:00-22:00, <a href=\"http:\/\/www.tartuloodusmaja.ee\/ET\/kontaktid\/ET\/kontaktid\/\" target=\"_blank\" rel=\"noopener\">Lille 10, Tartu (Tartu loodusmaja\/Tartu Nature House)<\/a>\u00a0<strong>\u00a0\u00a0\u00a0\u00a0\u00a0\u00a0\u00a0\u00a0\u00a0\u00a0\u00a0\u00a0\u00a0\u00a0\u00a0\u00a0\u00a0\u00a0\u00a0\u00a0\u00a0\u00a0\u00a0\u00a0\u00a0\u00a0\u00a0\u00a0\u00a0\u00a0\u00a0\u00a0\u00a0\u00a0\u00a0\u00a0\u00a0\u00a0\u00a0\u00a0\u00a0\u00a0\u00a0\u00a0\u00a0\u00a0\u00a0\u00a0\u00a0\u00a0\u00a0\u00a0\u00a0\u00a0\u00a0\u00a0\u00a0\u00a0\u00a0\u00a0\u00a0\u00a0\u00a0\u00a0\u00a0\u00a0\u00a0\u00a0\u00a0\u00a0\u00a0\u00a0\u00a0\u00a0\u00a0\u00a0\u00a0\u00a0\u00a0\u00a0\u00a0\u00a0\u00a0\u00a0\u00a0\u00a0\u00a0\u00a0\u00a0\u00a0\u00a0\u00a0\u00a0\u00a0\u00a0\u00a0\u00a0\u00a0\u00a0\u00a0\u00a0\u00a0\u00a0\u00a0<\/strong><\/p>\n<p><strong>Kava\/Programme<\/strong><\/p>\n<p>Sarja teine <strong>kultuuri\u00f5htu \u201cVechornytsi\u201d <\/strong>keskendub paljutahulisele Ukrainale. V\u00f5\u00f5rustajateks on T\u00dc t\u00f6\u00f6tajad ja \u00fcli\u00f5pilased Ukrainast koos T\u00dc personaliosakonna ja Tartu loodusmaja inimestega \u2013 tutvustatakse mitmekesist kultuuri, kombeid, ja traditsioone. \u00a0Kuna s\u00f6\u00f6k on ukrainlaste jaoks v\u00e4ga t\u00e4htis, siis on kultuuriprogrammi osaks\u00a0 ka traditsioonilised Ukraina suupisted ning joogid. Soovijatel on v\u00f5imalik osaleda Ukraina rahvatantsude \u00f5pitoas ja tunnetada t\u00f5elist Ukraina r\u00fctmi.<\/p>\n<p>The second event in the series is titled<strong> \u201cVechornytsi\u201d<\/strong> and it will introduce the multifaceted <strong>Ukrainian culture<\/strong>, both ancient and modern. The event will take place in the Tartu Nature House, at Lille 10, Tartu on 5 November at 19:00 and is hosted by the UT staff and students from Ukraine together with UT Personnel Office and Tartu Nature House. You will get a chance to learn interesting things about Ukrainian customs and traditions. Since food is an important part of the Ukrainian culture, you will be offered some traditional Ukrainian dishes and drinks. The event will also include a master class of Ukrainian folk dances where you will get an opportunity to feel the true rhythm of Ukraine.<\/p>\n<p>\u00a0<strong>Programme highlights:<\/strong><\/p>\n<ul>\n<li>Culture programme<\/li>\n<li>Snacks<\/li>\n<li>Cartoons<\/li>\n<li>Master class of Ukrainian folk dance<\/li>\n<\/ul>\n<p style=\"text-align: center\">\u00a0<img loading=\"lazy\" decoding=\"async\" width=\"900\" height=\"1355\" class=\"alignnone wp-image-34\" src=\"https:\/\/sisu.ut.ee\/wp-content\/uploads\/sites\/138\/a.v._h.s.jpg\" title=\"a.v._h.s.jpg\" alt=\"a.v._h.s.jpg\" srcset=\"https:\/\/sisu.ut.ee\/wp-content\/uploads\/sites\/138\/a.v._h.s.jpg 900w, https:\/\/sisu.ut.ee\/wp-content\/uploads\/sites\/138\/a.v._h.s-199x300.jpg 199w, https:\/\/sisu.ut.ee\/wp-content\/uploads\/sites\/138\/a.v._h.s-680x1024.jpg 680w, https:\/\/sisu.ut.ee\/wp-content\/uploads\/sites\/138\/a.v._h.s-768x1156.jpg 768w\" sizes=\"auto, (max-width: 900px) 100vw, 900px\">\u00a0 \u00a0 \u00a0 \u00a0 \u00a0 \u00a0\u00a0 <img loading=\"lazy\" decoding=\"async\" width=\"2144\" height=\"1424\" class=\"alignnone wp-image-33\" src=\"https:\/\/sisu.ut.ee\/wp-content\/uploads\/sites\/138\/y.m.k.a.jpg\" title=\"y.m.k.a.jpg\" alt=\"y.m.k.a.jpg\" srcset=\"https:\/\/sisu.ut.ee\/wp-content\/uploads\/sites\/138\/y.m.k.a.jpg 2144w, https:\/\/sisu.ut.ee\/wp-content\/uploads\/sites\/138\/y.m.k.a-300x199.jpg 300w, https:\/\/sisu.ut.ee\/wp-content\/uploads\/sites\/138\/y.m.k.a-1024x680.jpg 1024w, https:\/\/sisu.ut.ee\/wp-content\/uploads\/sites\/138\/y.m.k.a-768x510.jpg 768w, https:\/\/sisu.ut.ee\/wp-content\/uploads\/sites\/138\/y.m.k.a-1536x1020.jpg 1536w, https:\/\/sisu.ut.ee\/wp-content\/uploads\/sites\/138\/y.m.k.a-2048x1360.jpg 2048w, https:\/\/sisu.ut.ee\/wp-content\/uploads\/sites\/138\/y.m.k.a-1920x1275.jpg 1920w\" sizes=\"auto, (max-width: 2144px) 100vw, 2144px\">\u00a0\u00a0 \u00a0 \u00a0 \u00a0 \u00a0\u00a0 <img loading=\"lazy\" decoding=\"async\" width=\"1424\" height=\"2144\" class=\"alignnone wp-image-36\" src=\"https:\/\/sisu.ut.ee\/wp-content\/uploads\/sites\/138\/a.v.jpg\" title=\"a.v.jpg\" alt=\"a.v.jpg\" srcset=\"https:\/\/sisu.ut.ee\/wp-content\/uploads\/sites\/138\/a.v.jpg 1424w, https:\/\/sisu.ut.ee\/wp-content\/uploads\/sites\/138\/a.v-199x300.jpg 199w, https:\/\/sisu.ut.ee\/wp-content\/uploads\/sites\/138\/a.v-680x1024.jpg 680w, https:\/\/sisu.ut.ee\/wp-content\/uploads\/sites\/138\/a.v-768x1156.jpg 768w, https:\/\/sisu.ut.ee\/wp-content\/uploads\/sites\/138\/a.v-1020x1536.jpg 1020w, https:\/\/sisu.ut.ee\/wp-content\/uploads\/sites\/138\/a.v-1360x2048.jpg 1360w\" sizes=\"auto, (max-width: 1424px) 100vw, 1424px\"><\/p>\n<p style=\"text-align: left\"><strong>Osalemine\/Participation<\/strong><\/p>\n<p>Oodatud on huvilised igas vanuses! \u00d5htu on inglise keeles eestikeelsete selgitustega. Osalustasu on 5 eurot, alla 10 a lapsed on teretulnud tasuta. <strong>Registreerumiseks palun vajutage siia (registreerumine on l\u00f5ppenud)<\/strong>. Kuna kohtade arv on piiratud, palume tasuda osav\u00f5tumaks ning ennast kirja panna esimesel v\u00f5imalusel. Registreerumise t\u00e4htaeg on <strong>03. november<\/strong>. K\u00fcsimuste korral ja lisainfo saamiseks palun v\u00f5tke \u00fchendust Sirli Urbasega (<a href=\"mailto:sirli.urbas@ut.ee\">sirli.urbas@ut.ee<\/a>).\u00a0<\/p>\n<p>Everybody is welcome, regardless of age! Seminar will be held in English, explanations in Estonian will also be provided. The event is free for kids under the age 10 and costs 5 euros for others.\u00a0<strong>For registration please follow the link (registration is closed)<\/strong>. As the number of seats is limited, we kindly request you to transfer participation fee and register as early as possible. The deadline for registration is\u00a0<strong>3 November<\/strong>. For any further information please contact, Sirli Urbas (<a href=\"mailto:sirli.urbas@ut.ee\">sirli.urbas@ut.ee<\/a>).\u00a0<\/p>\n<p><strong>Makse saaja\/Beneficiary name:<\/strong> Tartu Keskkonnahariduse Keskus <strong>Konto\/account:<\/strong> Swedbank EE502200221019407978 <strong>Selgitus\/Payment description:<\/strong> osaleja nimi\/the name of the participant + 5.\u00a0novembri kultuuri\u00f5htu osalustasu\/the culture evening of\u00a05 November.\u00a0<\/p>\n<p><img loading=\"lazy\" decoding=\"async\" width=\"180\" height=\"140\" class=\"alignnone wp-image-32\" src=\"https:\/\/sisu.ut.ee\/wp-content\/uploads\/sites\/138\/dance.jpg\" title=\"dance.jpg\" alt=\"dance.jpg\">\u00a0\u00a0\u00a0\u00a0 \u00a0 <img loading=\"lazy\" decoding=\"async\" width=\"257\" height=\"196\" class=\"alignnone wp-image-31\" src=\"https:\/\/sisu.ut.ee\/wp-content\/uploads\/sites\/138\/eggs.jpg\" title=\"eggs.jpg\" alt=\"eggs.jpg\">\u00a0\u00a0\u00a0\u00a0\u00a0 <img loading=\"lazy\" decoding=\"async\" width=\"275\" height=\"183\" class=\"alignnone wp-image-30\" src=\"https:\/\/sisu.ut.ee\/wp-content\/uploads\/sites\/138\/pirukas.jpg\" title=\"pirukas.jpg\" alt=\"pirukas.jpg\"><\/p>\n<p><strong>Veel olulist\/Please note <\/strong><\/p>\n<ul>\n<li><span style=\"color: #333333\"> Pildistamine: v\u00f5ib juhtuda, et korraldajad teevad kultuuri\u00f5htutel fotosid ning avaldavad need <\/span>hiljem Tartu \u00dclikooliga seotud infokanalites (prinditud kujul, veebis, sotsiaalmeedias jm). Fotosid ei anta kolmandatele isikutele ega kasutata kommertseesm\u00e4rkidel. Kui te ei soovi, et teid v\u00f5i teie alaealisi lapsi pildistataks, palun \u00f6elge seda enne s\u00fcndmuse toimumist korraldajale. Korraldajad ei v\u00f5ta vastutust teiste s\u00fcndmusel osalejate poolt tehtud fotode ning nende kasutamise eest. \/ During our events organizers might take photos and publish them (print, web, social media) in connection with the University of Tartu. The photos will not be given to third parties and they will not be used commercially. If you do not agree with your picture (or photo of your child) being taken please tell us at the beginning of each event. Organizers are not responsible for photos and their use, taken by participants of the event.<\/li>\n<li>Oleme t\u00e4nulikud, kui registreerite s\u00fcndmusele k\u00f5ik inimesed, kes teiega kaasa tulevad ning annate meile teada, kui osalemise t\u00fchistate. See aitab meil s\u00fcndmusi paremini planeerida. \/ We appreciate you to enroll all of the people who you wish to bring along and please let us know if you have to cancel your participation. This helps us to plan our events and costs better.<\/li>\n<li>Me ei planeeri riskantseid tegevusi, ent osalemine on ikkagi omal vastutusel. Palume lastega tulijatel neil ise silm peal hoida. Anname oma parima, et s\u00fcndmused sujuksid kenasti, kuid T\u00dc ega Tartu loodusmaja ei vastuta etten\u00e4gematute probleemsete juhtumite eest (vargus, vigastus jmt). \/\u00a0 We don\u2019t plan dangerous activities but participation is still at your own risk. Parents are responsible for their children and are expected to supervise them. Claims against University of Tartu or a member of staff regarding liability for theft, personal injury or property damage are expressly excluded.<\/li>\n<\/ul>\n","protected":false},"excerpt":{"rendered":"<p>Vaata fotosid\/Look at the photos! Aeg ja koht\/Time and venue\u00a0\u00a0\u00a0 19:00-22:00, Lille 10, Tartu (Tartu loodusmaja\/Tartu Nature House)\u00a0\u00a0\u00a0\u00a0\u00a0\u00a0\u00a0\u00a0\u00a0\u00a0\u00a0\u00a0\u00a0\u00a0\u00a0\u00a0\u00a0\u00a0\u00a0\u00a0\u00a0\u00a0\u00a0\u00a0\u00a0\u00a0\u00a0\u00a0\u00a0\u00a0\u00a0\u00a0\u00a0\u00a0\u00a0\u00a0\u00a0\u00a0\u00a0\u00a0\u00a0\u00a0\u00a0\u00a0\u00a0\u00a0\u00a0\u00a0\u00a0\u00a0\u00a0\u00a0\u00a0\u00a0\u00a0\u00a0\u00a0\u00a0\u00a0\u00a0\u00a0\u00a0\u00a0\u00a0\u00a0\u00a0\u00a0\u00a0\u00a0\u00a0\u00a0\u00a0\u00a0\u00a0\u00a0\u00a0\u00a0\u00a0\u00a0\u00a0\u00a0\u00a0\u00a0\u00a0\u00a0\u00a0\u00a0\u00a0\u00a0\u00a0\u00a0\u00a0\u00a0\u00a0\u00a0\u00a0\u00a0\u00a0\u00a0\u00a0\u00a0\u00a0\u00a0\u00a0\u00a0 Kava\/Programme Sarja teine kultuuri\u00f5htu \u201cVechornytsi\u201d keskendub paljutahulisele Ukrainale. V\u00f5\u00f5rustajateks on T\u00dc t\u00f6\u00f6tajad ja \u00fcli\u00f5pilased Ukrainast koos T\u00dc personaliosakonna ja Tartu loodusmaja inimestega &#8230;<\/p>\n","protected":false},"author":47,"featured_media":0,"parent":0,"menu_order":0,"comment_status":"closed","ping_status":"closed","template":"","meta":{"_acf_changed":false,"inline_featured_image":false,"footnotes":""},"class_list":["post-8","page","type-page","status-publish","hentry"],"acf":[],"_links":{"self":[{"href":"https:\/\/sisu.ut.ee\/culturerich\/wp-json\/wp\/v2\/pages\/8","targetHints":{"allow":["GET"]}}],"collection":[{"href":"https:\/\/sisu.ut.ee\/culturerich\/wp-json\/wp\/v2\/pages"}],"about":[{"href":"https:\/\/sisu.ut.ee\/culturerich\/wp-json\/wp\/v2\/types\/page"}],"author":[{"embeddable":true,"href":"https:\/\/sisu.ut.ee\/culturerich\/wp-json\/wp\/v2\/users\/47"}],"replies":[{"embeddable":true,"href":"https:\/\/sisu.ut.ee\/culturerich\/wp-json\/wp\/v2\/comments?post=8"}],"version-history":[{"count":1,"href":"https:\/\/sisu.ut.ee\/culturerich\/wp-json\/wp\/v2\/pages\/8\/revisions"}],"predecessor-version":[{"id":267,"href":"https:\/\/sisu.ut.ee\/culturerich\/wp-json\/wp\/v2\/pages\/8\/revisions\/267"}],"wp:attachment":[{"href":"https:\/\/sisu.ut.ee\/culturerich\/wp-json\/wp\/v2\/media?parent=8"}],"curies":[{"name":"wp","href":"https:\/\/api.w.org\/{rel}","templated":true}]}}