{"id":23,"date":"2024-04-04T01:46:23","date_gmt":"2024-04-03T22:46:23","guid":{"rendered":"https:\/\/sisu.ut.ee\/culturerich\/estonia-27102016-0\/"},"modified":"2024-04-04T01:46:59","modified_gmt":"2024-04-03T22:46:59","slug":"estonia-27102016-0","status":"publish","type":"page","link":"https:\/\/sisu.ut.ee\/culturerich\/estonia-27102016-0\/","title":{"rendered":"Estonia (27.10.2016)"},"content":{"rendered":"<p><strong><a href=\"http:\/\/www.uttv.ee\/fotod#id_galerii=10713\" target=\"_blank\" rel=\"noopener\"><span>Vaata fotosid \/ Look at the photos!<\/span><\/a><\/strong><\/p>\n<p>Aeg ja koht\/Time and venue\u00a0\u00a0\u00a0\u00a0\u00a0\u00a0\u00a0\u00a0\u00a0\u00a0\u00a0 <br><\/p>\n<p>18:00-21:00, <a href=\"http:\/\/www.tartuloodusmaja.ee\/ET\/kontaktid\/ET\/kontaktid\/\" target=\"_blank\" rel=\"noopener\"><span style=\"text-decoration: underline\" data-mce-mark=\"1\"><span style=\"color: #0066cc\" data-mce-mark=\"1\">Lille 10, Tartu (Tartu loodusmaja\/Tartu Nature House<\/span><\/span><\/a><a href=\"http:\/\/www.tartuloodusmaja.ee\/ET\/kontaktid\/ET\/kontaktid\/\" target=\"_blank\" rel=\"noopener\"><span style=\"text-decoration: underline\" data-mce-mark=\"1\"><span style=\"color: #0066cc\" data-mce-mark=\"1\">) <\/span><\/span><\/a><\/p>\n<p><strong>Kava\/Programme\u00a0\u00a0\u00a0\u00a0\u00a0\u00a0\u00a0\u00a0\u00a0\u00a0\u00a0\u00a0\u00a0\u00a0\u00a0\u00a0\u00a0\u00a0\u00a0\u00a0\u00a0\u00a0\u00a0\u00a0\u00a0\u00a0\u00a0\u00a0\u00a0\u00a0\u00a0\u00a0\u00a0\u00a0\u00a0\u00a0\u00a0\u00a0\u00a0\u00a0\u00a0\u00a0\u00a0\u00a0\u00a0\u00a0\u00a0\u00a0\u00a0\u00a0\u00a0\u00a0\u00a0\u00a0\u00a0\u00a0\u00a0\u00a0\u00a0\u00a0\u00a0\u00a0\u00a0\u00a0\u00a0\u00a0\u00a0\u00a0\u00a0\u00a0\u00a0\u00a0\u00a0\u00a0\u00a0\u00a0\u00a0\u00a0\u00a0\u00a0\u00a0\u00a0\u00a0\u00a0\u00a0\u00a0\u00a0\u00a0\u00a0\u00a0\u00a0\u00a0\u00a0\u00a0\u00a0\u00a0\u00a0\u00a0\u00a0\u00a0\u00a0\u00a0\u00a0\u00a0\u00a0\u00a0\u00a0\u00a0 \u00a0 \u00a0 \u00a0 \u00a0 \u00a0 \u00a0 \u00a0 \u00a0 \u00a0 \u00a0 \u00a0 \u00a0 \u00a0 \u00a0 \u00a0 \u00a0 \u00a0\u00a0 <\/strong><br><span style=\"background-color: #2798d8;color: #ffffff\" data-mce-mark=\"1\"><img loading=\"lazy\" decoding=\"async\" style=\"float: right\" class=\"text-right\" src=\"\/wp-content\/uploads\/sites\/138\/eesti_lipp.png\" width=\"159\" height=\"101\"><\/span><\/p>\n\n<p>Sarja\u00a0seitsmes <strong>kultuuri\u00f5htu <\/strong>keskendub Eestile. V\u00f5\u00f5rustajateks on T\u00dc Viljandi kultuuriakadeemia\u00a0t\u00f6\u00f6tajad ja \u00fcli\u00f5pilased koos T\u00dc personaliosakonna ja Tartu loodusmaja inimestega \u2013 kultuuri\u00f5htul on teil v\u00f5imalus olla osaline loos, mis tutvustab Eesti kultuuri, tavasid, loodusvaatamisv\u00e4\u00e4rsusi ja rahvamuusikat. Sel laseme end kaasa haarata muusikast ning naudime suupisteid. Lugusid loodusest vahendab Juhani P\u00fcttsepp.<\/p>\n<p>The seventh\u00a0event in the series will introduce the traditions and culture of\u00a0<strong>Estonia<\/strong> and offer a glimpse of interesting\u00a0nature locations across the country. The event will take place in the Tartu Nature House at Lille 10, Tartu, on 27 October at 18:00 and is hosted by the staff and students from UT Viljandi Culture Academy, together with UT Human Resources Office and Tartu Nature House. You will have the chance to learn interesting things about the customs and traditions of Estonia and enjoy music. Juhani P\u00fcttsepp will share the stories about the Estonian nature.\u00a0 You will be offered some traditional Estonian food and drinks.<\/p>\n<p><strong>Programme highlights:<\/strong><\/p>\n<ul>\n<li>Presentation about Estonia<\/li>\n<li>Estonian food and drinks<\/li>\n<li>Estonian folk music<\/li>\n<li>Workshops:\u00a0 Estonian folk dance and songs<\/li>\n<\/ul>\n<table class=\"table table-hover\" style=\"width: 100%\" cellspacing=\"0\" cellpadding=\"0\" border=\"0\">\n<tbody>\n<tr>\n<td valign=\"top\">\n<p><img loading=\"lazy\" decoding=\"async\" width=\"1576\" height=\"1050\" class=\"alignnone wp-image-73\" style=\"margin-left: auto;margin-right: auto\" src=\"https:\/\/sisu.ut.ee\/wp-content\/uploads\/sites\/138\/laulupidu.jpeg\" title=\"http:\/\/www.kultuurilinnad.ee\/et\/sundmus\/13\" alt=\"http:\/\/www.kultuurilinnad.ee\/et\/sundmus\/13\" srcset=\"https:\/\/sisu.ut.ee\/wp-content\/uploads\/sites\/138\/laulupidu.jpeg 1576w, https:\/\/sisu.ut.ee\/wp-content\/uploads\/sites\/138\/laulupidu-300x200.jpeg 300w, https:\/\/sisu.ut.ee\/wp-content\/uploads\/sites\/138\/laulupidu-1024x682.jpeg 1024w, https:\/\/sisu.ut.ee\/wp-content\/uploads\/sites\/138\/laulupidu-768x512.jpeg 768w, https:\/\/sisu.ut.ee\/wp-content\/uploads\/sites\/138\/laulupidu-1536x1023.jpeg 1536w\" sizes=\"auto, (max-width: 1576px) 100vw, 1576px\"><\/p>\n<\/td>\n<td valign=\"top\">\n<p><img loading=\"lazy\" decoding=\"async\" width=\"790\" height=\"529\" class=\"alignnone wp-image-72\" style=\"margin-left: auto;margin-right: auto\" src=\"https:\/\/sisu.ut.ee\/wp-content\/uploads\/sites\/138\/kiluvoileib.jpg\" title=\"http:\/\/mypassionatelife.blogspot.com.ee\/2014\/05\/kiluvoileib.html\" alt=\"http:\/\/mypassionatelife.blogspot.com.ee\/2014\/05\/kiluvoileib.html\" srcset=\"https:\/\/sisu.ut.ee\/wp-content\/uploads\/sites\/138\/kiluvoileib.jpg 790w, https:\/\/sisu.ut.ee\/wp-content\/uploads\/sites\/138\/kiluvoileib-300x201.jpg 300w, https:\/\/sisu.ut.ee\/wp-content\/uploads\/sites\/138\/kiluvoileib-768x514.jpg 768w\" sizes=\"auto, (max-width: 790px) 100vw, 790px\"><\/p>\n<p>\u00a0<\/p>\n<\/td>\n<td valign=\"top\">\n<p><img loading=\"lazy\" decoding=\"async\" width=\"1920\" height=\"1081\" class=\"alignnone wp-image-74\" style=\"vertical-align: top;margin-left: auto;margin-right: auto\" src=\"https:\/\/sisu.ut.ee\/wp-content\/uploads\/sites\/138\/hommik_mukri_rabas.jpg\" title=\"https:\/\/et.wikipedia.org\/wiki\/Eesti#\/media\/File:Hommik_Mukri_rabas.jpg\" alt=\"https:\/\/et.wikipedia.org\/wiki\/Eesti#\/media\/File:Hommik_Mukri_rabas.jpg\" srcset=\"https:\/\/sisu.ut.ee\/wp-content\/uploads\/sites\/138\/hommik_mukri_rabas.jpg 1920w, https:\/\/sisu.ut.ee\/wp-content\/uploads\/sites\/138\/hommik_mukri_rabas-300x169.jpg 300w, https:\/\/sisu.ut.ee\/wp-content\/uploads\/sites\/138\/hommik_mukri_rabas-1024x577.jpg 1024w, https:\/\/sisu.ut.ee\/wp-content\/uploads\/sites\/138\/hommik_mukri_rabas-768x432.jpg 768w, https:\/\/sisu.ut.ee\/wp-content\/uploads\/sites\/138\/hommik_mukri_rabas-1536x865.jpg 1536w\" sizes=\"auto, (max-width: 1920px) 100vw, 1920px\"><\/p>\n<\/td>\n<\/tr>\n<\/tbody>\n<\/table>\n<p class=\"MsoNormal\">\n<\/p><p><strong>Osalemine\/Participation<\/strong><\/p>\n<p style=\"text-align: justify\">Oodatud on huvilised igas vanuses! \u00d5htu on inglise keeles eestikeelsete selgitustega. Osalustasu on 5 eurot, alla 10 a lapsed on teretulnud tasuta. <strong><span style=\"text-decoration: underline\" data-mce-mark=\"1\"><span style=\"color: #0066cc\" data-mce-mark=\"1\">Registreerumiseks palun vajutage siia (registreerumine on l\u00f5ppenud)<\/span><\/span><\/strong>. Kuna kohtade arv on piiratud, palume tasuda osav\u00f5tumaks ning ennast kirja panna esimesel v\u00f5imalusel. Registreerumise t\u00e4htaeg on <strong>25. oktoober<\/strong>. K\u00fcsimuste korral ja lisainfo saamiseks palun v\u00f5tke \u00fchendust Sirli Urbasega (<a href=\"mailto:sirli.urbas@ut.ee\"><span style=\"text-decoration: underline\" data-mce-mark=\"1\"><span style=\"color: #0066cc\" data-mce-mark=\"1\">sirli.urbas@ut.ee<\/span><\/span><\/a>).\u00a0<\/p>\n<p style=\"text-align: justify\">Everybody is welcome, regardless of age! Seminar will be held in English, explanations in Estonian will also be provided. The event is free for kids under the age 10 and costs 5 euros for others.\u00a0<strong><span style=\"text-decoration: underline\" data-mce-mark=\"1\"><span style=\"color: #0066cc\" data-mce-mark=\"1\">For registration please follow the link<\/span><\/span><\/strong> (registration is closed). As the number of seats is limited, we kindly request you to transfer participation fee and register as early as possible. The deadline for registration is <strong>25 October<\/strong>. For any further information please contact, Sirli Urbas (<a href=\"mailto:sirli.urbas@ut.ee\"><span style=\"text-decoration: underline\" data-mce-mark=\"1\"><span style=\"color: #0066cc\" data-mce-mark=\"1\">sirli.urbas@ut.ee<\/span><\/span><\/a>).\u00a0<\/p>\n<p><strong>Makse saaja\/Beneficiary name:<\/strong> Tartu Keskkonnahariduse Keskus <strong>Konto\/account:<\/strong> Swedbank EE502200221019407978 <strong>Selgitus\/Payment description:<\/strong> osaleja nimi\/the name of the participant + 27. oktoobri kultuuri\u00f5htu osalustasu\/the culture evening of 27 October.<\/p>\n<p class=\"MsoNormal\"><span style=\"font-size: 11.0pt;font-family: 'Calibri','sans-serif';color: #1f497d\" data-mce-mark=\"1\"><a href=\"https:\/\/sisu.ut.ee\/culturerich\/estonia-27102016-0\">https:\/\/sisu.ut.ee\/culturerich\/estonia-27102016-0<\/a><\/span><\/p>\n","protected":false},"excerpt":{"rendered":"<p>Vaata fotosid \/ Look at the photos! Aeg ja koht\/Time and venue\u00a0\u00a0\u00a0\u00a0\u00a0\u00a0\u00a0\u00a0\u00a0\u00a0\u00a0 18:00-21:00, Lille 10, Tartu (Tartu loodusmaja\/Tartu Nature House) Kava\/Programme\u00a0\u00a0\u00a0\u00a0\u00a0\u00a0\u00a0\u00a0\u00a0\u00a0\u00a0\u00a0\u00a0\u00a0\u00a0\u00a0\u00a0\u00a0\u00a0\u00a0\u00a0\u00a0\u00a0\u00a0\u00a0\u00a0\u00a0\u00a0\u00a0\u00a0\u00a0\u00a0\u00a0\u00a0\u00a0\u00a0\u00a0\u00a0\u00a0\u00a0\u00a0\u00a0\u00a0\u00a0\u00a0\u00a0\u00a0\u00a0\u00a0\u00a0\u00a0\u00a0\u00a0\u00a0\u00a0\u00a0\u00a0\u00a0\u00a0\u00a0\u00a0\u00a0\u00a0\u00a0\u00a0\u00a0\u00a0\u00a0\u00a0\u00a0\u00a0\u00a0\u00a0\u00a0\u00a0\u00a0\u00a0\u00a0\u00a0\u00a0\u00a0\u00a0\u00a0\u00a0\u00a0\u00a0\u00a0\u00a0\u00a0\u00a0\u00a0\u00a0\u00a0\u00a0\u00a0\u00a0\u00a0\u00a0\u00a0\u00a0\u00a0\u00a0\u00a0\u00a0\u00a0\u00a0\u00a0\u00a0 \u00a0 \u00a0 \u00a0 \u00a0 \u00a0 \u00a0 \u00a0 \u00a0 \u00a0 \u00a0 \u00a0 \u00a0 \u00a0 \u00a0 \u00a0 \u00a0 \u00a0\u00a0 Sarja\u00a0seitsmes kultuuri\u00f5htu &#8230;<\/p>\n","protected":false},"author":47,"featured_media":0,"parent":0,"menu_order":0,"comment_status":"closed","ping_status":"closed","template":"","meta":{"_acf_changed":false,"inline_featured_image":false,"footnotes":""},"class_list":["post-23","page","type-page","status-publish","hentry"],"acf":[],"_links":{"self":[{"href":"https:\/\/sisu.ut.ee\/culturerich\/wp-json\/wp\/v2\/pages\/23","targetHints":{"allow":["GET"]}}],"collection":[{"href":"https:\/\/sisu.ut.ee\/culturerich\/wp-json\/wp\/v2\/pages"}],"about":[{"href":"https:\/\/sisu.ut.ee\/culturerich\/wp-json\/wp\/v2\/types\/page"}],"author":[{"embeddable":true,"href":"https:\/\/sisu.ut.ee\/culturerich\/wp-json\/wp\/v2\/users\/47"}],"replies":[{"embeddable":true,"href":"https:\/\/sisu.ut.ee\/culturerich\/wp-json\/wp\/v2\/comments?post=23"}],"version-history":[{"count":1,"href":"https:\/\/sisu.ut.ee\/culturerich\/wp-json\/wp\/v2\/pages\/23\/revisions"}],"predecessor-version":[{"id":252,"href":"https:\/\/sisu.ut.ee\/culturerich\/wp-json\/wp\/v2\/pages\/23\/revisions\/252"}],"wp:attachment":[{"href":"https:\/\/sisu.ut.ee\/culturerich\/wp-json\/wp\/v2\/media?parent=23"}],"curies":[{"name":"wp","href":"https:\/\/api.w.org\/{rel}","templated":true}]}}