{"id":19,"date":"2024-04-04T01:46:22","date_gmt":"2024-04-03T22:46:22","guid":{"rendered":"https:\/\/sisu.ut.ee\/culturerich\/hungary-8122016\/"},"modified":"2024-04-04T01:46:59","modified_gmt":"2024-04-03T22:46:59","slug":"hungary-8122016","status":"publish","type":"page","link":"https:\/\/sisu.ut.ee\/culturerich\/hungary-8122016\/","title":{"rendered":"Hungary (15.12.2016)"},"content":{"rendered":"<p><a href=\"http:\/\/www.uttv.ee\/fotod#id_galerii=10798\" target=\"_blank\" rel=\"noopener\"><strong><strong><span>Vaata fotosid \/ Look at the photos!<\/span><\/strong><\/strong><\/a><\/p>\n<p><strong>Aeg ja koht\/Time and venue\u00a0\u00a0\u00a0\u00a0\u00a0\u00a0\u00a0\u00a0\u00a0\u00a0\u00a0 <br><\/strong><\/p>\n<p>19:00-22:00, <a href=\"http:\/\/www.tartuloodusmaja.ee\/ET\/kontaktid\/ET\/kontaktid\/\" target=\"_blank\" rel=\"noopener\">Lille 10, Tartu (Tartu loodusmaja\/Tartu Nature House<\/a><a href=\"http:\/\/www.tartuloodusmaja.ee\/ET\/kontaktid\/ET\/kontaktid\/\" target=\"_blank\" rel=\"noopener\">) <\/a><\/p>\n<p><strong>Kava\/Programme \u00a0 \u00a0 \u00a0 \u00a0 \u00a0 \u00a0 \u00a0 \u00a0 \u00a0 \u00a0 \u00a0 \u00a0 \u00a0 \u00a0 \u00a0 \u00a0 \u00a0 \u00a0 \u00a0 \u00a0 \u00a0 \u00a0 \u00a0 \u00a0 \u00a0 \u00a0 \u00a0 \u00a0 \u00a0 \u00a0 \u00a0 \u00a0 \u00a0 \u00a0 \u00a0 \u00a0 \u00a0 \u00a0 \u00a0 \u00a0 \u00a0 \u00a0 \u00a0 \u00a0 \u00a0 \u00a0 \u00a0 \u00a0 \u00a0 \u00a0 \u00a0 \u00a0 \u00a0 \u00a0 \u00a0 \u00a0 <\/strong><\/p>\n<p>Sarja\u00a0kaheksas\u00a0<strong>kultuuri\u00f5htu \u201cJ\u00f5ulud\u201d <\/strong>keskendub Ungarile. V\u00f5\u00f5rustajateks on Ungarist p\u00e4rit\u00a0t\u00f6\u00f6tajad ja \u00fcli\u00f5pilased koos T\u00dc personaliosakonna ja Tartu loodusmaja inimestega \u2013 kultuuri\u00f5htul on teil v\u00f5imalus tutvuda Ungari kultuuri, tavade ja vaatamisv\u00e4\u00e4rsustega. Kultuuriprogrammi osaks on ka traditsioonilised Ungari j\u00f5ulus\u00f6\u00f6gid ning muusika. Soovijatel on v\u00f5imalik degusteerida Ungari veine, \u00f5ppida Ungari\u00a0 tantse ja osaleda viktoriinil.<\/p>\n<p>The eight event in the series is titled<strong> \u201eKar\u00e1csony\u201d<\/strong> and it will introduce the variegated Christmas traditions in Hungary. The event will take place in the Tartu Nature House at Lille 10, Tartu, on 15 December \u00a0and is hosted by the staff and students from Hungary, together with UT Human Resources Office and Tartu Nature House. You will have the chance to learn interesting things about the customs and traditions of Hungary and enjoy music. You will be offered some traditional Hungarian Christmas food. The event will also include Hungarian wine tasting, to try out Hungarian dances and take part of Quiz.<\/p>\n<table class=\"table table-hover\" border=\"0\" align=\"center\">\n<tbody>\n<tr>\n<td><img loading=\"lazy\" decoding=\"async\" src=\"\/wp-content\/uploads\/sites\/138\/eredetilead18281_0.jpg\" title=\"http:\/\/www.minalunk.hu\/ tatabanya\/index.php?n=5&amp;tartalom_id=29223&amp;area=524\" width=\"151\" height=\"100\">\u00a0<img loading=\"lazy\" decoding=\"async\" src=\"\/wp-content\/uploads\/sites\/138\/feneketlen_to_templom.jpg\" title=\"http:\/\/www.fabulousbudapest.com\/ top3-parks-in-buda\/\" width=\"143\" height=\"100\">\u00a0<img loading=\"lazy\" decoding=\"async\" src=\"\/wp-content\/uploads\/sites\/138\/budapest-eye-view6_574_383.jpg\" title=\"http:\/\/visitbudapest.travel\/articles\/budapest-eye\/\" width=\"150\" height=\"100\">\u00a0<img loading=\"lazy\" decoding=\"async\" src=\"https:\/\/sisu.ut.ee\/wp-content\/uploads\/sites\/138\/5588fe9287d96.jpg\" title=\"http:\/\/racvarosihorgaszbolt.hu\/ hirek\/horgasszon-telen-is-a-hangulatos-bokodi-tonal\" data-file_info=\"%7B%22fid%22:%2217103%22,%22view_mode%22:%22default%22,%22type%22:%22media%22%7D\" width=\"150\" height=\"100\"><\/td>\n<\/tr>\n<\/tbody>\n<\/table>\n<p><strong>Programme highlights:<\/strong><\/p>\n<ul>\n<li>Movie about Hungarians in\u00a0Estonia. Comments will be given by Hungarian Honorary Consul in Tartu, Mr. Istv\u00e1n B\u00e1n<\/li>\n<li>\u00a0Presentation about Hungary<\/li>\n<li>\u00a0Quiz<\/li>\n<li>Traditional music and musical instruments from Hungary<\/li>\n<li>Hungarian Christmas carols<\/li>\n<li>Hungarian Christmas food<\/li>\n<li>Workshops: <br> Hungarian dancing steps and tasting Hungarian wines<\/li>\n<\/ul>\n<table class=\"table table-hover\" border=\"0\" align=\"center\">\n<tbody>\n<tr>\n<td><img loading=\"lazy\" decoding=\"async\" src=\"https:\/\/sisu.ut.ee\/wp-content\/uploads\/sites\/138\/halaszle.jpg\" title=\"http:\/\/hvg.hu\/gasztronomia\/\n20101221_tokeletes_halaszle_\nrecept\" data-file_info=\"%7B%22fid%22:%2217106%22,%22view_mode%22:%22default%22,%22type%22:%22media%22%7D\" width=\"171\" height=\"120\">\u00a0<img loading=\"lazy\" decoding=\"async\" src=\"https:\/\/sisu.ut.ee\/wp-content\/uploads\/sites\/138\/miskolctapolca_zmena-velikosti.jpg\" title=\"http:\/\/www.buzz-inn.in\/ \nwp-content\/uploads\/\n2015\/09\/Thermal-baths-\ninside-a-cave-Miskolc-\nTapolca-Hungary7.png\" data-file_info=\"%7B%22fid%22:%2217107%22,%22view_mode%22:%22default%22,%22type%22:%22media%22%7D\" width=\"150\" height=\"120\">\u00a0<img loading=\"lazy\" decoding=\"async\" src=\"https:\/\/sisu.ut.ee\/wp-content\/uploads\/sites\/138\/borvidek_0.jpg\" title=\"http:\/\/www.agraragazat.hu\/\nkategoria\/cikk-temak\/borvidek\n?page=2\" data-file_info=\"%7B%22fid%22:%2217108%22,%22view_mode%22:%22default%22,%22type%22:%22media%22%7D\" width=\"165\" height=\"120\">\u00a0<img loading=\"lazy\" decoding=\"async\" src=\"https:\/\/sisu.ut.ee\/wp-content\/uploads\/sites\/138\/szak9162_4c.jpg\" title=\"http:\/\/zaol.hu\/nagykanizsa\/\nzalai-neptancosok-adtak-\nrandevut-egymasnak-1663217\" data-file_info=\"%7B%22fid%22:%2217109%22,%22view_mode%22:%22default%22,%22type%22:%22media%22%7D\" width=\"158\" height=\"120\"><\/td>\n<\/tr>\n<\/tbody>\n<\/table>\n<p>Oodatud on huvilised igas vanuses! \u00d5htu on inglise keeles eestikeelsete selgitustega. Osalustasu on 5 eurot, alla 10 a lapsed on teretulnud tasuta. <span style=\"text-align: justify;background-color: #ffffff\"><strong>Registreerumiseks palun vajutage<\/strong><\/span><a style=\"text-align: justify;background-color: #ffffff\" href=\"http:\/\/moodle.ut.ee\/ht_reg_form\/index.php\/form\/view\/1542\" target=\"_blank\" rel=\"noopener\"><strong> <\/strong><\/a><span style=\"text-align: justify;background-color: #ffffff\"><strong>siia<\/strong><\/span> (registreerumine on l\u00f5ppenud). Kuna kohtade arv on piiratud, palume tasuda osav\u00f5tumaks ning ennast kirja panna esimesel v\u00f5imalusel. Registreerumise t\u00e4htaeg on <strong style=\"text-align: justify\">13. detsember<\/strong>. K\u00fcsimuste korral ja lisainfo saamiseks palun v\u00f5tke \u00fchendust Sirli Urbasega (<a style=\"text-align: justify;background-color: #ffffff\" href=\"mailto:sirli.urbas@ut.ee\">sirli.urbas@ut.ee<\/a>).\u00a0<\/p>\n<p><strong>Osalemine\/Participation\u00a0<\/strong><\/p>\n<p style=\"text-align: justify\">Everybody is welcome, regardless of age! Seminar will be held in English, explanations in Estonian will also be provided. The event is free for kids under the age 10 and costs 5 euros for others.\u00a0<strong>For registration please follow the link (registration is closed)<\/strong>. As the number of seats is limited, we kindly request you to transfer participation fee and register as early as possible. The deadline for registration is <strong>13 December<\/strong>. For any further information please contact, Sirli Urbas (<a href=\"mailto:sirli.urbas@ut.ee\">sirli.urbas@ut.ee<\/a>).\u00a0<\/p>\n<p><strong>Makse saaja\/Beneficiary name:<\/strong> Tartu Keskkonnahariduse Keskus <strong>Konto\/account:<\/strong> Swedbank EE502200221019407978 <strong>Selgitus\/Payment description:<\/strong> osaleja nimi\/the name of the participant + 15. detsembri kultuuri\u00f5htu osalustasu\/the culture evening of 15 December.\u00a0<\/p>\n<p><strong>Veel olulist\/Please note <\/strong><\/p>\n<ul>\n<li>\n<p style=\"text-align: justify\">Pildistamine: v\u00f5ib juhtuda, et korraldajad teevad kultuuri\u00f5htutel fotosid ning avaldavad need hiljem Tartu \u00dclikooliga seotud infokanalites (prinditud kujul, veebis, sotsiaalmeedias jm). Fotosid ei anta kolmandatele isikutele ega kasutata kommertseesm\u00e4rkidel. Kui te ei soovi, et teid v\u00f5i teie alaealisi lapsi pildistataks, palun \u00f6elge seda enne s\u00fcndmuse toimumist korraldajale. Korraldajad ei v\u00f5ta vastutust teiste s\u00fcndmusel osalejate poolt tehtud fotode ning nende kasutamise eest. \/ During our events organizers might take photos and publish them (print, web, social media) in connection with the University of Tartu. The photos will not be given to third parties and they will not be used commercially. If you do not agree with your picture (or photo of your child) being taken please tell us at the beginning of each event. Organizers are not responsible for photos and their use, taken by participants of the event.<\/p>\n<\/li>\n<li>\n<p style=\"text-align: justify\">Oleme t\u00e4nulikud, kui registreerite s\u00fcndmusele k\u00f5ik inimesed, kes teiega kaasa tulevad ning annate meile teada, kui osalemise t\u00fchistate. See aitab meil s\u00fcndmusi paremini planeerida. \/ We appreciate you to enroll all of the people who you wish to bring along and please let us know if you have to cancel your participation. This helps us to plan our events and costs better.<\/p>\n<\/li>\n<li>Registreeringu t\u00fchistamise v\u00f5i \u00fcritusele tulemata j\u00e4tmise korral ei tagastata makstud osalustasu. \/ In case of a cancellation or failure to attend, the participation fee will not reimbursed.\n<\/li>\n<li>\n<p style=\"text-align: justify\">Me ei planeeri riskantseid tegevusi, ent osalemine on ikkagi omal vastutusel. Palume lastega tulijatel neil ise silm peal hoida. Anname oma parima, et s\u00fcndmused sujuksid kenasti, kuid T\u00dc ega Tartu loodusmaja ei vastuta etten\u00e4gematute probleemsete juhtumite eest (vargus, vigastus jmt). \/\u00a0 We don\u2019t plan dangerous activities but participation is still at your own risk. Parents are responsible for their children and are expected to supervise them. Claims against University of Tartu or a member of staff regarding liability for theft, personal injury or property damage are expressly excluded.<\/p>\n<\/li>\n<\/ul>\n","protected":false},"excerpt":{"rendered":"<p>Vaata fotosid \/ Look at the photos! Aeg ja koht\/Time and venue\u00a0\u00a0\u00a0\u00a0\u00a0\u00a0\u00a0\u00a0\u00a0\u00a0\u00a0 19:00-22:00, Lille 10, Tartu (Tartu loodusmaja\/Tartu Nature House) Kava\/Programme \u00a0 \u00a0 \u00a0 \u00a0 \u00a0 \u00a0 \u00a0 \u00a0 \u00a0 \u00a0 \u00a0 \u00a0 \u00a0 \u00a0 \u00a0 \u00a0 \u00a0 \u00a0 \u00a0 &#8230;<\/p>\n","protected":false},"author":47,"featured_media":0,"parent":0,"menu_order":0,"comment_status":"closed","ping_status":"closed","template":"","meta":{"_acf_changed":false,"inline_featured_image":false,"footnotes":""},"class_list":["post-19","page","type-page","status-publish","hentry"],"acf":[],"_links":{"self":[{"href":"https:\/\/sisu.ut.ee\/culturerich\/wp-json\/wp\/v2\/pages\/19","targetHints":{"allow":["GET"]}}],"collection":[{"href":"https:\/\/sisu.ut.ee\/culturerich\/wp-json\/wp\/v2\/pages"}],"about":[{"href":"https:\/\/sisu.ut.ee\/culturerich\/wp-json\/wp\/v2\/types\/page"}],"author":[{"embeddable":true,"href":"https:\/\/sisu.ut.ee\/culturerich\/wp-json\/wp\/v2\/users\/47"}],"replies":[{"embeddable":true,"href":"https:\/\/sisu.ut.ee\/culturerich\/wp-json\/wp\/v2\/comments?post=19"}],"version-history":[{"count":1,"href":"https:\/\/sisu.ut.ee\/culturerich\/wp-json\/wp\/v2\/pages\/19\/revisions"}],"predecessor-version":[{"id":256,"href":"https:\/\/sisu.ut.ee\/culturerich\/wp-json\/wp\/v2\/pages\/19\/revisions\/256"}],"wp:attachment":[{"href":"https:\/\/sisu.ut.ee\/culturerich\/wp-json\/wp\/v2\/media?parent=19"}],"curies":[{"name":"wp","href":"https:\/\/api.w.org\/{rel}","templated":true}]}}