{"id":70,"date":"2024-04-04T08:32:20","date_gmt":"2024-04-04T05:32:20","guid":{"rendered":"https:\/\/sisu.ut.ee\/craft\/naitused-2019-0\/"},"modified":"2024-08-25T09:21:29","modified_gmt":"2024-08-25T06:21:29","slug":"naitused-2019-0","status":"publish","type":"page","link":"https:\/\/sisu.ut.ee\/craft\/naitused-2019-0\/","title":{"rendered":"N\u00e4itused 2019"},"content":{"rendered":"<h4 style=\"text-align: justify;\">\u201eKirjatud tekid\u201c<\/h4>\n<p style=\"text-align: justify;\"><a title=\"\" href=\"https:\/\/sakala.postimees.ee\/6499943\/kultuuriakadeemia-naitab-riigikogus-tekke%20\" target=\"_blank\" rel=\"noopener\" data-url=\"https:\/\/sakala.postimees.ee\/6499943\/kultuuriakadeemia-naitab-riigikogus-tekke \">N\u00e4itusel eksponeeriti kangakudumise \u00f5ppeaines telgedel kootud villaseid koopiatekke<\/a>, mis on valminud traditsioonilisi tehnikaid, materjale ja t\u00f6\u00f6vahendeid kasutades. Erinevad kirjad on saanud rahvap\u00e4raseid nimesid linnu- ja loomariigi esindajate v\u00f5i majapidamises kasutatavate esemete j\u00e4rgi. Nii tuntakse n\u00e4iteks sitika-, saehamba-, t\u00fcnni- ja lauajalakirja, p\u00e4\u00e4susaba- ja kalasabakirja. Kangastelgedel kootud mustrilised tekid on valmistatud muuseumis s\u00e4ilinud terviklike tekkide v\u00f5i tekikatkete p\u00f5hjal, andes seel\u00e4bi uue elu unustusse vajunud k\u00e4sit\u00f6\u00f6p\u00e4randile ja \u00fchtlasi \u00fcli\u00f5pilasele \u00f5pikogemuse. Originaalid asuvad Eesti erinevate muuseumite tekstiilikogudes. Selliseid tekke on kootud k\u00f5ikjal Eestis. Mustrite mahav\u00f5tmist ja kangakudumist juhendas \u00f5ppej\u00f5ud Christi K\u00fctt. N\u00e4itus oli \u00fcleval:<br>\n15.01.-15.02.2019 Riigikogu, Toompea lossi III korruse n\u00e4itusesaalis Tallinnas,<br>\n13.03.-26.05.2019 Rehbinderi maja galeriis Rakveres (Tallinna tn 5).<\/p>\n<h4 style=\"text-align: justify;\">\u201e\u00dcits ravvat\u00fckk miu pihun\u201c<\/h4>\n<p style=\"text-align: justify;\">8. aprillist 9. juunini 2019 sai Tartu \u00dclikooli muuseumis vaadata <a title=\"\" href=\"https:\/\/viljandi.ut.ee\/et\/sisu\/tuleb-metallitoo-eriala-uliopilaste-oppetoode-naitus-uits-ravvatukk-miu-pihun\" target=\"_blank\" rel=\"noopener\" data-url=\"https:\/\/viljandi.ut.ee\/et\/sisu\/tuleb-metallitoo-eriala-uliopilaste-oppetoode-naitus-uits-ravvatukk-miu-pihun\">rahvusliku metallit\u00f6\u00f6 eriala \u00fcli\u00f5pilaste erinevates tehnoloogiates ja materjalides valmistatud taieseid<\/a> (ehted, sepised, tarbeesemed). \u201e\u00dcits ravvat\u00fckk miu pihun\u201c t\u00e4hendab mulgi keeles rauat\u00fckki mu pihus. See v\u00e4ljendab meie toode valmimise esimesi samme \u2013 k\u00f5igepealt on m\u00f5te, idee, eesm\u00e4rk, materjal ning seej\u00e4rel tuleb l\u00e4bi m\u00f5elda eseme kujundus ja selle valmistamiseks leida sobivad tehnoloogiad. Kasutatud on mitmeid erinevaid p\u00f5nevate nimedega tehnoloogiaid \u2013 n\u00e4iteks valu, viilimine, taondamine, v\u00e4\u00e4namine, kiviistutus, filigraan, mokumegane, emailimine ja punumine; materjalidest h\u00f5bedat, vaske, messingut, terast, luud, puitu jm. Kuraator oli Eilve Manglus.<\/p>\n<h4 style=\"text-align: justify;\">Reservtr\u00fcki r\u00e4ndn\u00e4itus<\/h4>\n<p style=\"text-align: justify;\">N\u00e4itusel olid v\u00e4ljas Tartu \u00dclikooli Viljandi kultuuriakadeemia p\u00e4randtehnoloogia \u00f5ppekava rahvusliku tekstiili eriala kolmanda aasta tudengite valminud tood. K\u00e4tt prooviti pakutr\u00fcki valikaines, kus valmisid kangan\u00e4idised otsetr\u00fcki ja s\u00f6\u00f6vitustr\u00fcki tehnikas. Lisaks k\u00e4idi v\u00e4lit\u00f6\u00f6del Kolkjal Peipsimaa K\u00fclastuskeskuses, kus tehti l\u00e4bi k\u00f5ik reservtr\u00fcki t\u00f6\u00f6etapid, mille tulemusel valmisid tr\u00fckimustrilised sinised kangan\u00e4idised. Reservtr\u00fckki juhendas p\u00e4randtehnoloog \u00d5nne Uus, s\u00f6\u00f6vitus- ja otsetr\u00fckki tutvustas tudengitele Astri Kaljus.<br>\nR\u00e4ndn\u00e4ituse toimumiskohad:<br>\n25.06.-16.08.2019 Viljandi, T\u00dc Viljandi kultuuriakadeemia Vilma maja galerii,<br>\n22.08.-29.09.2019 Kolkja, Peipsimaa K\u00fclastuskeskus,<br>\n02.-31.10.2019 Tallinn, ERKL Allikamaja koolituskeskus.<\/p>\n<p style=\"text-align: justify;\"><strong>Rahvusliku k\u00e4sit\u00f6\u00f6 osakonna 25. juubeliks valmisid kaks n\u00e4itust: \u201cRahvuslikkuse otsingud\u201d ja \u201cP\u00e4randiluup\u201d. <\/strong>Nendega t\u00e4histasime 25 aasta m\u00f6\u00f6dumist osakonna esimese \u00f5ppekava \u2013 talukujundus ja rahvuslik k\u00e4sit\u00f6\u00f6 \u2013 avamisest.<\/p>\n<h4 style=\"text-align: justify;\">\u201eP\u00e4randiluup\u201c<\/h4>\n<p style=\"text-align: justify;\"><a title=\"\" href=\"https:\/\/sakala.postimees.ee\/6742554\/veetornis-naidatakse-parandit-labi-luub\" target=\"_blank\" rel=\"noopener\" data-url=\"https:\/\/sakala.postimees.ee\/6742554\/veetornis-naidatakse-parandit-labi-luub\">N\u00e4itus v\u00f5ttis l\u00e4hivaatesse traditsioonilised tehnikad ja materjalid<\/a>, kuid seda eelk\u00f5ige t\u00e4nap\u00e4evases kontekstis, tutvustades p\u00e4randit, millega rahvusliku metallit\u00f6\u00f6, ehituse ja tekstiil erialadel igap\u00e4evaselt tegeletakse. P\u00e4rand on osa meist, meie identiteedist, eneseteadvusest, koha- ja ruumitajust, igap\u00e4evasest keskkonnast. P\u00e4rand on elus n\u00e4htus. See areneb meiega koos ja leiab \u00fcha uusi vorme ja v\u00e4ljundeid. P\u00e4randiluup aitab m\u00e4rgata ja n\u00e4ha. Veetorni n\u00e4itusel sai tutvuda ka valikuga rahvusliku metallit\u00f6\u00f6 eriala \u00fcli\u00f5pilaste t\u00f6\u00f6dest, mis olid \u00fcleval Tartu \u00fclikooli muuseumis n\u00e4itusel \u201e\u00dcits ravvat\u00fckk miu pihun\u201c. N\u00e4ituse kuraator oli Leele V\u00e4lja, korraldasid Eilve Manglus, Kristi J\u00f5este, Ave Matsin jt. N\u00e4itus \u201cP\u00e4randiluup\u201d toimus:<br>\n03.07.-31.08.2019 Viljandi vanas veetornis,<br>\n16.09.-31.10.2019 Toompeal, Riigikogus,<br>\n04.11.2019-31.01.2020 Tartu \u00dclikooli peahoones,<br>\n10.02.-15.03.2020 UKU Keskuses Viljandis,<br>\n24.08.-19.10.2020 Tartus Tamme g\u00fcmnaasiumis,<br>\n27.10.-30.11.2020 Endla k\u00fc\u00fcnigaleriis P\u00e4rnus,<br>\n03.05.-27.08.2021 Avinurme kultuurikeskuses Virumaal.<\/p>\n<h4 style=\"text-align: justify;\">,,Rahvuslikkuse otsingud\u201d<\/h4>\n<p style=\"text-align: justify;\">N\u00e4itus vaatles olulisi Eesti ajaloolisi asutusi, liikumisi ning inimesi, kes on tegelenud rahvuslike joonte otsingutega materiaalses kultuuris ning seel\u00e4bi m\u00f5jutanud k\u00e4sit\u00f6\u00f6 erialade, sh 1994. aastal avatud osakonna arengut. N\u00e4ituse kuraator oli Leele V\u00e4lja, korraldasid Indrek Ikkonen, Kristi J\u00f5este, Astri Kaljus, Ave Matsin jt.<br>\nN\u00e4itus \u201cRahvuslikkuse otsingud\u201d oli \u00fcleval:<br>\n06.11.-29.12.2019 Kondase keskuses,<br>\n21.01.-08.03.2020 V\u00f5ru muuseumis, Vana-V\u00f5romaa kultuurikojas,<br>\n09.09.-06.10.2020 Rae kultuurikeskuses,<br>\n04.11.-30.11.2020 Haapsalu kultuurikeskuses,<br>\n01.06.-30.07. 2021 Avinurme kultuurikeskuses.<\/p>\n","protected":false},"excerpt":{"rendered":"<p>\u201eKirjatud tekid\u201c N\u00e4itusel eksponeeriti kangakudumise \u00f5ppeaines telgedel kootud villaseid koopiatekke, mis on valminud traditsioonilisi tehnikaid, materjale ja t\u00f6\u00f6vahendeid kasutades. Erinevad kirjad on saanud rahvap\u00e4raseid nimesid linnu- ja loomariigi esindajate v\u00f5i majapidamises kasutatavate esemete j\u00e4rgi. Nii tuntakse n\u00e4iteks sitika-, saehamba-, t\u00fcnni- &#8230;<\/p>\n","protected":false},"author":274,"featured_media":0,"parent":0,"menu_order":0,"comment_status":"closed","ping_status":"closed","template":"","meta":{"_acf_changed":false,"inline_featured_image":false,"footnotes":""},"class_list":["post-70","page","type-page","status-publish","hentry"],"acf":[],"_links":{"self":[{"href":"https:\/\/sisu.ut.ee\/craft\/wp-json\/wp\/v2\/pages\/70","targetHints":{"allow":["GET"]}}],"collection":[{"href":"https:\/\/sisu.ut.ee\/craft\/wp-json\/wp\/v2\/pages"}],"about":[{"href":"https:\/\/sisu.ut.ee\/craft\/wp-json\/wp\/v2\/types\/page"}],"author":[{"embeddable":true,"href":"https:\/\/sisu.ut.ee\/craft\/wp-json\/wp\/v2\/users\/274"}],"replies":[{"embeddable":true,"href":"https:\/\/sisu.ut.ee\/craft\/wp-json\/wp\/v2\/comments?post=70"}],"version-history":[{"count":2,"href":"https:\/\/sisu.ut.ee\/craft\/wp-json\/wp\/v2\/pages\/70\/revisions"}],"predecessor-version":[{"id":602,"href":"https:\/\/sisu.ut.ee\/craft\/wp-json\/wp\/v2\/pages\/70\/revisions\/602"}],"wp:attachment":[{"href":"https:\/\/sisu.ut.ee\/craft\/wp-json\/wp\/v2\/media?parent=70"}],"curies":[{"name":"wp","href":"https:\/\/api.w.org\/{rel}","templated":true}]}}