{"id":68,"date":"2024-04-04T08:32:20","date_gmt":"2024-04-04T05:32:20","guid":{"rendered":"https:\/\/sisu.ut.ee\/craft\/naitused-2018-0\/"},"modified":"2024-08-25T09:25:43","modified_gmt":"2024-08-25T06:25:43","slug":"naitused-2018-0","status":"publish","type":"page","link":"https:\/\/sisu.ut.ee\/craft\/naitused-2018-0\/","title":{"rendered":"N\u00e4itused 2018"},"content":{"rendered":"<h4 style=\"text-align: justify;\">Vaiban\u00e4itus \u201cS\u00f5bakirjalised tekid\u201d\u00a0<\/h4>\n<p style=\"text-align: justify;\">3. detsember 2017-31. mai 2018 eksponeeriti rahvusliku tekstiili \u00fcli\u00f5pilaste vaiban\u00e4itust Tartu Jaani kirikus.<\/p>\n<h4 style=\"text-align: justify;\">\u00dcli\u00f5pilastoode n\u00e4itus \u201cMaalimise isemoodi sammuke\u201d<\/h4>\n<p style=\"text-align: justify;\">27. veebruarist 6. aprillini 2018 oli <a title=\"\" href=\"https:\/\/sakala.postimees.ee\/4430491\/galerii-pakub-maalimise-isemoodi-sammukest%20%20\" target=\"_blank\" rel=\"noopener\" data-url=\"https:\/\/sakala.postimees.ee\/4430491\/galerii-pakub-maalimise-isemoodi-sammukest  \">rahvusliku tekstiili eriala maalimise aine \u00fcliopilastoode n\u00e4itus Viljandi linnagaleriis<\/a>. N\u00e4itusel on rahvusliku tekstiili eriala 2018. aastal l\u00f5petanud 11. lennu maalimise aine viimase semestri raames tehtud kompositsioonid. Kasutati kangav\u00e4rve ja v\u00e4rvilist kangast. Peaeesm\u00e4rgiks oli katsetada, kas ja kuidas saab tekstiiliga maaliliselt komponeerida. Tegemist ei olnud tavap\u00e4rase maalin\u00e4itusega, vaid isemoodi loomingulise eksperimendiga \u2013 galeriis andsid tooni suurte m\u00f5\u00f5tmetega ja v\u00e4rvik\u00fcllased tekstiilist teosed, mis loovad maalilisi visuaale. N\u00e4ituse pani kokku kultuuriakadeemia \u00f5ppej\u00f5ud, kunstnik Kersti Rattus.<\/p>\n<h4 style=\"text-align: justify;\">\u201eIlu ja v\u00e4gi. Kodaratega kaelarahad\u201c\u00a0<\/h4>\n<p style=\"text-align: justify;\">6. m\u00e4rtsist 18. maini oli T\u00dc Viljandi Kultuuriakadeemia rahvusliku metallit\u00f6\u00f6 eriala \u00fcli\u00f5pilaste valmistatud ja P\u00e4rnu Muuseumi kollektsioonis leiduvatest <a title=\"\" href=\"https:\/\/viljandi.ut.ee\/et\/sisu\/kodarrahade-naitus-viljandi-muuseumis%20\" target=\"_blank\" rel=\"noopener\" data-url=\"https:\/\/viljandi.ut.ee\/et\/sisu\/kodarrahade-naitus-viljandi-muuseumis \">kodarrahadest kokku pandud n\u00e4itus Viljandi Muuseumis<\/a>. V\u00e4ljas oli nii koopiatena valmistatud rahasid kui ka t\u00e4iesti omaloomingulisi eksemplare. Kujunduses kasutati nii isevalmistatud, vanu kui kaasaegseid m\u00fcnte. Kodarraha on Eesti aladel tuntud kaelaehe, mida kohalikud kullassepad valmistasid alates 18. sajandi algusest. Metallit\u00f6\u00f6 \u00f5pinguid alustavale tudengile on kodarraha kujundamine ja valmistamine \u00fcheks esimeseks ehtevalmistamise t\u00f6\u00f6ks. Selle k\u00e4igus tutvutakse oluliste t\u00f6\u00f6v\u00f5tetega \u2013 n\u00e4iteks saagimine, jootmine, mulgustamine, lihvimine, poleerimine, oks\u00fcdeerimine. Samuti saavad \u00fcli\u00f5pilased uurida, m\u00f5\u00f5distada, \u00fcles joonistada ning tehnoloogiliselt anal\u00fc\u00fcsida muuseumis leiduvaid vanu kodarrahasid. Vanade ehete ainetel luuakse ka oma kodarraha.\u00a0<\/p>\n<h4 style=\"text-align: justify;\">Tekstiilitriangel\u00a0<\/h4>\n<p style=\"text-align: justify;\">12. juunil 2018 toimus T\u00dc Viljandi kultuuriakadeemia <a title=\"\" href=\"https:\/\/sakala.postimees.ee\/4502647\/tekstiilitriangel-kutsub-naitusi-avama%20%20\" target=\"_blank\" rel=\"noopener\" data-url=\"https:\/\/sakala.postimees.ee\/4502647\/tekstiilitriangel-kutsub-naitusi-avama  \">rahvusliku tekstiili eriala TEKSTIILITRIANGEL<\/a> ehk <a title=\"\" href=\"https:\/\/www.facebook.com\/events\/842867832565547\/%20%20\" target=\"_blank\" rel=\"noopener\" data-url=\"https:\/\/www.facebook.com\/events\/842867832565547\/  \">paari tunniga avati lausa kolm erialaga seotud n\u00e4itus<\/a>t. Viljandi linnagaleriis avati kell 16 rahvusliku tekstiili loputoode n\u00e4itus \u201eLendut\u00f5us XI\u201c, siis kulgeti kogu seltskonnaga Sakala keskusese jalutussaali, kus tervitati Kristi J\u00f5este kindan\u00e4itust ning edasi jalutati \u00fchise rongk\u00e4iguga Kondase keskusesse, seal avati kell 17 Anu Pingi ja Siiri Reimanni kudumite n\u00e4itus \u201eEesti valge\u201c. Avamisi saatis l\u00f5bus meeleolu, mida aitas luua Piret Aus l\u00f5\u00f5tsal. K\u00f5ik n\u00e4itused olid avatud kuni 8. juulini.<\/p>\n<h4 style=\"text-align: justify;\">\u201cLendut\u00f5us XI\u201d\u00a0<\/h4>\n<p style=\"text-align: justify;\">2018. aasta kevadel l\u00f5petas rahvusliku tekstiili eriala 12 \u00fcli\u00f5pilast. Tekstiili eriala l\u00f5put\u00f6\u00f6d koosnevad tavaliselt kahest osast: kirjalikust etnograafilisest uurimusest ja k\u00e4sit\u00f6\u00f6na valmivast praktilisest osast. N\u00e4itusel eksponeeriti tekstiili eriala l\u00f5put\u00f6id nii fotodel kui valikut esemetest. N\u00e4itus tutvustas rahvusliku tekstiili eriala valdkondlikku mitmekesisust: l\u00f5put\u00f6\u00f6dena olid eksponeeritud nii autentsed muuseumikoopiad kui ka tugevalt rahvakunsti m\u00f5jutustega esemed. Lisaks sai vaadata moodsaid, vaid kaudselt etnograafilisele ainesele vihjavaid r\u00f5ivaseeriaid. Kuraator oli rahvusliku tekstiili eriala lektor Riina Tomberg. N\u00e4itus oli avatud:<br>13.06.-08.07.2018 Viljandi Linnagaleriis Tallinna 11, Viljandi,<br>15.-27.10.2018 Disaini- ja Arhitektuurigaleriis Tallinnas,<br>14.11.2018-24.05.2019 Tartu \u00fclikooli peahoones.<\/p>\n<h4 style=\"text-align: justify;\">\u201cMeeste m\u00e4nguasjad \u2013 puut\u00f6\u00f6\u201d\u00a0<\/h4>\n<p style=\"text-align: justify;\">9. novembrist 2. detsembrini 2018 j\u00f5udis n\u00e4itus \u201cMeeste m\u00e4nguasjad-puut\u00f6\u00f6\u201d rahvusliku ehituse eriala vahendusel Kondase keskusesse Viljandis. Eksponeeritud Eesti talumeeste ja k\u00e4sit\u00f6\u00f6liste 18.-20. sajandi puut\u00f6\u00f6riistad p\u00e4rinesid restauraator T\u00f5nu Parmaksoni kogust. T\u00e4nap\u00e4evased puidut\u00f6\u00f6tlemise t\u00f6\u00f6riistad on sageli traditsiooniliste t\u00f6\u00f6riistade edasiarendused ja just siit kasvavad v\u00e4lja paljud puidut\u00f6\u00f6ga seotud traditsioonilised v\u00f5tted.<\/p>\n<h4 style=\"text-align: justify;\">\u201cTekid ja pingid\u201d\u00a0<\/h4>\n<p style=\"text-align: justify;\">12. novembrist 9. detsembrini 2018 oli <a title=\"\" href=\"https:\/\/www.endla.ee\/teater\/teatrigalerii\/naituste-arhiiv%20\" target=\"_blank\" rel=\"noopener\" data-url=\"https:\/\/www.endla.ee\/teater\/teatrigalerii\/naituste-arhiiv \">rahvusliku tekstiili ja metallit\u00f6\u00f6 erialade uliopilastoode n\u00e4itus Endla teatrigaleriis<\/a>. N\u00e4itusel eksponeeriti \u00f5ppet\u00f6\u00f6dena valminud villaseid s\u00f5bakirjatehnikas koopiatekke ja metallit\u00f6\u00f6 eriala \u00fcli\u00f5pilaste traditsiooniliste t\u00f6\u00f6v\u00f5tetega sepistanud pinke. Rahvusliku tekstiili II aasta tudengite tekkide kudumist juhendas Christi K\u00fctt. Metallit\u00f6\u00f6 eriala \u00fcli\u00f5pilased sepistasid traditsiooniliste t\u00f6\u00f6v\u00f5tetega \u00f5ppej\u00f5u Mikk Freibergi juhendamisel pingid, mis on l\u00e4htunud \u00fcmbritsevast keskkonnast leitud materjalidest, nt annab \u00fche pingi istmelauale loomulikult kauni vormi tormi poolt murtud haab.<\/p>\n<h4 style=\"text-align: justify;\">Koopiatekkide n\u00e4itus \u201cS\u00f5bakirjaline, patselapiline\u201d\u00a0<\/h4>\n<p style=\"text-align: justify;\">1.detsembrist 2018 6. jaanuarini 2019 oli <a title=\"\" href=\"https:\/\/www.ugala.ee\/ugala-teatrigalerii-uus-naitus-sobakirjaline-patselapiline\/\" target=\"_blank\" rel=\"noopener\" data-url=\"https:\/\/www.ugala.ee\/ugala-teatrigalerii-uus-naitus-sobakirjaline-patselapiline\/\">rahvusliku tekstiili eriala koopiatekkide n\u00e4itus \u00fcleval Ugala teatrigaleriis<\/a>. N\u00e4itusel olid kangakudumise \u00f5ppeaines telgedel kootud villased koopiatekid. Pulmakommete j\u00e4rgi pidi pruut pulmavoodi tarbeks teki valmistama, enne abiellumist magati lihtsalt vammuste ja kasukate all. Vanaaegsed kootud pruudis\u00f5bad asendusid v\u00e4rviliste triibuliste (ehk s\u00f5bakirjaliste), ruuduliste, p\u00f5imitud kirjadega ja tikitud tekkidega. S\u00f5bakirjalist tekki iseloomustavad sissekirjatud mustritriibud. Originaalid asuvad Eesti erinevates muuseumites. Mustrite mahav\u00f5tmist ja kangakudumist juhendas Christi K\u00fctt.<\/p>\n<p>\u00a0<\/p>\n\n\n<figure class=\"wp-block-gallery has-nested-images columns-3 is-cropped wp-block-gallery-1 is-layout-flex wp-block-gallery-is-layout-flex\">\n<figure class=\"wp-block-image size-large\"><a href=\"https:\/\/sisu.ut.ee\/wp-content\/uploads\/sites\/619\/savikrohv_by_kerttu_kruusla-scaled.jpg\"><img loading=\"lazy\" decoding=\"async\" width=\"2560\" height=\"1707\" data-id=\"81\" src=\"https:\/\/sisu.ut.ee\/wp-content\/uploads\/sites\/619\/savikrohv_by_kerttu_kruusla-scaled.jpg\" alt=\"Foto autor Kerttu Kruusla\" class=\"wp-image-81\" srcset=\"https:\/\/sisu.ut.ee\/wp-content\/uploads\/sites\/619\/savikrohv_by_kerttu_kruusla-scaled.jpg 2560w, https:\/\/sisu.ut.ee\/wp-content\/uploads\/sites\/619\/savikrohv_by_kerttu_kruusla-300x200.jpg 300w, https:\/\/sisu.ut.ee\/wp-content\/uploads\/sites\/619\/savikrohv_by_kerttu_kruusla-1024x683.jpg 1024w, https:\/\/sisu.ut.ee\/wp-content\/uploads\/sites\/619\/savikrohv_by_kerttu_kruusla-768x512.jpg 768w, https:\/\/sisu.ut.ee\/wp-content\/uploads\/sites\/619\/savikrohv_by_kerttu_kruusla-1536x1024.jpg 1536w, https:\/\/sisu.ut.ee\/wp-content\/uploads\/sites\/619\/savikrohv_by_kerttu_kruusla-2048x1365.jpg 2048w, https:\/\/sisu.ut.ee\/wp-content\/uploads\/sites\/619\/savikrohv_by_kerttu_kruusla-1920x1280.jpg 1920w\" sizes=\"auto, (max-width: 2560px) 100vw, 2560px\"><\/a><figcaption class=\"wp-element-caption\">Foto autor Kerttu Kruusla<\/figcaption><\/figure>\n\n\n\n<figure class=\"wp-block-image size-large\"><a href=\"https:\/\/sisu.ut.ee\/wp-content\/uploads\/sites\/619\/pt_sugiskool_2019_by_kerttu_kruusla-1-scaled.jpg\"><img decoding=\"async\" data-id=\"167\" src=\"https:\/\/sisu.ut.ee\/wp-content\/uploads\/sites\/619\/pt_sugiskool_2019_by_kerttu_kruusla-1-scaled.jpg\" alt=\"\" class=\"wp-ima&gt;&lt;\/figcaption&gt;&lt;\/figure&gt;\n&lt;\/figure&gt;\n\"><\/a><\/figure><\/figure>","protected":false},"excerpt":{"rendered":"<p>Vaiban\u00e4itus \u201cS\u00f5bakirjalised tekid\u201d\u00a0 3. detsember 2017-31. mai 2018 eksponeeriti rahvusliku tekstiili \u00fcli\u00f5pilaste vaiban\u00e4itust Tartu Jaani kirikus. \u00dcli\u00f5pilastoode n\u00e4itus \u201cMaalimise isemoodi sammuke\u201d 27. veebruarist 6. aprillini 2018 oli rahvusliku tekstiili eriala maalimise aine \u00fcliopilastoode n\u00e4itus Viljandi linnagaleriis. N\u00e4itusel on rahvusliku tekstiili &#8230;<\/p>\n","protected":false},"author":274,"featured_media":0,"parent":0,"menu_order":0,"comment_status":"closed","ping_status":"closed","template":"","meta":{"_acf_changed":false,"inline_featured_image":false,"footnotes":""},"class_list":["post-68","page","type-page","status-publish","hentry"],"acf":[],"_links":{"self":[{"href":"https:\/\/sisu.ut.ee\/craft\/wp-json\/wp\/v2\/pages\/68","targetHints":{"allow":["GET"]}}],"collection":[{"href":"https:\/\/sisu.ut.ee\/craft\/wp-json\/wp\/v2\/pages"}],"about":[{"href":"https:\/\/sisu.ut.ee\/craft\/wp-json\/wp\/v2\/types\/page"}],"author":[{"embeddable":true,"href":"https:\/\/sisu.ut.ee\/craft\/wp-json\/wp\/v2\/users\/274"}],"replies":[{"embeddable":true,"href":"https:\/\/sisu.ut.ee\/craft\/wp-json\/wp\/v2\/comments?post=68"}],"version-history":[{"count":3,"href":"https:\/\/sisu.ut.ee\/craft\/wp-json\/wp\/v2\/pages\/68\/revisions"}],"predecessor-version":[{"id":604,"href":"https:\/\/sisu.ut.ee\/craft\/wp-json\/wp\/v2\/pages\/68\/revisions\/604"}],"wp:attachment":[{"href":"https:\/\/sisu.ut.ee\/craft\/wp-json\/wp\/v2\/media?parent=68"}],"curies":[{"name":"wp","href":"https:\/\/api.w.org\/{rel}","templated":true}]}}