{"id":59,"date":"2024-04-04T08:32:19","date_gmt":"2024-04-04T05:32:19","guid":{"rendered":"https:\/\/sisu.ut.ee\/craft\/pt-rahvusliku-metallitoo-portfooliod\/"},"modified":"2024-08-20T11:05:02","modified_gmt":"2024-08-20T08:05:02","slug":"pt-rahvusliku-metallitoo-portfooliod","status":"publish","type":"page","link":"https:\/\/sisu.ut.ee\/craft\/pt-rahvusliku-metallitoo-portfooliod\/","title":{"rendered":"PT metallit\u00f6\u00f6 portfooliod"},"content":{"rendered":"<p>V\u00e4ike valik metalli eriala vilistlaste portfooliodest. Pdf failile klikkides avaneb t\u00e4ismahus portfoolio.<\/p>\n<p><strong>Diana Dello (end Jezierska)<\/strong> <span class=\"file media-element file-os-files-link-icon\" data-file_info=\"%7B%22fid%22:%2276880%22,%22view_mode%22:%22os_files_link_icon%22,%22type%22:%22media%22%7D\"><img decoding=\"async\" class=\"file-icon\" src=\"\/profiles\/openscholar\/modules\/os\/modules\/os_files\/icons\/application-pdf.svg\" alt=\"\"> <a href=\"https:\/\/sisu.ut.ee\/wp-content\/uploads\/sites\/619\/diana_jezierska_portfoolio_-_lq.pdf\">diana_jezierska_portfoolio.pdf<\/a><\/span><\/p>\n<p><img loading=\"lazy\" decoding=\"async\" width=\"1466\" height=\"1013\" class=\"alignnone wp-image-147\" style=\"width: 450px; height: 311px;\" title=\"diana.png\" src=\"https:\/\/sisu.ut.ee\/wp-content\/uploads\/sites\/619\/diana.png\" alt=\"diana dello\" srcset=\"https:\/\/sisu.ut.ee\/wp-content\/uploads\/sites\/619\/diana.png 1466w, https:\/\/sisu.ut.ee\/wp-content\/uploads\/sites\/619\/diana-300x207.png 300w, https:\/\/sisu.ut.ee\/wp-content\/uploads\/sites\/619\/diana-1024x708.png 1024w, https:\/\/sisu.ut.ee\/wp-content\/uploads\/sites\/619\/diana-768x531.png 768w\" sizes=\"auto, (max-width: 1466px) 100vw, 1466px\"><\/p>\n<p><strong>Edvards Puciriuss<\/strong> <span class=\"file media-element file-os-files-link-icon\" data-file_info=\"%7B%22fid%22:%2276882%22,%22view_mode%22:%22os_files_link_icon%22,%22type%22:%22media%22%7D\"><img decoding=\"async\" class=\"file-icon\" src=\"\/profiles\/openscholar\/modules\/os\/modules\/os_files\/icons\/application-pdf.svg\" alt=\"\"> <a href=\"https:\/\/sisu.ut.ee\/wp-content\/uploads\/sites\/619\/puciriuss_edvards_2021_portfoolio_1.pdf\">edvards_puciriuss_portfoolio.pdf<\/a><\/span><\/p>\n<p><img loading=\"lazy\" decoding=\"async\" width=\"1842\" height=\"1013\" class=\"alignnone wp-image-150\" style=\"width: 450px; height: 247px;\" title=\"edvards.png\" src=\"https:\/\/sisu.ut.ee\/wp-content\/uploads\/sites\/619\/edvards.png\" alt=\"edvards\" srcset=\"https:\/\/sisu.ut.ee\/wp-content\/uploads\/sites\/619\/edvards.png 1842w, https:\/\/sisu.ut.ee\/wp-content\/uploads\/sites\/619\/edvards-300x165.png 300w, https:\/\/sisu.ut.ee\/wp-content\/uploads\/sites\/619\/edvards-1024x563.png 1024w, https:\/\/sisu.ut.ee\/wp-content\/uploads\/sites\/619\/edvards-768x422.png 768w, https:\/\/sisu.ut.ee\/wp-content\/uploads\/sites\/619\/edvards-1536x845.png 1536w\" sizes=\"auto, (max-width: 1842px) 100vw, 1842px\"><\/p>\n<p><strong>Maarja Palu<\/strong> <span class=\"file media-element file-os-files-link-icon\" data-file_info=\"%7B%22fid%22:%2276885%22,%22view_mode%22:%22os_files_link_icon%22,%22type%22:%22media%22%7D\"><img decoding=\"async\" class=\"file-icon\" src=\"\/profiles\/openscholar\/modules\/os\/modules\/os_files\/icons\/application-pdf.svg\" alt=\"\"> <a href=\"https:\/\/sisu.ut.ee\/wp-content\/uploads\/sites\/619\/portfoolio_maarja_palu-1.pdf\">maarja_palu_portfoolio.pdf<\/a><\/span><\/p>\n<p><img loading=\"lazy\" decoding=\"async\" width=\"1596\" height=\"896\" class=\"alignnone wp-image-151\" style=\"width: 450px; height: 253px;\" title=\"maarja.png\" src=\"https:\/\/sisu.ut.ee\/wp-content\/uploads\/sites\/619\/maarja.png\" alt=\"maarja palu\" srcset=\"https:\/\/sisu.ut.ee\/wp-content\/uploads\/sites\/619\/maarja.png 1596w, https:\/\/sisu.ut.ee\/wp-content\/uploads\/sites\/619\/maarja-300x168.png 300w, https:\/\/sisu.ut.ee\/wp-content\/uploads\/sites\/619\/maarja-1024x575.png 1024w, https:\/\/sisu.ut.ee\/wp-content\/uploads\/sites\/619\/maarja-768x431.png 768w, https:\/\/sisu.ut.ee\/wp-content\/uploads\/sites\/619\/maarja-1536x862.png 1536w\" sizes=\"auto, (max-width: 1596px) 100vw, 1596px\"><\/p>\n<p><strong>Margit Keeman<\/strong> <span class=\"file media-element file-os-files-link-icon\" data-file_info=\"%7B%22fid%22:%2276886%22,%22view_mode%22:%22os_files_link_icon%22,%22type%22:%22media%22%7D\"><img decoding=\"async\" class=\"file-icon\" src=\"\/profiles\/openscholar\/modules\/os\/modules\/os_files\/icons\/application-pdf.svg\" alt=\"\"> <a href=\"https:\/\/sisu.ut.ee\/wp-content\/uploads\/sites\/619\/margit_keeman_portfoolio.pdf\">margit_keeman_portfoolio.pdf<\/a><\/span><\/p>\n<p><img loading=\"lazy\" decoding=\"async\" width=\"1421\" height=\"986\" class=\"alignnone wp-image-154\" style=\"width: 450px; height: 312px;\" title=\"margit.png\" src=\"https:\/\/sisu.ut.ee\/wp-content\/uploads\/sites\/619\/margit.png\" alt=\"margit keeman\" srcset=\"https:\/\/sisu.ut.ee\/wp-content\/uploads\/sites\/619\/margit.png 1421w, https:\/\/sisu.ut.ee\/wp-content\/uploads\/sites\/619\/margit-300x208.png 300w, https:\/\/sisu.ut.ee\/wp-content\/uploads\/sites\/619\/margit-1024x711.png 1024w, https:\/\/sisu.ut.ee\/wp-content\/uploads\/sites\/619\/margit-768x533.png 768w\" sizes=\"auto, (max-width: 1421px) 100vw, 1421px\"><\/p>\n<p><strong>T\u00f5nis Luik<\/strong> <span class=\"file media-element file-os-files-link-icon\" data-file_info=\"%7B%22fid%22:%2276889%22,%22view_mode%22:%22os_files_link_icon%22,%22type%22:%22media%22%7D\"><img decoding=\"async\" class=\"file-icon\" src=\"\/profiles\/openscholar\/modules\/os\/modules\/os_files\/icons\/application-pdf.svg\" alt=\"\"> <a href=\"https:\/\/sisu.ut.ee\/wp-content\/uploads\/sites\/619\/portfoolio_tonis_luik.pdf\">tonis_luik_portfoolio.pdf<\/a><\/span><\/p>\n<p><img loading=\"lazy\" decoding=\"async\" width=\"930\" height=\"973\" class=\"alignnone wp-image-155\" style=\"width: 450px; height: 471px;\" title=\"tonis.png\" src=\"https:\/\/sisu.ut.ee\/wp-content\/uploads\/sites\/619\/tonis.png\" alt=\"t\u00f5nis luik\" srcset=\"https:\/\/sisu.ut.ee\/wp-content\/uploads\/sites\/619\/tonis.png 930w, https:\/\/sisu.ut.ee\/wp-content\/uploads\/sites\/619\/tonis-287x300.png 287w, https:\/\/sisu.ut.ee\/wp-content\/uploads\/sites\/619\/tonis-768x804.png 768w\" sizes=\"auto, (max-width: 930px) 100vw, 930px\"><\/p>\n","protected":false},"excerpt":{"rendered":"<p>V\u00e4ike valik metalli eriala vilistlaste portfooliodest. Pdf failile klikkides avaneb t\u00e4ismahus portfoolio. Diana Dello (end Jezierska) diana_jezierska_portfoolio.pdf Edvards Puciriuss edvards_puciriuss_portfoolio.pdf Maarja Palu maarja_palu_portfoolio.pdf Margit Keeman margit_keeman_portfoolio.pdf T\u00f5nis Luik tonis_luik_portfoolio.pdf<\/p>\n","protected":false},"author":274,"featured_media":0,"parent":0,"menu_order":0,"comment_status":"closed","ping_status":"closed","template":"","meta":{"_acf_changed":false,"inline_featured_image":false,"footnotes":""},"class_list":["post-59","page","type-page","status-publish","hentry"],"acf":[],"_links":{"self":[{"href":"https:\/\/sisu.ut.ee\/craft\/wp-json\/wp\/v2\/pages\/59","targetHints":{"allow":["GET"]}}],"collection":[{"href":"https:\/\/sisu.ut.ee\/craft\/wp-json\/wp\/v2\/pages"}],"about":[{"href":"https:\/\/sisu.ut.ee\/craft\/wp-json\/wp\/v2\/types\/page"}],"author":[{"embeddable":true,"href":"https:\/\/sisu.ut.ee\/craft\/wp-json\/wp\/v2\/users\/274"}],"replies":[{"embeddable":true,"href":"https:\/\/sisu.ut.ee\/craft\/wp-json\/wp\/v2\/comments?post=59"}],"version-history":[{"count":2,"href":"https:\/\/sisu.ut.ee\/craft\/wp-json\/wp\/v2\/pages\/59\/revisions"}],"predecessor-version":[{"id":401,"href":"https:\/\/sisu.ut.ee\/craft\/wp-json\/wp\/v2\/pages\/59\/revisions\/401"}],"wp:attachment":[{"href":"https:\/\/sisu.ut.ee\/craft\/wp-json\/wp\/v2\/media?parent=59"}],"curies":[{"name":"wp","href":"https:\/\/api.w.org\/{rel}","templated":true}]}}