{"id":51,"date":"2024-04-04T08:32:18","date_gmt":"2024-04-04T05:32:18","guid":{"rendered":"https:\/\/sisu.ut.ee\/craft\/pt-rahvusliku-ehituse-loputood\/"},"modified":"2025-12-03T16:27:57","modified_gmt":"2025-12-03T14:27:57","slug":"pt-rahvusliku-ehituse-loputood","status":"publish","type":"page","link":"https:\/\/sisu.ut.ee\/craft\/pt-rahvusliku-ehituse-loputood\/","title":{"rendered":"PT ehituse l\u00f5put\u00f6\u00f6d"},"content":{"rendered":"<h4><\/h4>\n<h4>2025<\/h4>\n<p>Joosep Mattis Eriste <a href=\"https:\/\/hdl.handle.net\/10062\/111162\" target=\"_blank\" rel=\"noopener\">\u201cP\u00f6\u00f6ravere koorejaama rekonstrueerimisprojekt\u201d<\/a> (juhendajad Leele V\u00e4lja, Laur Pihel)<\/p>\n<p>Matis Kalm <a href=\"https:\/\/hdl.handle.net\/10062\/111172\" target=\"_blank\" rel=\"noopener\">\u201cLihttehnoloogiliste t\u00f5stemehhanismide rakendamine traditsioonilise pruss-s\u00f5restikkonstruktsiooni p\u00fcstitamisel\u201d<\/a> (juhendaja Tarmo Tammekivi, konsultant Grigg Mullen III)<\/p>\n<p>Moonika K\u00f5ressaar <a href=\"https:\/\/hdl.handle.net\/10062\/111173\" target=\"_blank\" rel=\"noopener\">\u201dTaastamise tarkus: juhis kinnisvaramaakleritele vana talu kultuurilise v\u00e4\u00e4rtuse t\u00f5stmiseks\u201d<\/a> (juhendaja Leele V\u00e4lja)<\/p>\n<p>Kaija K\u00e4ngsepp <a href=\"https:\/\/hdl.handle.net\/10062\/111164\" target=\"_blank\" rel=\"noopener\">\u201c21. sajandi p\u00e4randtehnoloogilise elamu eskiisprojekt\u201d<\/a> (juhendajad Leele V\u00e4lja, Laur Pihel)<\/p>\n<p>Paula Lepparu <a href=\"https:\/\/hdl.handle.net\/10062\/111179\" target=\"_blank\" rel=\"noopener\">\u201cEesti arhitekti Leon Johansoni vabariigiaegsete raudteejaamade ruudukujuliste p\u00f5hiplaanide ja p\u00fcramiidkatustega k\u00f5rvalhoonete t\u00fc\u00fcpprojektid \u2013 hetkeseis ja tulevikuperspektiiv\u201d<\/a> (juhendaja Leele V\u00e4lja)<\/p>\n<p>Laur L\u00f5hmus <a href=\"https:\/\/hdl.handle.net\/10062\/111165\" target=\"_blank\" rel=\"noopener\">\u201cPuumaja kavandamine Otep\u00e4\u00e4 loodusparki\u201d<\/a> (juhendajad Leele V\u00e4lja, Laur Pihel)<\/p>\n<p>Aigar M\u00e4tlik <a href=\"https:\/\/hdl.handle.net\/10062\/111160\" target=\"_blank\" rel=\"noopener\">\u201cPalkhoone kontrollitud t\u00f5stmine pneumaatiliste ja h\u00fcdrauliliste t\u00f6\u00f6vahenditega\u201d<\/a> (juhendaja Tarmo Tammekivi)<\/p>\n<p>Madis Parik <a href=\"https:\/\/hdl.handle.net\/10062\/111167\" target=\"_blank\" rel=\"noopener\">\u201cVardi m\u00f5isa sepikoja restaureerimisprojekt\u201d<\/a> (juhendajad Laur Pihel, Leele V\u00e4lja)<\/p>\n<p>Jaan Prost-K\u00e4ngsepp <a href=\"https:\/\/hdl.handle.net\/10062\/111161\" target=\"_blank\" rel=\"noopener\">\u201cParvsaun. Kasutajakogemustest t\u00fc\u00fcpprojektini\u201d<\/a> (juhendajad Madis Rennu, Laur Pihel)<\/p>\n<p>Oskar Pukk <a href=\"https:\/\/hdl.handle.net\/10062\/111176\" target=\"_blank\" rel=\"noopener\">\u201cKadrioru tsaariaegsete hoonete akende ja v\u00e4lisuste t\u00fcpoloogia\u201d<\/a> (juhendaja Leele V\u00e4lja)<\/p>\n<p>Siim Rikker <a href=\"https:\/\/hdl.handle.net\/10062\/111182\" target=\"_blank\" rel=\"noopener\">\u201cKihnu kivilaeva mudeli rekonstrueerimine\u201d<\/a> (juhendajad Madis Rennu, Reet Laos)<\/p>\n<p>Raimond Russi <a href=\"https:\/\/hdl.handle.net\/10062\/111181\" target=\"_blank\" rel=\"noopener\">\u201cAjutise \u00fcmarpalgist puitsilla ehitamine\u201d<\/a> (juhendaja Tarmo Tammekivi)<\/p>\n<p>Martin Semm <a href=\"https:\/\/hdl.handle.net\/10062\/111170\" target=\"_blank\" rel=\"noopener\">\u201cLaastukatuse erinevused Rootsis ja Eestis\u201d<\/a> (juhendaja Tarmo Tammekivi)<\/p>\n<p>Mikk Tagapere <a href=\"https:\/\/hdl.handle.net\/10062\/111156\" target=\"_blank\" rel=\"noopener\">\u201cKimmide valmistamise meetodid. Erinevatest puuliikidest saetud kimmidega<\/a><br>\nkatsekatus\u201d (juhendaja Madis Rennu)<\/p>\n<p>Tarmo Vaarask <a href=\"https:\/\/hdl.handle.net\/10062\/111188\" target=\"_blank\" rel=\"noopener\">\u201cPuits\u00f5restikul p\u00f5hineva k\u00fc\u00fcni kavandamine\u201d<\/a> (juhendaja Tarmo Tammekivi)<\/p>\n<p>Joosep Voll <a href=\"https:\/\/hdl.handle.net\/10062\/111163\" target=\"_blank\" rel=\"noopener\">\u201cPruss-s\u00f5restikkonstruktsiooni renoveerimine Vardi k\u00fcla V\u00f5lli talu kuuri n\u00e4itel\u201d<\/a> (juhendaja Tarmo Tammekivi)<\/p>\n<h4>2023<\/h4>\n<p>Kermo Aasm\u00e4e <a href=\"https:\/\/hdl.handle.net\/10062\/90195\" target=\"_blank\" rel=\"noopener\">\u201cRenoveeritava k\u00e4sit\u00f6\u00f6 r\u00f5htpalkhoone kasutusotstarbe muutmine suvilast aasta l\u00e4bi elatavaks hooneks\u201d<\/a> (juhendajad Targo Kalamees, Tarmo Tammekivi)<\/p>\n<p>Edrin Hansen. <a href=\"https:\/\/hdl.handle.net\/10062\/90189\" target=\"_blank\" rel=\"noopener\">\u201cEesti traditsioonilised savip\u00f5randad\u201d<\/a> (juhendajad Malvo Tominga, Leele V\u00e4lja)<\/p>\n<p>Juhani Lumera <a href=\"https:\/\/hdl.handle.net\/10062\/90193\" target=\"_blank\" rel=\"noopener\">\u201cKingu talu maakeldri rekonstrueerimine ja ehituslahenduste kontroll sisekliima m\u00f5\u00f5tmiste teel\u201d<\/a> (juhendajad Alo Peebo, Madis Rennu)<\/p>\n<p>Jakob Naagel <a href=\"https:\/\/hdl.handle.net\/10062\/90192\" target=\"_blank\" rel=\"noopener\">\u201cRoogkatuste l\u00e4biviikude ja harjade tehnilised lahendused\u201d<\/a> (juhendaja Tarmo Tammekivi)<\/p>\n<p>Katrin Paas <a href=\"https:\/\/hdl.handle.net\/10062\/90194\" target=\"_blank\" rel=\"noopener\">\u201cRoogkatused ja nende hooldus\u201d<\/a> (juhendajad Dan Lukas, Leele V\u00e4lja)<\/p>\n<p>Martin Raat <a href=\"https:\/\/hdl.handle.net\/10062\/90101\" target=\"_blank\" rel=\"noopener\">\u201cR\u00f5ika peeglivabriku t\u00f6\u00f6liselamu\u201d<\/a> (juhendaja Leele V\u00e4lja)<\/p>\n<p>Eiko Rapur <a href=\"https:\/\/hdl.handle.net\/10062\/90191\" target=\"_blank\" rel=\"noopener\">\u201cRannakivi sauna taastamine \u2013 palkkehand ja l\u00f5hestatud kimmkatus\u201d<\/a> (juhendaja Madis Rennu)<\/p>\n<p>M\u00e4rt Vahtram\u00e4e <a href=\"https:\/\/hdl.handle.net\/10062\/90196\" target=\"_blank\" rel=\"noopener\">\u201cKoolituse juhendamine traditsioonilise pruss-s\u00f5restik konstruktsiooni ehitamise talgutel\u201d<\/a> (juhendaja Tarmo Tammekivi)<\/p>\n<h4>2021<\/h4>\n<p>Martin N\u00f5mmik <a title=\"\" href=\"http:\/\/hdl.handle.net\/10062\/74411%20%20\" target=\"_blank\" rel=\"noopener\" data-url=\"http:\/\/hdl.handle.net\/10062\/74411  \">\u201c20 \u33a1\u00a0 suuruse t\u00fc\u00fcpsauna p\u00f5hiplaani ja v\u00e4lisilmete kavandamine\u201d<\/a> (juhendajad Leele V\u00e4lja, Laur Pihel)<\/p>\n<h4>2020<\/h4>\n<p>Joonatan Lepik <a title=\"\" href=\"http:\/\/hdl.handle.net\/10062\/68012\" target=\"_blank\" rel=\"noopener\" data-url=\"http:\/\/hdl.handle.net\/10062\/68012\">\u201cTs\u00e4ssona kavandamine ja ehitamine Kikkasepa tallu\u201d<\/a> (juhendajad Leele V\u00e4lja, Ahto Raudoja)<\/p>\n<h4>2019<\/h4>\n<p>Marko Aatonen <a title=\"\" href=\"http:\/\/hdl.handle.net\/10062\/64364\" target=\"_blank\" rel=\"noopener\" data-url=\"http:\/\/hdl.handle.net\/10062\/64364\">\u201cK\u00fclakiige ehitamine Puskusse\u201d<\/a> (juhendajad Leele V\u00e4lja, Tarmo Tammekivi)<\/p>\n<p>J\u00fcrgen Annuk <a title=\"\" href=\"http:\/\/hdl.handle.net\/10062\/64575\" target=\"_blank\" rel=\"noopener\" data-url=\"http:\/\/hdl.handle.net\/10062\/64575\">\u201cRoosi talu sauna projekteerimine ja ehitust\u00f6\u00f6d\u201d<\/a> (juhendaja Laur Pihel)<\/p>\n<p>Mart Eensaar <a title=\"\" href=\"http:\/\/hdl.handle.net\/10062\/64081\" target=\"_blank\" rel=\"noopener\" data-url=\"http:\/\/hdl.handle.net\/10062\/64081\">\u201cJ\u00fcrise talu sauna taastamine\u201d<\/a> (juhendajad Leele V\u00e4lja, Madis Rennu, Laur Pihel)<\/p>\n<p>Kristiina Kesk\u00fcla <a title=\"\" href=\"http:\/\/hdl.handle.net\/10062\/64577\" target=\"_blank\" rel=\"noopener\" data-url=\"http:\/\/hdl.handle.net\/10062\/64577\">\u201cKoogi talu suitsusaun-suvek\u00f6\u00f6k\u201d<\/a> (juhendajad Leele V\u00e4lja, Laur Pihel)<\/p>\n<p>Kalev Kriis <a title=\"\" href=\"http:\/\/hdl.handle.net\/10062\/64576\" target=\"_blank\" rel=\"noopener\" data-url=\"http:\/\/hdl.handle.net\/10062\/64576\">\u201cV\u00e4lik\u00f6\u00f6gi projekteerimine Heimtali Muuseumi S\u00f5prade Seltsi endise vallamaja juurde\u201d<\/a> (juhendajad Laur Pihel, Tarmo Tammekivi)<\/p>\n<h4>2017<\/h4>\n<p>Marko Aron <a title=\"\" href=\"http:\/\/hdl.handle.net\/10062\/56827\" target=\"_blank\" rel=\"noopener\" data-url=\"http:\/\/hdl.handle.net\/10062\/56827\">\u201cArvi talu sauna puitkonstruktsioonide ehitus\u201d<\/a> (juhendaja Tarmo Tammekivi)<\/p>\n<p>Ando Aru <a title=\"\" href=\"http:\/\/hdl.handle.net\/10062\/56600\" target=\"_blank\" rel=\"noopener\" data-url=\"http:\/\/hdl.handle.net\/10062\/56600\">\u201cMatsi talu pukktuuliku mudeldamine\u201d<\/a> (juhendaja Dan Lukas)<\/p>\n<p>Janno Kuldkepp <a title=\"\" href=\"http:\/\/hdl.handle.net\/10062\/56822\" target=\"_blank\" rel=\"noopener\" data-url=\"http:\/\/hdl.handle.net\/10062\/56822\">\u201cKeskpaiga talu suitsusauna ehitamine Ruhnus\u201d<\/a> (juhendajad Laur Pihel, Andres Ansper, Katri Smitt)<\/p>\n<p>Anu Laiapea <a title=\"\" href=\"http:\/\/hdl.handle.net\/10062\/56815\" target=\"_blank\" rel=\"noopener\" data-url=\"http:\/\/hdl.handle.net\/10062\/56815\">\u201cM\u00e4nniku Metsatalu suitsusauna juurdeehitusprojekti koostamine\u201d<\/a> (juhendaja Laur Pihel)<\/p>\n<p>Markus Pau <a title=\"\" href=\"http:\/\/hdl.handle.net\/10062\/56599\" target=\"_blank\" rel=\"noopener\" data-url=\"http:\/\/hdl.handle.net\/10062\/56599\">\u201cKanepibetoonsegude tutvustus ja katsetamine Eesti kliimas\u201d<\/a> (juhendaja Laur Pihel)<\/p>\n<p>Gert Reimets <a title=\"\" href=\"http:\/\/hdl.handle.net\/10062\/56821\" target=\"_blank\" rel=\"noopener\" data-url=\"http:\/\/hdl.handle.net\/10062\/56821\">\u201cSelgise talu suitsusaun\u201d<\/a> (juhendajad Priit-Kalev Parts, Kalev Kleimann)<\/p>\n<p>Malvo Tominga <a title=\"\" href=\"http:\/\/hdl.handle.net\/10062\/56825\" target=\"_blank\" rel=\"noopener\" data-url=\"http:\/\/hdl.handle.net\/10062\/56825\">\u201cSavihoone renoveerimisjuhendi koostamine\u201d<\/a> (juhendajad Priit-Kalev Parts, Marko Kikas)<\/p>\n<p>Oliver T\u00e4tte <a title=\"\" href=\"http:\/\/hdl.handle.net\/10062\/56818\" target=\"_blank\" rel=\"noopener\" data-url=\" http:\/\/hdl.handle.net\/10062\/56818\">\u201cKompostiva kuivk\u00e4imla projekteerimine ja ehitus\u201d<\/a> (juhendaja Peep Tobreluts)<\/p>\n<p>Eik Erich Uibo <a title=\"\" href=\"http:\/\/hdl.handle.net\/10062\/56818\" target=\"_blank\" rel=\"noopener\" data-url=\"http:\/\/hdl.handle.net\/10062\/56818\">\u201cLaane-Suki talu veranda taastamine\u201d<\/a> (juhendaja Tarmo Tammekivi)<\/p>\n<p>Andres Veel <a title=\"\" href=\"http:\/\/hdl.handle.net\/10062\/56812\" target=\"_blank\" rel=\"noopener\" data-url=\"http:\/\/hdl.handle.net\/10062\/56812\">\u201cPalkmaja tellija k\u00e4siraamatu k\u00e4sikirja koostamine\u201d<\/a> (juhendajad Ragner L\u00f5bu, Ave Matsin)<\/p>\n<h4>2015<\/h4>\n<p>J\u00fcrgo Jartsev-Moont <a title=\"\" href=\"http:\/\/hdl.handle.net\/10062\/47076\" target=\"_blank\" rel=\"noopener\" data-url=\"http:\/\/hdl.handle.net\/10062\/47076\">\u201ePosti talu laohoone p\u00f5hiprojekti koostamine\u201c<\/a> (juhendaja Priit Kalev Parts, konsultant Ats Buddell)<\/p>\n<p>Mairold Kiho <a title=\"\" href=\"\/\/hdl.handle.net\/10062\/47014\" target=\"_blank\" rel=\"noopener\" data-url=\"\/craft\/ttp:\/\/hdl.handle.net\/10062\/47014\">\u201cJalgrattaparkla projekteerimine ning ehitus Tartu \u00dclikooli Viljandi Kultuuriakadeemia Vilma \u00f5ppehoone ette\u201d<\/a> (juhendaja Priit-Kalev Parts) h<\/p>\n<p>Laur Oberschneider <a title=\"\" href=\"http:\/\/hdl.handle.net\/10062\/47007\" target=\"_blank\" rel=\"noopener\" data-url=\"http:\/\/hdl.handle.net\/10062\/47007\">\u201eVinnaga salvkaevu ennistamise algup\u00e4rast l\u00e4htuvalt Kubja talu kaevu n\u00e4itel L\u00e4\u00e4nemaal\u201c<\/a> (juhendajad Dan Lukas, Priit Kalev Parts)<\/p>\n<p>Viljar Pihus <a title=\"\" href=\"http:\/\/hdl.handle.net\/10062\/47074\" target=\"_blank\" rel=\"noopener\" data-url=\"http:\/\/hdl.handle.net\/10062\/47074\">\u201eM\u00e4e-Hinni talu eramu renoveerimisprojekti koostamine\u201d<\/a> (juhendajad Mart Keskk\u00fcla, Priit-Kalev Parts)<\/p>\n<p>Janno Sild <a title=\"\" href=\"http:\/\/hdl.handle.net\/10062\/46989\" target=\"_blank\" rel=\"noopener\" data-url=\"http:\/\/hdl.handle.net\/10062\/46989\">\u201eAllikamaja kaptaa\u017ei projekteerimine ja ehitamine Paljandi allikale Viljandi linnas\u201c<\/a> (juhendajad Priit-Kalev Parts, Lauri Pihel, Peep Tobreluts)<\/p>\n<h4>2014<\/h4>\n<p>Artur K\u00f5va <a title=\"\" href=\"http:\/\/hdl.handle.net\/10062\/41672\" target=\"_blank\" rel=\"noopener\" data-url=\"http:\/\/hdl.handle.net\/10062\/41672\">\u201cRahvusliku Ehituse Seltsi suitsusauna ehitustoode j\u00e4tkamine\u201d<\/a> (juhendaja Andres Ansper)<\/p>\n<p>Silver Kuldkepp <a title=\"\" href=\"\/\/hdl.handle.net\/10062\/41676\" target=\"_blank\" rel=\"noopener\" data-url=\"\/craft\/ttp:\/\/hdl.handle.net\/10062\/41676\">\u201cNahka talu suitsusauna projekt ja palkseina ehitus\u201d<\/a> (juhendaja Priit-Kalev Parts) h<\/p>\n<h4>2013<\/h4>\n<p>Ardi Kikerman <a title=\"\" href=\"http:\/\/hdl.handle.net\/10062\/31506\" target=\"_blank\" rel=\"noopener\" data-url=\"http:\/\/hdl.handle.net\/10062\/31506\">\u201cK\u00f5ivsaare talu \u00fcksikelamu rekonstrueerimine\u201d<\/a> (juhendajad Raivo M\u00e4ndmaa, Priit-Kalev Parts)<\/p>\n<p>Ivar Smolin <a title=\"\" href=\"http:\/\/hdl.handle.net\/10062\/31505\" target=\"_blank\" rel=\"noopener\" data-url=\"http:\/\/hdl.handle.net\/10062\/31505\">\u201cHoonete energiaarvutused tarkvara EnergyPlus abil\u201d<\/a> (juhendajad Rene Valner, Priit-Kalev Parts)<\/p>\n<p>Hendrik V\u00e4lja <a title=\"\" href=\"http:\/\/hdl.handle.net\/10062\/31501\" target=\"_blank\" rel=\"noopener\" data-url=\"http:\/\/hdl.handle.net\/10062\/31501\">\u201cHeimtali valla vaestemaja rekonstrueerimisprojekt MT\u00dc Heimtali Muuseumi S\u00f5prade Selts seltsimajaks\u201d<\/a> (juhendajad Anu Kotli, Priit-Kalev Parts)<\/p>\n<h4>2012<\/h4>\n<p>Heigo Ilves <a title=\"\" href=\"http:\/\/hdl.handle.net\/10062\/25794\" target=\"_blank\" rel=\"noopener\" data-url=\"http:\/\/hdl.handle.net\/10062\/25794\">\u201cT\u00f5ru onn. Puuonni projekteerimine M\u00e4nniku Metsatalus\u201d<\/a> (juhendajad Priit-Kalev Parts, Jaak-Adam Looveer)<\/p>\n<p>Kristjan Korts-Lindus <a title=\"\" href=\"http:\/\/hdl.handle.net\/10062\/26070\" target=\"_blank\" rel=\"noopener\" data-url=\"http:\/\/hdl.handle.net\/10062\/26070\">\u201cJaanikeste Jakobi suitsusauna renoveerimine\u201d<\/a> (juhendajad Joosep Metslang, Priit-Kalev Parts)<\/p>\n<h4>2011<\/h4>\n<p>Andres Ansper <a title=\"\" href=\"http:\/\/hdl.handle.net\/10062\/17735\" target=\"_blank\" rel=\"noopener\" data-url=\"http:\/\/hdl.handle.net\/10062\/17735\">\u201cIgamehe suitsusauna-aabits\u201d<\/a> (juhendajad Kristina Fuks-Kuus, Priit-Kalev Parts)<\/p>\n<p>Martin Hirv <a title=\"\" href=\"https:\/\/www.ester.ee\/record=b4095669*est%20%20\" target=\"_blank\" rel=\"noopener\" data-url=\"https:\/\/www.ester.ee\/record=b4095669*est  \">\u201cPalkehitusmaterjali tarnimisettev\u00f5tte \u201eEhituspalk\u201c tasuvus- ja teostatavusanal\u00fc\u00fcs\u201d<\/a> (juhendajad Priit-Kalev Parts, Aivar Pere)<\/p>\n<p>Ivo Leiaru <a title=\"\" href=\"http:\/\/hdl.handle.net\/10062\/18771\" target=\"_blank\" rel=\"noopener\" data-url=\"http:\/\/hdl.handle.net\/10062\/18771\">\u201cVana palkhoone ehituslik taaskasutus Arumetsa talu elamu n\u00e4itel\u201d<\/a> (juhendajad Priit-Kalev Parts, Joosep Metslang)<\/p>\n<p>Madis Prikk <a title=\"\" href=\"https:\/\/www.ester.ee\/record=b4095662*est%20\" target=\"_blank\" rel=\"noopener\" data-url=\"https:\/\/www.ester.ee\/record=b4095662*est \">\u201cPalkhoone teisaldamine Nahka tallu\u201d<\/a> (juhendajad Priit-Kalev Parts, Joosep Metslang)<\/p>\n<h4>2009<\/h4>\n<p>Erki Markson <a title=\"\" href=\"https:\/\/www.ester.ee\/record=b4095651*est\" target=\"_blank\" rel=\"noopener\" data-url=\"https:\/\/www.ester.ee\/record=b4095651*est\">\u201cKurepesa maakeldri renoveerimine\u201d<\/a> (juhendajad Priit-Kalev Parts, Madis Rennu)<\/p>\n<p>Heiki M\u00fcrk <a title=\"\" href=\"https:\/\/www.ester.ee\/record=b4095654*est%20\" target=\"_blank\" rel=\"noopener\" data-url=\"https:\/\/www.ester.ee\/record=b4095654*est \">\u201cVana-Kaurimetsa talu rehemaja renoveerimine\u201d<\/a> (juhendajad Priit-Kalev Parts, Joosep Metslang)<\/p>\n<p>Kristi Ristm\u00e4gi <a title=\"\" href=\"https:\/\/www.ester.ee\/record=b4095649*est\" target=\"_blank\" rel=\"noopener\" data-url=\"https:\/\/www.ester.ee\/record=b4095649*est\">\u201cNigula talu sauna restaureerimine\u201d<\/a> (juhendajad Priit-Kalev Parts, Dan Lukas)<\/p>\n<p>Egon R\u00f6mer <a title=\"\" href=\"https:\/\/www.ester.ee\/record=b4095648*est\" target=\"_blank\" rel=\"noopener\" data-url=\"https:\/\/www.ester.ee\/record=b4095648*est\">\u201cPaabo talu mademega kaheruumilise aida ehitus\u201d<\/a> (juhendajad Priit-Kalev Parts, Andres Uus)<\/p>\n<p>Tarmo Tammekivi <a title=\"\" href=\"https:\/\/www.ester.ee\/record=b4095647*est\" target=\"_blank\" rel=\"noopener\" data-url=\"https:\/\/www.ester.ee\/record=b4095647*est\">\u201cM\u00e4nniku Metsatalu suitsusaun\u201d<\/a> (juhendajad Priit-Kalev Parts, Vello Truu)<\/p>\n<p>Jaak Tihane <a title=\"\" href=\"https:\/\/www.ester.ee\/record=b4095657*est\" target=\"_blank\" rel=\"noopener\" data-url=\"https:\/\/www.ester.ee\/record=b4095657*est\">\u201cKildo talu sauna ehitus\u201d<\/a> (juhendajad Priit-Kalev Parts, Uno Roht)<\/p>\n","protected":false},"excerpt":{"rendered":"<p>2025 Joosep Mattis Eriste \u201cP\u00f6\u00f6ravere koorejaama rekonstrueerimisprojekt\u201d (juhendajad Leele V\u00e4lja, Laur Pihel) Matis Kalm \u201cLihttehnoloogiliste t\u00f5stemehhanismide rakendamine traditsioonilise pruss-s\u00f5restikkonstruktsiooni p\u00fcstitamisel\u201d (juhendaja Tarmo Tammekivi, konsultant Grigg Mullen III) Moonika K\u00f5ressaar \u201dTaastamise tarkus: juhis kinnisvaramaakleritele vana talu kultuurilise v\u00e4\u00e4rtuse t\u00f5stmiseks\u201d (juhendaja Leele &#8230;<\/p>\n","protected":false},"author":274,"featured_media":0,"parent":0,"menu_order":0,"comment_status":"closed","ping_status":"closed","template":"","meta":{"_acf_changed":false,"inline_featured_image":false,"footnotes":""},"class_list":["post-51","page","type-page","status-publish","hentry"],"acf":[],"_links":{"self":[{"href":"https:\/\/sisu.ut.ee\/craft\/wp-json\/wp\/v2\/pages\/51","targetHints":{"allow":["GET"]}}],"collection":[{"href":"https:\/\/sisu.ut.ee\/craft\/wp-json\/wp\/v2\/pages"}],"about":[{"href":"https:\/\/sisu.ut.ee\/craft\/wp-json\/wp\/v2\/types\/page"}],"author":[{"embeddable":true,"href":"https:\/\/sisu.ut.ee\/craft\/wp-json\/wp\/v2\/users\/274"}],"replies":[{"embeddable":true,"href":"https:\/\/sisu.ut.ee\/craft\/wp-json\/wp\/v2\/comments?post=51"}],"version-history":[{"count":8,"href":"https:\/\/sisu.ut.ee\/craft\/wp-json\/wp\/v2\/pages\/51\/revisions"}],"predecessor-version":[{"id":749,"href":"https:\/\/sisu.ut.ee\/craft\/wp-json\/wp\/v2\/pages\/51\/revisions\/749"}],"wp:attachment":[{"href":"https:\/\/sisu.ut.ee\/craft\/wp-json\/wp\/v2\/media?parent=51"}],"curies":[{"name":"wp","href":"https:\/\/api.w.org\/{rel}","templated":true}]}}