{"id":19,"date":"2024-04-04T08:32:14","date_gmt":"2024-04-04T05:32:14","guid":{"rendered":"https:\/\/sisu.ut.ee\/craft\/sundmused\/"},"modified":"2024-08-23T13:41:41","modified_gmt":"2024-08-23T10:41:41","slug":"sundmused","status":"publish","type":"page","link":"https:\/\/sisu.ut.ee\/craft\/sundmused\/","title":{"rendered":"S\u00fcndmused"},"content":{"rendered":"<p>T\u00dc VKA p\u00e4randtehnoloogia ja kultuurip\u00e4randi loovrakenduste \u00f5ppekavade tegevuse raames ja sellest t\u00f5ukuvalt korraldatakse j\u00e4rgmiseid iga-aastaseid s\u00fcndmuseid. Septembri l\u00f5pus v\u00f5i oktoobri alguses korraldavad magistrandid <a href=\"https:\/\/sisu.ut.ee\/craft\/sundmusdeee\/\">kultuurip\u00e4randi loovrakenduste s\u00fcgiskooli<\/a>. Mitmel s\u00fcgisel on korraldatud <a href=\"https:\/\/sisu.ut.ee\/craft\/festivalid\/\">festivale<\/a>, nii parandamise kui p\u00e4randuse teemadel. Novembris korraldatakse <a href=\"https:\/\/sisu.ut.ee\/craft\/pt-konverentsid\/\">p\u00e4randtehnoloogia konverentse<\/a>, mida saab j\u00e4relvaadata meie kodulehe teadus- ja loometegevuse rubriigis. Kevadeti korraldatakse noortele suunatud <a href=\"https:\/\/sisu.ut.ee\/craft\/loomekonkurss\/\">loomekonkurssi<\/a> ning aprillikuu koolivaheaegadel k\u00e4sit\u00f6\u00f6laagrit <a href=\"https:\/\/sisu.ut.ee\/craft\/noore-meistri-kool-0\/\">Noore Meistri Kool<\/a>. P\u00e4rimusmoele keskenduv <a href=\"https:\/\/sisu.ut.ee\/craft\/omamood-0\/\">moeetendus OmaMood<\/a> leiab aset juunikuus. Rahvusvaheline suve\u00fclikool <a href=\"https:\/\/sisu.ut.ee\/craft\/craft-camp-0\/\">Craft Camp<\/a> toimub juuli teisel n\u00e4dalal.<\/p>\n<p style=\"text-align: right;\"><em>Rahvusvahelise suve\u00fclikooli Craft Camp raames toimuvad erinevad t\u00f6\u00f6toad, foto autor Mathilde F Lind. <\/em><\/p>\n<p style=\"text-align: right;\"><img loading=\"lazy\" decoding=\"async\" width=\"2560\" height=\"1707\" class=\"alignnone wp-image-92\" style=\"width: 870px; float: left; height: 580px;\" title=\"yld_dsc_0605_01.jpg\" src=\"https:\/\/sisu.ut.ee\/wp-content\/uploads\/sites\/619\/yld_dsc_0605_01-scaled.jpg\" alt=\"Craft Campi kultuurireis T\u00f5stamaale.\" srcset=\"https:\/\/sisu.ut.ee\/wp-content\/uploads\/sites\/619\/yld_dsc_0605_01-scaled.jpg 2560w, https:\/\/sisu.ut.ee\/wp-content\/uploads\/sites\/619\/yld_dsc_0605_01-300x200.jpg 300w, https:\/\/sisu.ut.ee\/wp-content\/uploads\/sites\/619\/yld_dsc_0605_01-1024x683.jpg 1024w, https:\/\/sisu.ut.ee\/wp-content\/uploads\/sites\/619\/yld_dsc_0605_01-768x512.jpg 768w, https:\/\/sisu.ut.ee\/wp-content\/uploads\/sites\/619\/yld_dsc_0605_01-1536x1024.jpg 1536w, https:\/\/sisu.ut.ee\/wp-content\/uploads\/sites\/619\/yld_dsc_0605_01-2048x1365.jpg 2048w, https:\/\/sisu.ut.ee\/wp-content\/uploads\/sites\/619\/yld_dsc_0605_01-1920x1280.jpg 1920w\" sizes=\"auto, (max-width: 2560px) 100vw, 2560px\"><\/p>\n","protected":false},"excerpt":{"rendered":"<p>T\u00dc VKA p\u00e4randtehnoloogia ja kultuurip\u00e4randi loovrakenduste \u00f5ppekavade tegevuse raames ja sellest t\u00f5ukuvalt korraldatakse j\u00e4rgmiseid iga-aastaseid s\u00fcndmuseid. Septembri l\u00f5pus v\u00f5i oktoobri alguses korraldavad magistrandid kultuurip\u00e4randi loovrakenduste s\u00fcgiskooli. Mitmel s\u00fcgisel on korraldatud festivale, nii parandamise kui p\u00e4randuse teemadel. Novembris korraldatakse p\u00e4randtehnoloogia konverentse, &#8230;<\/p>\n","protected":false},"author":274,"featured_media":0,"parent":0,"menu_order":0,"comment_status":"closed","ping_status":"closed","template":"","meta":{"_acf_changed":false,"inline_featured_image":false,"footnotes":""},"class_list":["post-19","page","type-page","status-publish","hentry"],"acf":[],"_links":{"self":[{"href":"https:\/\/sisu.ut.ee\/craft\/wp-json\/wp\/v2\/pages\/19","targetHints":{"allow":["GET"]}}],"collection":[{"href":"https:\/\/sisu.ut.ee\/craft\/wp-json\/wp\/v2\/pages"}],"about":[{"href":"https:\/\/sisu.ut.ee\/craft\/wp-json\/wp\/v2\/types\/page"}],"author":[{"embeddable":true,"href":"https:\/\/sisu.ut.ee\/craft\/wp-json\/wp\/v2\/users\/274"}],"replies":[{"embeddable":true,"href":"https:\/\/sisu.ut.ee\/craft\/wp-json\/wp\/v2\/comments?post=19"}],"version-history":[{"count":3,"href":"https:\/\/sisu.ut.ee\/craft\/wp-json\/wp\/v2\/pages\/19\/revisions"}],"predecessor-version":[{"id":574,"href":"https:\/\/sisu.ut.ee\/craft\/wp-json\/wp\/v2\/pages\/19\/revisions\/574"}],"wp:attachment":[{"href":"https:\/\/sisu.ut.ee\/craft\/wp-json\/wp\/v2\/media?parent=19"}],"curies":[{"name":"wp","href":"https:\/\/api.w.org\/{rel}","templated":true}]}}