{"id":12,"date":"2024-04-04T08:32:14","date_gmt":"2024-04-04T05:32:14","guid":{"rendered":"https:\/\/sisu.ut.ee\/craft\/2016-pt-sugiskool\/"},"modified":"2024-04-04T08:35:48","modified_gmt":"2024-04-04T05:35:48","slug":"2016-pt-sugiskool","status":"publish","type":"page","link":"https:\/\/sisu.ut.ee\/craft\/2016-pt-sugiskool\/","title":{"rendered":"2016 PT s\u00fcgiskool"},"content":{"rendered":"<h4>\n\t\u201eElu enne ja p\u00e4rast naftat\u201c<br>\n<\/h4>\n<p>\n\tViiendas s\u00fcgiskoolis \u201cEnne ja p\u00e4rast naftat\u201d otsiti ettekannetes vastuseid j\u00e4rgmistele k\u00fcsimustele: Mis juhtub, kui kaasaegsed h\u00fcved k\u00e4ttesaamatuks osutuvad? Milliseid oskusi inimesel edasi kestmiseks tegelikult tarvis on? Kas p\u00e4randtehnoloogidel on keerulistes oludes kohastumiseks paremad v\u00f5imalused kui n\u00e4iteks infotehnoloogidel? Lektorite ja kuulajaskonna koostoos viidi l\u00e4bi m\u00f5ttem\u00e4ng, kuidas riigikorrast ja maailmamajandusest s\u00f5ltumatult v\u00f5imalikult edukalt toime tulla. Praktilisi v\u00f5tteid naftata hakkama saamiseks pakkusid p\u00e4randtehnoloogia magistrantide t\u00f6\u00f6toad ja \u00f6\u00f6matk.\n<\/p>\n<p>\n\tEsinejad: Argo Moor, Kaido Kama, Monika Hint, Erik Puura\n<\/p>\n<p>\n\t\u00a0\n<\/p>\n<p><img loading=\"lazy\" decoding=\"async\" width=\"1809\" height=\"2560\" class=\"alignnone wp-image-89\" style=\"width: 424px;height: 600px\" src=\"https:\/\/sisu.ut.ee\/wp-content\/uploads\/sites\/619\/pt_sygiskool_2016_a3-scaled.jpg\" title=\"pt_sygiskool_2016_a3.jpg\" alt=\"enne ja p\u00e4rast naftat\" srcset=\"https:\/\/sisu.ut.ee\/wp-content\/uploads\/sites\/619\/pt_sygiskool_2016_a3-scaled.jpg 1809w, https:\/\/sisu.ut.ee\/wp-content\/uploads\/sites\/619\/pt_sygiskool_2016_a3-212x300.jpg 212w, https:\/\/sisu.ut.ee\/wp-content\/uploads\/sites\/619\/pt_sygiskool_2016_a3-724x1024.jpg 724w, https:\/\/sisu.ut.ee\/wp-content\/uploads\/sites\/619\/pt_sygiskool_2016_a3-768x1087.jpg 768w, https:\/\/sisu.ut.ee\/wp-content\/uploads\/sites\/619\/pt_sygiskool_2016_a3-1086x1536.jpg 1086w, https:\/\/sisu.ut.ee\/wp-content\/uploads\/sites\/619\/pt_sygiskool_2016_a3-1447x2048.jpg 1447w, https:\/\/sisu.ut.ee\/wp-content\/uploads\/sites\/619\/pt_sygiskool_2016_a3-1920x2717.jpg 1920w\" sizes=\"auto, (max-width: 1809px) 100vw, 1809px\"><\/p>\n","protected":false},"excerpt":{"rendered":"<p>\u201eElu enne ja p\u00e4rast naftat\u201c Viiendas s\u00fcgiskoolis \u201cEnne ja p\u00e4rast naftat\u201d otsiti ettekannetes vastuseid j\u00e4rgmistele k\u00fcsimustele: Mis juhtub, kui kaasaegsed h\u00fcved k\u00e4ttesaamatuks osutuvad? Milliseid oskusi inimesel edasi kestmiseks tegelikult tarvis on? Kas p\u00e4randtehnoloogidel on keerulistes oludes kohastumiseks paremad v\u00f5imalused kui &#8230;<\/p>\n","protected":false},"author":274,"featured_media":0,"parent":0,"menu_order":0,"comment_status":"closed","ping_status":"closed","template":"","meta":{"_acf_changed":false,"inline_featured_image":false,"footnotes":""},"class_list":["post-12","page","type-page","status-publish","hentry"],"acf":[],"_links":{"self":[{"href":"https:\/\/sisu.ut.ee\/craft\/wp-json\/wp\/v2\/pages\/12","targetHints":{"allow":["GET"]}}],"collection":[{"href":"https:\/\/sisu.ut.ee\/craft\/wp-json\/wp\/v2\/pages"}],"about":[{"href":"https:\/\/sisu.ut.ee\/craft\/wp-json\/wp\/v2\/types\/page"}],"author":[{"embeddable":true,"href":"https:\/\/sisu.ut.ee\/craft\/wp-json\/wp\/v2\/users\/274"}],"replies":[{"embeddable":true,"href":"https:\/\/sisu.ut.ee\/craft\/wp-json\/wp\/v2\/comments?post=12"}],"version-history":[{"count":1,"href":"https:\/\/sisu.ut.ee\/craft\/wp-json\/wp\/v2\/pages\/12\/revisions"}],"predecessor-version":[{"id":294,"href":"https:\/\/sisu.ut.ee\/craft\/wp-json\/wp\/v2\/pages\/12\/revisions\/294"}],"wp:attachment":[{"href":"https:\/\/sisu.ut.ee\/craft\/wp-json\/wp\/v2\/media?parent=12"}],"curies":[{"name":"wp","href":"https:\/\/api.w.org\/{rel}","templated":true}]}}