{"id":705,"date":"2024-05-06T15:19:14","date_gmt":"2024-05-06T12:19:14","guid":{"rendered":"https:\/\/sisu.ut.ee\/cifu14\/second-circular-may-2024\/"},"modified":"2024-11-26T15:14:43","modified_gmt":"2024-11-26T13:14:43","slug":"2-rundbrief","status":"publish","type":"page","link":"https:\/\/sisu.ut.ee\/cifu14\/2-rundbrief\/?lang=de","title":{"rendered":"Zweiter Rundbrief, Mai 2024"},"content":{"rendered":"<p>Liebe Kollegen!<\/p>\n<p style=\"text-align: justify;\">Dieser 2. Rundbrief enth\u00e4lt den zentralen <em>Call for Abstracts <\/em>zu den Symposia und der Allgemeinen Sektion des 14. Internationalen Kongresses f\u00fcr Finnougristik in Tartu, vom 18. bis zum 23. August 2025. Es wurden 19 Symposienvorschl\u00e4ge in vier Kategorien angenommen: A.\u00a0Disziplinbezogene Themen, B.\u00a0Linguistik, C.\u00a0Ethnographie, Religion und Folkloristik, sowie D.\u00a0Geschichte, Vorgeschichte und Arch\u00e4ologie. (Vorschl\u00e4ge zu Literatur und Kunst sind keine eingegangen.) Die Liste mit den Symposien ist nun auf der Kongress-Homepage unter <a href=\"https:\/\/cifu14.ut.ee\/programme\/symposia\/\" target=\"_blank\" rel=\"noopener\">https:\/\/cifu14.ut.ee\/programme\/symposia\/<\/a> zu finden.<\/p>\n<p style=\"text-align: justify;\">Hier einige Anweisungen zum Verfassen und Einreichen von Abstracts: Abstracts sind auf Englisch zu verfassen. Die L\u00e4nge, Literaturangaben eingeschlossen, soll zwei Seiten nicht \u00fcberschreiten; Schriftg\u00f6\u00dfe 12, Zeilenabstand 1,5, R\u00e4nder 2,5. Das Abstrakt ist anonymisiert als E-Mail-Anhang (vorzugsweise Word- und Pdf-Dokument) unter der Adresse <a href=\"mailto:cifu14@ut.ee\">cifu14@ut.ee <\/a>einzureichen. Der Text der E-Mail enth\u00e4lt den Autorennamen, die Affiliation und den Titel des Vortrags. (Siehe zudem weiter unten die Zusatzinformation bzgl. Russland und Belarus.) Falls die Sprache des Vortrag nicht Englisch sein wird, bitten wir um zus\u00e4tzliche Angabe des Titels in der betreffenden Sprache. (F\u00fcr die Sprachpolitik in den Symposien zeichnen die jeweiligen Organisatoren verantwortlich.) Wichtig ist zudem die Information, ob es sich um einen Vortrag in einem Symposium, einen Vortrag in der Allgemeinen Sektion, oder um ein Poster f\u00fcr die Postersektion handelt. Teilnehmer k\u00f6nnen h\u00f6chstens zwei Abstrakts einreichen, eines als f\u00fchrende(r) Autor(in) und eines als Koautor(in). Die Frist zur Einsendung von Abstracts ist der <del>30. September 2024<\/del> <strong>20. Oktober 2024<\/strong>.<\/p>\n<p style=\"text-align: justify;\">Die Annahme von Abstracts wird nach Ende des anonymen Begutachtungsverfahrens, sp\u00e4testens bis zum 1. Dezember 2024 mitgeteilt.<\/p>\n<p style=\"text-align: justify;\">Informationen zur Registrierung und den Teilnahmegeb\u00fchren werden in einem dritten Rundschreiben im Januar 2025 zu finden sein. Die Kongress-Homepage wird diesbez\u00fcglich bereits fr\u00fcher aktualisiert. Die Registrierung beginnt im Februar 2025. Angenommene Abstracts werden auf der Kongress-Homepage ver\u00f6ffentlicht. Abstracts von Autoren, die sich nicht registrieren, werden nicht ver\u00f6ffentlicht.<\/p>\n<p style=\"text-align: justify;\">Die Publikation von Vortr\u00e4gen in Form von Sammelb\u00e4nden oder Sonderausgaben von Zeitschriften liegt in den H\u00e4nden von Symposienveranstaltern. Eine zentrale Ver\u00f6ffentlichung von Kongressmaterialien ist nicht geplant.<\/p>\n<p style=\"text-align: justify;\">Die Kongress-Homepage unter <a href=\"http:\/\/cifu14.ut.ee\">cifu14.ut.ee<\/a> wird laufend aktualisiert mit Informationen zu Registrierung, Konferenzgeb\u00fchren, Programm, R\u00e4umlichkeiten, Anreise und Unterkunft. Zudem gibt es eine Facebook-Event-Seite <a href=\"https:\/\/fb.me\/e\/gkV8xAp80\" target=\"_blank\" rel=\"noopener\">https:\/\/fb.me\/e\/gkV8xAp80<\/a>, oder schreiben Sie an <a href=\"mailto:cifu14@ut.ee\">cifu14@ut.ee<\/a>.<\/p>\n<p style=\"text-align: justify;\">Zusatzinformation f\u00fcr Teilnehmer aus Russland und Belarus: Die gegenw\u00e4rtige Regelung verbietet jegliche Zusammenarbeit der Universit\u00e4t Tartu mit Institutionen in diesen L\u00e4ndern. F\u00fcr Abstracts, die aus Russland und Belarus eingereicht werden, gilt der Verzicht auf die Affiliation. Stattdessen ist ein Ortsname anzugeben. Vor-Ort-Teilnahme ist prinzipiell m\u00f6glich, die Universit\u00e4t Tartu stellt aber keine Visaeinladungen an B\u00fcrger Russland und Belarus\u2019 aus. Online-Teilnahme ist die Alternative. N\u00e4heres dazu wird sp\u00e4ter bekanntgegeben.<\/p>\n<p style=\"text-align: justify;\">Zusammenfassung der einschl\u00e4gigen Daten:<\/p>\n<ul>\n<li style=\"text-align: justify;\">die Abstract-Einreichung hat begonnen<\/li>\n<li style=\"text-align: justify;\">die Abstract-Einreichung endet am <del>30. September 2024<\/del><strong> 20. Oktober 2024<\/strong><\/li>\n<li style=\"text-align: justify;\">die Annahme wird ab dem 1. Dezember 2024 mitgeteilt<\/li>\n<li style=\"text-align: justify;\">Registrierung beginnt im Februar 2025<\/li>\n<\/ul>\n<p>Wir freuen uns auf Ihre Teilnahme in Tartu 2025!<\/p>\n<p>Gerson Klumpp<br>\nPr\u00e4sident des XIV. Internationalen Kongresses f\u00fcr Finnougristik<\/p>\n<p>Marili Tomingas<br>\nGesch\u00e4ftsf\u00fchrerin des XIV. Internationalen Kongresses f\u00fcr Finnougristik<\/p>\n","protected":false},"excerpt":{"rendered":"<p>Liebe Kollegen! Dieser 2. Rundbrief enth\u00e4lt den zentralen Call for Abstracts zu den Symposia und der Allgemeinen Sektion des 14. Internationalen Kongresses f\u00fcr Finnougristik in Tartu, vom 18. bis zum 23. August 2025. Es wurden 19 Symposienvorschl\u00e4ge in vier Kategorien &#8230;<\/p>\n","protected":false},"author":306,"featured_media":0,"parent":0,"menu_order":0,"comment_status":"closed","ping_status":"closed","template":"","meta":{"_acf_changed":false,"inline_featured_image":false,"footnotes":""},"class_list":["post-705","page","type-page","status-publish","hentry"],"acf":[],"_links":{"self":[{"href":"https:\/\/sisu.ut.ee\/cifu14\/wp-json\/wp\/v2\/pages\/705","targetHints":{"allow":["GET"]}}],"collection":[{"href":"https:\/\/sisu.ut.ee\/cifu14\/wp-json\/wp\/v2\/pages"}],"about":[{"href":"https:\/\/sisu.ut.ee\/cifu14\/wp-json\/wp\/v2\/types\/page"}],"author":[{"embeddable":true,"href":"https:\/\/sisu.ut.ee\/cifu14\/wp-json\/wp\/v2\/users\/306"}],"replies":[{"embeddable":true,"href":"https:\/\/sisu.ut.ee\/cifu14\/wp-json\/wp\/v2\/comments?post=705"}],"version-history":[{"count":9,"href":"https:\/\/sisu.ut.ee\/cifu14\/wp-json\/wp\/v2\/pages\/705\/revisions"}],"predecessor-version":[{"id":1329,"href":"https:\/\/sisu.ut.ee\/cifu14\/wp-json\/wp\/v2\/pages\/705\/revisions\/1329"}],"wp:attachment":[{"href":"https:\/\/sisu.ut.ee\/cifu14\/wp-json\/wp\/v2\/media?parent=705"}],"curies":[{"name":"wp","href":"https:\/\/api.w.org\/{rel}","templated":true}]}}