{"id":665,"date":"2024-05-06T15:19:14","date_gmt":"2024-05-06T12:19:14","guid":{"rendered":"https:\/\/sisu.ut.ee\/cifu14\/second-circular-may-2024\/"},"modified":"2025-01-28T13:49:09","modified_gmt":"2025-01-28T11:49:09","slug":"2-kiertokirje","status":"publish","type":"page","link":"https:\/\/sisu.ut.ee\/cifu14\/2-kiertokirje\/?lang=fi","title":{"rendered":"Toinen kiertokirje, toukokuu 2024"},"content":{"rendered":"<p style=\"text-align: justify;\">Hyv\u00e4t kollegat<\/p>\n<p style=\"text-align: justify;\">T\u00e4ss\u00e4 toisessa kiertokirjeess\u00e4 on kutsu tiivistelmien esitt\u00e4miseksi 14. kansainv\u00e4lisen fennougristikongressin symposiumeihin ja yleissektioon. Kongressi j\u00e4rjestet\u00e4\u00e4n Tartossa 18.\u201323. elokuuta 2025. Olemme hyv\u00e4ksyneet 19 symposiumiehdotusta nelj\u00e4ss\u00e4 eri kategoriassa: A. Tieteenalaan liittyv\u00e4t l\u00e4hestymistavat; B. Kielitiede; C. Etnologia, uskontotiede ja folkloristiikka ja D. Historia, esihistoria ja arkeologia. (T\u00e4ll\u00e4 kertaa ei tullut ehdotuksia kirjallisuuden ja taiteen aloilta.) Symposiumien luettelo on nyt n\u00e4ht\u00e4vill\u00e4 kongressin kotisivuilla <a href=\"https:\/\/cifu14.ut.ee\/programme\/symposia\/\" target=\"_blank\" rel=\"noopener\">https:\/\/cifu14.ut.ee\/programme\/symposia\/<\/a>.<\/p>\n<p style=\"text-align: justify;\">Tiivistelmien esitt\u00e4minen. Kaikki tiivistelm\u00e4t on kirjoitettava englanniksi. Pituus saa olla enint\u00e4\u00e4n kaksi A4-liuskaa viitteineen; kirjasinkoko 12, riviv\u00e4li 1,5, marginaalit 2,5 cm. Tiivistelm\u00e4 tulee l\u00e4hett\u00e4\u00e4 anonyymin\u00e4 liitteen\u00e4 (mieluiten sek\u00e4 word- ett\u00e4 pdf-tiedostona) osoitteeseen <a href=\"mailto:cifu14@ut.ee\">cifu14@ut.ee<\/a>. Kirjoita s\u00e4hk\u00f6postitekstiin nimesi, organisaatiosi ja esitelm\u00e4n otsikko. (Alla on tietoja Ven\u00e4j\u00e4lt\u00e4 ja Valko-Ven\u00e4j\u00e4lt\u00e4 l\u00e4hetett\u00e4viin tiivistelmiin.) Jos aiot pit\u00e4\u00e4 esitelm\u00e4si muulla kielell\u00e4 kuin englanniksi, lis\u00e4\u00e4 esitelm\u00e4si otsikko my\u00f6s sill\u00e4 kielell\u00e4. (Huomaa, ett\u00e4 symposiumin j\u00e4rjest\u00e4j\u00e4t p\u00e4\u00e4tt\u00e4v\u00e4t erikseen kunkin symposiumin ty\u00f6kielen). Lis\u00e4\u00e4 my\u00f6s s\u00e4hk\u00f6postiisi, esitet\u00e4\u00e4nk\u00f6 tiivistelm\u00e4si suullisena esitelm\u00e4n\u00e4 tiettyyn symposiumiin tai yleissektioon vai posteriesityksen\u00e4 kongressin posterisektioon. Jokainen osallistuja voi l\u00e4hett\u00e4\u00e4 enint\u00e4\u00e4n kaksi tiivistelm\u00e4\u00e4: toisen p\u00e4\u00e4tekij\u00e4n\u00e4 ja esitelm\u00e4n pit\u00e4j\u00e4n\u00e4 ja toisen toisena tekij\u00e4n\u00e4. Tiivistelm\u00e4t tulee toimittaa <del>30.9.2024<\/del> <strong>20.10.2024 <\/strong>menness\u00e4.<\/p>\n<p style=\"text-align: justify;\">Vertaisarvioinnin j\u00e4lkeen l\u00e4het\u00e4mme ilmoituksen tiivistelm\u00e4si hyv\u00e4ksymisest\u00e4 tai hylk\u00e4\u00e4misest\u00e4 1.12.2024 menness\u00e4.\u00a0Ilmoittautumistiedot, mukaan lukien osallistumismaksut, tulevat 3. kiertokirjeess\u00e4 viimeist\u00e4\u00e4n tammikuussa 2025. P\u00e4ivit\u00e4mme kotisivujamme jo ennen sit\u00e4. Kongressiin ilmoittautuminen alkaa helmikuussa 2025. Kaikki hyv\u00e4ksytyt tiivistelm\u00e4t julkaistaan kongressin verkkosivuilla. Jos hyv\u00e4ksytyn tiivistelm\u00e4n kirjoittaja ei ole ilmoittautunut kongressiin, tiivistelm\u00e4 poistetaan.\u00a0Symposiumin j\u00e4rjest\u00e4ji\u00e4 kannustetaan julkaisemaan symposiuminsa aineistoja, sill\u00e4 kaikkia CIFU:n esitelmi\u00e4 sis\u00e4lt\u00e4v\u00e4\u00e4 julkaisua ei ole suunnitteilla.\u00a0<\/p>\n<p style=\"text-align: justify;\">Verkkosivujamme osoitteessa <a href=\"http:\/\/cifu14.ut.ee\">cifu14.ut.ee<\/a> p\u00e4ivitet\u00e4\u00e4n jatkuvasti ja niille lis\u00e4t\u00e4\u00e4n uutta tietoa ilmoittautumisesta, osallistumismaksuista, ohjelmasta, tapahtumapaikoista, matkoista ja majoituksesta. Tervetuloa my\u00f6s seuraamaan Facebook-tapahtumasivustoamme <a href=\"https:\/\/cifu14.ut.ee\/programme\/symposia\/\" target=\"_blank\" rel=\"noopener\">https:\/\/fb.me\/e\/gkV8xAp80<\/a>. Kysymyksi\u00e4 voi kirjoittaa s\u00e4hk\u00f6postitse: <a href=\"mailto:cifu14@ut.ee\">cifu14@ut.ee<\/a>.<\/p>\n<p style=\"text-align: justify;\">Eritietoja Ven\u00e4j\u00e4lle ja Valko-Ven\u00e4j\u00e4lle: Tarton yliopiston yhteisty\u00f6 ven\u00e4l\u00e4isten ja valkoven\u00e4l\u00e4isten organisaatioiden kanssa on kielletty. Ven\u00e4j\u00e4lt\u00e4 ja Valko-Ven\u00e4j\u00e4lt\u00e4 l\u00e4hetettyjen tiivistelmien tekij\u00f6it\u00e4 pyydet\u00e4\u00e4n ilmoittamaan s\u00e4hk\u00f6postitekstiss\u00e4 asuinkaupunkinsa, mutta ei organisaatiota. Osallistuminen paikan p\u00e4\u00e4ll\u00e4 on periaatteessa mahdollista, mutta Tarton yliopisto ei l\u00e4het\u00e4 viisumikutsuja Ven\u00e4j\u00e4n tai Valko-Ven\u00e4j\u00e4n kansalaisille. Vaihtoehtona on osallistuminen et\u00e4yhteyksin. Verkko-osallistumisesta annetaan lis\u00e4tietoja my\u00f6hemmin.\u00a0<\/p>\n<p>Yhteenveto t\u00e4rkeist\u00e4 p\u00e4iv\u00e4m\u00e4\u00e4rist\u00e4:<\/p>\n<ul>\n<li>Tiivistelmien esitt\u00e4minen on nyt alkanut<\/li>\n<li>Tiivistelmien m\u00e4\u00e4r\u00e4aika <del>30.9.2024<\/del> <strong>20.10.2024<\/strong><\/li>\n<li>Hyv\u00e4ksymisilmoitukset 1.12.2024<\/li>\n<li>Ilmoittautuminen alkaa helmikuussa 2025 (lis\u00e4tietoja 3. kiertokirjeess\u00e4 <del>tammikuussa 2025<\/del> helmikuussa 2025)<\/li>\n<\/ul>\n<p>Tervetuloa Tarttoon 2025!<\/p>\n<p>Gerson Klumpp <br>XIV fennougristikongressin presidentti<\/p>\n<p>Marili Tomingas <br>XIV fennougristikongressin sihteeri<\/p>\n\n\n<p><\/p>\n","protected":false},"excerpt":{"rendered":"<p>Hyv\u00e4t kollegat T\u00e4ss\u00e4 toisessa kiertokirjeess\u00e4 on kutsu tiivistelmien esitt\u00e4miseksi 14. kansainv\u00e4lisen fennougristikongressin symposiumeihin ja yleissektioon. Kongressi j\u00e4rjestet\u00e4\u00e4n Tartossa 18.\u201323. elokuuta 2025. Olemme hyv\u00e4ksyneet 19 symposiumiehdotusta nelj\u00e4ss\u00e4 eri kategoriassa: A. Tieteenalaan liittyv\u00e4t l\u00e4hestymistavat; B. Kielitiede; C. Etnologia, uskontotiede ja folkloristiikka ja &#8230;<\/p>\n","protected":false},"author":306,"featured_media":0,"parent":0,"menu_order":0,"comment_status":"closed","ping_status":"closed","template":"","meta":{"_acf_changed":false,"inline_featured_image":false,"footnotes":""},"class_list":["post-665","page","type-page","status-publish","hentry"],"acf":[],"_links":{"self":[{"href":"https:\/\/sisu.ut.ee\/cifu14\/wp-json\/wp\/v2\/pages\/665","targetHints":{"allow":["GET"]}}],"collection":[{"href":"https:\/\/sisu.ut.ee\/cifu14\/wp-json\/wp\/v2\/pages"}],"about":[{"href":"https:\/\/sisu.ut.ee\/cifu14\/wp-json\/wp\/v2\/types\/page"}],"author":[{"embeddable":true,"href":"https:\/\/sisu.ut.ee\/cifu14\/wp-json\/wp\/v2\/users\/306"}],"replies":[{"embeddable":true,"href":"https:\/\/sisu.ut.ee\/cifu14\/wp-json\/wp\/v2\/comments?post=665"}],"version-history":[{"count":13,"href":"https:\/\/sisu.ut.ee\/cifu14\/wp-json\/wp\/v2\/pages\/665\/revisions"}],"predecessor-version":[{"id":1860,"href":"https:\/\/sisu.ut.ee\/cifu14\/wp-json\/wp\/v2\/pages\/665\/revisions\/1860"}],"wp:attachment":[{"href":"https:\/\/sisu.ut.ee\/cifu14\/wp-json\/wp\/v2\/media?parent=665"}],"curies":[{"name":"wp","href":"https:\/\/api.w.org\/{rel}","templated":true}]}}