{"id":43,"date":"2024-04-04T08:38:34","date_gmt":"2024-04-04T05:38:34","guid":{"rendered":"https:\/\/sisu.ut.ee\/cifu14\/teeduskiraq\/"},"modified":"2025-03-06T16:29:38","modified_gmt":"2025-03-06T14:29:38","slug":"teeduskiraq","status":"publish","type":"page","link":"https:\/\/sisu.ut.ee\/cifu14\/teeduskiraq\/?lang=vro","title":{"rendered":"Teed\u00fcskir\u00e4q"},"content":{"rendered":"<ul>\n<li><span style=\"font-size: 18pt;\"><a href=\"https:\/\/cifu14.ut.ee\/1-teeduskiri\/?lang=vro\"><strong>Edim\u00e4ne teed\u00fcskiri, lehekuu 2023<\/strong><\/a><\/span><\/li>\n<li><span style=\"font-size: 18pt;\"><a href=\"https:\/\/cifu14.ut.ee\/2-teeduskiri\/?lang=vro\"><strong>T\u00f5n\u00f5 teed\u00fcskiri, lehekuu 2024<\/strong><\/a><\/span><\/li>\n<li><span style=\"font-size: 18pt;\"><a href=\"https:\/\/cifu14.ut.ee\/3-teeduskiri\/?lang=vro\"><strong>Kolmas teed\u00fcskiri, radokuu 2025<\/strong><\/a><\/span><\/li>\n<\/ul>\n","protected":false},"excerpt":{"rendered":"<p>Edim\u00e4ne teed\u00fcskiri, lehekuu 2023 T\u00f5n\u00f5 teed\u00fcskiri, lehekuu 2024 Kolmas teed\u00fcskiri, radokuu 2025<\/p>\n","protected":false},"author":306,"featured_media":0,"parent":0,"menu_order":0,"comment_status":"closed","ping_status":"closed","template":"","meta":{"_acf_changed":false,"inline_featured_image":false,"footnotes":""},"class_list":["post-43","page","type-page","status-publish","hentry"],"acf":[],"_links":{"self":[{"href":"https:\/\/sisu.ut.ee\/cifu14\/wp-json\/wp\/v2\/pages\/43","targetHints":{"allow":["GET"]}}],"collection":[{"href":"https:\/\/sisu.ut.ee\/cifu14\/wp-json\/wp\/v2\/pages"}],"about":[{"href":"https:\/\/sisu.ut.ee\/cifu14\/wp-json\/wp\/v2\/types\/page"}],"author":[{"embeddable":true,"href":"https:\/\/sisu.ut.ee\/cifu14\/wp-json\/wp\/v2\/users\/306"}],"replies":[{"embeddable":true,"href":"https:\/\/sisu.ut.ee\/cifu14\/wp-json\/wp\/v2\/comments?post=43"}],"version-history":[{"count":4,"href":"https:\/\/sisu.ut.ee\/cifu14\/wp-json\/wp\/v2\/pages\/43\/revisions"}],"predecessor-version":[{"id":2687,"href":"https:\/\/sisu.ut.ee\/cifu14\/wp-json\/wp\/v2\/pages\/43\/revisions\/2687"}],"wp:attachment":[{"href":"https:\/\/sisu.ut.ee\/cifu14\/wp-json\/wp\/v2\/media?parent=43"}],"curies":[{"name":"wp","href":"https:\/\/api.w.org\/{rel}","templated":true}]}}