{"id":28,"date":"2024-04-04T08:38:37","date_gmt":"2024-04-04T05:38:37","guid":{"rendered":"https:\/\/sisu.ut.ee\/cifu14\/hu\/"},"modified":"2025-08-25T11:47:29","modified_gmt":"2025-08-25T08:47:29","slug":"hu","status":"publish","type":"page","link":"https:\/\/sisu.ut.ee\/cifu14\/hu\/?lang=hu","title":{"rendered":"A XIV. Nemzetk\u00f6zi Finnugor Kongresszus"},"content":{"rendered":"<p style=\"text-align: justify;\">Congressus Internationalis Fenno-Ugristarum (CIFU) a finnugor (ur\u00e1li) nyelvek, kult\u00far\u00e1k, irodalom, n\u00e9prajz, m\u0171v\u00e9szet, zene, n\u00e9pi vall\u00e1s, t\u00f6rt\u00e9nelem, genetika \u00e9s r\u00e9g\u00e9szet kutat\u00e1s\u00e1ra szentelt legnagyobb nemzetk\u00f6zi tudom\u00e1nyos rendezv\u00e9ny. A kongresszus az 1960-as \u00e9vekt\u0151l \u00f6t\u00e9vente ker\u00fcl megrendez\u00e9sre. <strong>A XIV. Nemzetk\u00f6zi Finnugor Kongresszust<\/strong> <strong>2025. augusztus 18. \u00e9s 23. k\u00f6z\u00f6tt rendezt\u00fck meg Tartuban<\/strong>. A kongresszust a Tartui Egyetem \u00c9szt \u00e9s \u00c1ltal\u00e1nos Nyelv\u00e9szeti Int\u00e9zete szervezte.<\/p>\n<p><span style=\"font-size: 14pt;\"><span style=\"font-size: 12pt;\"><strong>CIFU XV-t<\/strong> szerveztek <strong>2030-ban<\/strong> a <b>Lor\u00e1nd E\u00f6tv\u00f6s Egyetemen<\/b>\u00a0(ELTE) <\/span><strong><span style=\"font-size: 12pt;\">Budapesten.<\/span><\/strong><\/span><\/p>\n\n\n<p><\/p>\n","protected":false},"excerpt":{"rendered":"<p>Congressus Internationalis Fenno-Ugristarum (CIFU) a finnugor (ur\u00e1li) nyelvek, kult\u00far\u00e1k, irodalom, n\u00e9prajz, m\u0171v\u00e9szet, zene, n\u00e9pi vall\u00e1s, t\u00f6rt\u00e9nelem, genetika \u00e9s r\u00e9g\u00e9szet kutat\u00e1s\u00e1ra szentelt legnagyobb nemzetk\u00f6zi tudom\u00e1nyos rendezv\u00e9ny. A kongresszus az 1960-as \u00e9vekt\u0151l \u00f6t\u00e9vente ker\u00fcl megrendez\u00e9sre. A XIV. Nemzetk\u00f6zi Finnugor Kongresszust 2025. augusztus &#8230;<\/p>\n","protected":false},"author":306,"featured_media":0,"parent":0,"menu_order":0,"comment_status":"closed","ping_status":"closed","template":"","meta":{"_acf_changed":false,"inline_featured_image":false,"footnotes":""},"class_list":["post-28","page","type-page","status-publish","hentry"],"acf":[],"_links":{"self":[{"href":"https:\/\/sisu.ut.ee\/cifu14\/wp-json\/wp\/v2\/pages\/28","targetHints":{"allow":["GET"]}}],"collection":[{"href":"https:\/\/sisu.ut.ee\/cifu14\/wp-json\/wp\/v2\/pages"}],"about":[{"href":"https:\/\/sisu.ut.ee\/cifu14\/wp-json\/wp\/v2\/types\/page"}],"author":[{"embeddable":true,"href":"https:\/\/sisu.ut.ee\/cifu14\/wp-json\/wp\/v2\/users\/306"}],"replies":[{"embeddable":true,"href":"https:\/\/sisu.ut.ee\/cifu14\/wp-json\/wp\/v2\/comments?post=28"}],"version-history":[{"count":28,"href":"https:\/\/sisu.ut.ee\/cifu14\/wp-json\/wp\/v2\/pages\/28\/revisions"}],"predecessor-version":[{"id":6159,"href":"https:\/\/sisu.ut.ee\/cifu14\/wp-json\/wp\/v2\/pages\/28\/revisions\/6159"}],"wp:attachment":[{"href":"https:\/\/sisu.ut.ee\/cifu14\/wp-json\/wp\/v2\/media?parent=28"}],"curies":[{"name":"wp","href":"https:\/\/api.w.org\/{rel}","templated":true}]}}