{"id":2659,"date":"2025-02-28T15:48:02","date_gmt":"2025-02-28T13:48:02","guid":{"rendered":"https:\/\/sisu.ut.ee\/cifu14\/kolmas-kiertokirje-helmikuu-2025\/"},"modified":"2025-05-29T14:57:13","modified_gmt":"2025-05-29T11:57:13","slug":"3-kiertokirje","status":"publish","type":"page","link":"https:\/\/sisu.ut.ee\/cifu14\/3-kiertokirje\/?lang=fi","title":{"rendered":"Kolmas kiertokirje, helmikuu 2025"},"content":{"rendered":"<p><\/p>\n\n\n<p style=\"text-align: justify;\">Hyv\u00e4t kollegat<\/p>\n<p style=\"text-align: justify;\">T\u00e4ss\u00e4 kolmannessa kiertokirjeess\u00e4 on tarkempaa tietoa ilmoittautumisesta 14. fennougristikongressiin. Symposiumien ja hyv\u00e4ksyttyjen abstraktien luettelo, plenaariesitelm\u00f6ijien tiedot sek\u00e4 alustava aikataulu ovat nyt saatavilla osoitteessa <a href=\"https:\/\/cifu14.ut.ee\/programme\/\">https:\/\/cifu14.ut.ee\/programme\/<\/a>. Rinnakkaisia esitelm\u00e4sektioita pidet\u00e4\u00e4n enimmill\u00e4\u00e4n kahdeksan ja niiden aikataulu on jaettu p\u00e4\u00e4asiassa 30 min jaksoihin (20 minuuttia esitelm\u00e4\u00e4n, 5\u20137 minuuttia keskusteluun ja 3\u20135 luentosalien v\u00e4lill\u00e4 liikkumiseen). Kaikissa auditorioissa on internetyhteydell\u00e4 varustettu tietokone ja projektori. Jos tarvitsette esitykseenne lis\u00e4v\u00e4lineit\u00e4, ottakaa meihin yhteytt\u00e4 etuk\u00e4teen. Kongressin verkkosivua p\u00e4ivitet\u00e4\u00e4n jatkuvasti ja tarkempi aikataulu lis\u00e4t\u00e4\u00e4n tulevina kuukausina.<\/p>\n<p style=\"text-align: justify;\">Ilmoittautuaksenne kongressiin t\u00e4ytt\u00e4k\u00e4\u00e4 ilmoittautumislomake, jonka saatte osoitteesta <a href=\"https:\/\/cifu14.ut.ee\/registration\/\">https:\/\/cifu14.ut.ee\/registration\/<\/a>. Kun t\u00e4yt\u00e4tte lomaketta, ottakaa huomioon, ett\u00e4 Ven\u00e4j\u00e4n ja Valko-Ven\u00e4j\u00e4n organisaatioita ei voida hyv\u00e4ksy\u00e4 kongressiin. T\u00e4ss\u00e4 tapauksessa (tai jos teill\u00e4 ei ole t\u00e4ll\u00e4 hetkell\u00e4 yhteytt\u00e4 tiettyyn organisaatioon) ilmoittakaa kotipaikkanne.<\/p>\n<p style=\"text-align: justify;\">Pyyd\u00e4mme tarkentamaan my\u00f6s esityksenne kielen, jos pid\u00e4tte sen jollakin muulla kielell\u00e4 kuin englanniksi. Huomioikaa my\u00f6s, ett\u00e4 symposiumesitelm\u00e4st\u00e4 on t\u00e4ll\u00f6in sovittava my\u00f6s vastaavan symposiumin j\u00e4rjest\u00e4j\u00e4n kanssa. Yleissektiossa kirjoittajat voivat p\u00e4\u00e4tt\u00e4\u00e4 itse esityksens\u00e4 kielest\u00e4. Jos esitys on jollain muulla kielell\u00e4 kuin englanniksi, suosittelemme, ett\u00e4 esitelm\u00e4\u00e4n lis\u00e4t\u00e4\u00e4n englanninkieliset diat. Jos esitelm\u00e4 on englanninkielinen, mutta diat jollakin muulla kielell\u00e4, siit\u00e4 ei tarvitse ilmoittaa erikseen ilmoittautumislomakkeessa.<\/p>\n<p style=\"text-align: justify;\">Kongressin osallistumismaksu varhaiselle ilmoittautujalle on 250 euroa paikan p\u00e4\u00e4ll\u00e4 osallistumisesta ja 100 euroa verkossa osallistumisesta. Varhainen ilmoittautuminen alkaa 1. maaliskuuta ja jatkuu 30. huhtikuuta asti. T\u00e4m\u00e4n p\u00e4iv\u00e4m\u00e4\u00e4r\u00e4n j\u00e4lkeen osallistumismaksut ovat vastaavasti 300 euroa paikalla p\u00e4\u00e4ll\u00e4 osallistumisesta ja 150 euroa verkossa. Jos aiotte osallistua johonkin retkeen tai opastuskierrokseen, ilmoittakaa siit\u00e4 <del>1.<\/del> 30. kes\u00e4kuuta menness\u00e4. Pyyd\u00e4mme abstraktien kirjoittajia ilmoittautumaan viimeist\u00e4\u00e4n 30. kes\u00e4kuuta. Huomioikaa, ett\u00e4 esitelmien abstrakteja ei lis\u00e4t\u00e4 kongressin verkkosivuille ennen onnistunutta ilmoittautumista. Ilmoittautuminen on onnistunut, kun osallistumismaksu on saapunut perille. Osallistumismaksuilla katetaan kongressin materiaalit, kahvitauot ja vastaanotot.<\/p>\n<p style=\"text-align: justify;\">Pyyd\u00e4mme ilmoittamaan my\u00f6s osallistumisestanne iltavastaanotoille, jotka pidet\u00e4\u00e4n tiistaina 19. elokuuta ja torstaina 21. elokuuta. Vastaanotot sis\u00e4ltyv\u00e4t kongressin osallistumismaksuun, mutta haluaisimme kuitenkin tiet\u00e4\u00e4 etuk\u00e4teen osallistujam\u00e4\u00e4r\u00e4n. Ilmoittakaa my\u00f6s valintanne torstain 21. elokuuta iltap\u00e4iv\u00e4n opastuskierrosten ja lauantain 23. elokuuta retkien osalta. Opastuskierrosten ja retkien kuvauksiin voi tutustua tarkemmin <a href=\"https:\/\/cifu14.ut.ee\/excursions\/\">https:\/\/cifu14.ut.ee\/excursions\/<\/a>.<\/p>\n<p style=\"text-align: justify;\">Ilmoittautumislomakkeen lopussa pyyd\u00e4mme erityisesti paikan p\u00e4\u00e4lle tulevia ilmoittamaan, min\u00e4 p\u00e4ivin\u00e4 osallistutte, jotta voisimme mahdollisimman hyvin varustautua kahvitaukoihin (jotka sis\u00e4ltyv\u00e4t samoin osallistumismaksuun).<\/p>\n<p style=\"text-align: justify;\">Jos tarvitsette meilt\u00e4 viisumikutsun, pyyd\u00e4mme kysym\u00e4\u00e4n vastaavasta suurl\u00e4hetyst\u00f6st\u00e4, mit\u00e4 viisumikutsuun vaaditaan, ja ilmoittamaan siit\u00e4 meille s\u00e4hk\u00f6postitse <a href=\"mailto:cifu14@ut.ee\">cifu14@ut.ee<\/a>. Emme voi antaa viisumikutsuja Ven\u00e4j\u00e4n ja Valko-Ven\u00e4j\u00e4n kansalaisille, jotka ovat kuitenkin tervetulleita osallistumaan verkossa.<\/p>\n<p style=\"text-align: justify;\">Ilmoittautumislomakkeen l\u00e4hett\u00e4misen j\u00e4lkeen saatte automaattisen vahvistuskirjeen ja tiedot valinnoistanne ilmoittamaanne s\u00e4hk\u00f6postiin. Kirjeen lopussa on my\u00f6s linkki maksusivulle: <a href=\"https:\/\/cifu14.ut.ee\/payment-options\/\">https:\/\/cifu14.ut.ee\/payment-options\/<\/a>. Siell\u00e4 on tarkemmat tiedot ja ohjeet maksutavoista, joita pyyd\u00e4mme noudattamaan. Jos mik\u00e4\u00e4n maksuvaihtoehdoista ei sovi, ottakaa meihin yhteytt\u00e4: <a href=\"mailto:cifu14@ut.ee\">cifu14@ut.ee<\/a>.<\/p>\n<p style=\"text-align: justify;\">Kongressin p\u00e4\u00e4tapahtumapaikat ovat Tarton yliopiston humanististen tieteiden ja taiteiden rakennus osoitteessa Jakobi 2 ja viereinen Lossi 3 (johon p\u00e4\u00e4see Jakobi 2:sta). Kongressin avajaiset j\u00e4rjestet\u00e4\u00e4n Vanemuise 46:n suuressa auditoriossa, iltavastaanotot vastaavasti Tarton yliopiston historiallisessa museossa osoitteessa Lossi 25 ja Viron kansallismuseossa osoitteessa Muuseumi tee 2. Kongressin tapahtumapaikan l\u00e4heisyydess\u00e4 on useita eri hintaluokkaisia ravintoloita ja kahviloita. Huomioikaa, ettei yhteisi\u00e4 lounaita voida j\u00e4rjest\u00e4\u00e4.<\/p>\n<p style=\"text-align: justify;\">Olemme laatineet my\u00f6s listan majoituspaikoista, jotka tarjoavat valmiiksi varattuja huoneita ja\/tai alennuksia: <a href=\"https:\/\/cifu14.ut.ee\/accommodation\/\">https:\/\/cifu14.ut.ee\/accommodation\/<\/a>. Suosittelemme varaamaan majoituksen mahdollisimman pian.<\/p>\n<p style=\"text-align: justify;\">Kaikki abstraktit julkaistaan kongressin verkkosivuilla. Abstraktikokoelmaa ei julkaista paperilla erikseen, eik\u00e4 my\u00f6sk\u00e4\u00e4n yhteist\u00e4 esitelm\u00e4julkaisua ole suunnitteilla. Symposiumin j\u00e4rjest\u00e4j\u00e4t ovat tervetulleita suunnittelemaan julkaisua symposiuminsa esityksist\u00e4.<\/p>\n<p style=\"text-align: justify;\">Odotamme teit\u00e4 elokuussa Tarttoon!<\/p>\n<p style=\"text-align: justify;\">Gerson Klumpp<br>XIV fennougristikongressin presidentti<\/p>\n<p style=\"text-align: justify;\">Marili Tomingas<br>XIV fennougristikongressin sihteeri<\/p>","protected":false},"excerpt":{"rendered":"<p>Hyv\u00e4t kollegat T\u00e4ss\u00e4 kolmannessa kiertokirjeess\u00e4 on tarkempaa tietoa ilmoittautumisesta 14. fennougristikongressiin. Symposiumien ja hyv\u00e4ksyttyjen abstraktien luettelo, plenaariesitelm\u00f6ijien tiedot sek\u00e4 alustava aikataulu ovat nyt saatavilla osoitteessa https:\/\/cifu14.ut.ee\/programme\/. Rinnakkaisia esitelm\u00e4sektioita pidet\u00e4\u00e4n enimmill\u00e4\u00e4n kahdeksan ja niiden aikataulu on jaettu p\u00e4\u00e4asiassa 30 min jaksoihin &#8230;<\/p>\n","protected":false},"author":306,"featured_media":0,"parent":0,"menu_order":0,"comment_status":"closed","ping_status":"closed","template":"","meta":{"_acf_changed":false,"inline_featured_image":false,"footnotes":""},"class_list":["post-2659","page","type-page","status-publish","hentry"],"acf":[],"_links":{"self":[{"href":"https:\/\/sisu.ut.ee\/cifu14\/wp-json\/wp\/v2\/pages\/2659","targetHints":{"allow":["GET"]}}],"collection":[{"href":"https:\/\/sisu.ut.ee\/cifu14\/wp-json\/wp\/v2\/pages"}],"about":[{"href":"https:\/\/sisu.ut.ee\/cifu14\/wp-json\/wp\/v2\/types\/page"}],"author":[{"embeddable":true,"href":"https:\/\/sisu.ut.ee\/cifu14\/wp-json\/wp\/v2\/users\/306"}],"replies":[{"embeddable":true,"href":"https:\/\/sisu.ut.ee\/cifu14\/wp-json\/wp\/v2\/comments?post=2659"}],"version-history":[{"count":6,"href":"https:\/\/sisu.ut.ee\/cifu14\/wp-json\/wp\/v2\/pages\/2659\/revisions"}],"predecessor-version":[{"id":4694,"href":"https:\/\/sisu.ut.ee\/cifu14\/wp-json\/wp\/v2\/pages\/2659\/revisions\/4694"}],"wp:attachment":[{"href":"https:\/\/sisu.ut.ee\/cifu14\/wp-json\/wp\/v2\/media?parent=2659"}],"curies":[{"name":"wp","href":"https:\/\/api.w.org\/{rel}","templated":true}]}}