{"id":2606,"date":"2025-02-28T15:48:02","date_gmt":"2025-02-28T13:48:02","guid":{"rendered":"https:\/\/sisu.ut.ee\/cifu14\/kolmas-teeduskiri-radokuu-2025\/"},"modified":"2025-05-29T15:28:23","modified_gmt":"2025-05-29T12:28:23","slug":"3-teeduskiri","status":"publish","type":"page","link":"https:\/\/sisu.ut.ee\/cifu14\/3-teeduskiri\/?lang=vro","title":{"rendered":"Kolmas teed\u00fcskiri, radokuu 2025"},"content":{"rendered":"<p><\/p>\n\n\n<p style=\"text-align: justify;\">H\u00e4\u00e4q kolleegiq!<\/p>\n<p style=\"text-align: justify;\">Seon kolmandan kir\u00e4n om t\u00e4hts\u00e4 teed\u00fcs CIFU 14le kirj\u00e4pandmis\u00f5 kotsil\u00f5. H\u00e4\u00e4s kitet\u00fcide teemasektsiuun\u00f5 ja vasta v\u00f5etuid\u00f5 ettekandid\u00f5 nimekirj\u00e4, sammamuudu ka teed\u00fcst kutsutuid\u00f5 ettekandjid\u00f5 kotsil\u00f5 ja kavaplaani edim\u00e4st variantsi saa n\u00e4t\u00e4q aadr\u00f5si <a href=\"https:\/\/cifu14.ut.ee\/programme\/\">https:\/\/cifu14.ut.ee\/programme\/<\/a> p\u00e4\u00e4lt. \u00dcttekokko tul\u00f5 kooniq 8 paralleelsektsiuuni ja kava plaanitas p\u00e4\u00e4m\u00e4dselt 30-minodiliidsi mulk\u00f5 perr\u00e4 (20 minotit ettekand\u00f5 jaos, 5\u20137 minotit arotus\u00f5 jaos ja 3\u20135 minotit ruum\u00f5 vaih\u00f5l liikmis\u00f5s). K\u00f5igih ettekand\u00f5tarrih om puutr\u00f5 \u00fcten Interneti ja pildin\u00e4\u00fct\u00e4j\u00e4ga. Ku sul om ettekand\u00f5 jaos vaia mid\u00e4gi viil, ol\u00f5q h\u00e4\u00e4 ja kirodaq meile inne kongressi. J\u00e4rgm\u00e4idsi kui\u00f5 joosul vahts\u00f5nd\u00f5das \u00fctestt\u00fck\u00fcst veebilehte ni pandas \u00fcles vahts\u00f5mbat teed\u00fcst kava kotsil\u00f5.<\/p>\n<p style=\"text-align: justify;\">Hind\u00e4 kongressile kirj\u00e4pandmis\u00f5s l\u00f6vv\u00e4t kirj\u00e4pandmisvormi aadr\u00f5si <a href=\"https:\/\/cifu14.ut.ee\/registration\/\">https:\/\/cifu14.ut.ee\/registration\/<\/a> p\u00e4\u00e4lt. Vormi t\u00e4\u00fctmise aigu un\u00f5htagu-iq, et mi ei saaq kongressile lupaq Vinnemaa ja Valg\u00f5vinne asotuisiga k\u00f6\u00fcdet\u00fcid ettekandit. S\u00e4\u00e4ntsel johtumis\u00f5l (ja ka sis, ku sa ei ol\u00f5q k\u00f6\u00fcdet \u00fctegi asotus\u00f5ga), pan\u00f5q asotus\u00f5 as\u00f5mal vormi kirj\u00e4 liin.<\/p>\n<p style=\"text-align: justify;\">Ku su ettekann\u00f5q ei ol\u00f5q ingl\u00fcse keelen, pall\u00f5miq nimmadaq, mis keelen taa om. Pan\u00f5q t\u00e4hele, et teemasektsiooni ettekand\u00f5 kiil tul\u00f5 kokko leppiq teemasektsiooni k\u00f5rraldajid\u00f5ga. \u00dcldsektsiooni ettekand\u00f5 keele saa k\u00f5n\u00f5l\u00f5ja esiq otsustaq. Siski soovitamiq muun ku ingl\u00fcse keelen ettekand\u00f5l\u00f5 tet\u00e4q ingl\u00fcskeelidseq slaidiq. Ku su ettekann\u00f5q om ingl\u00fcse keelen, aq slaidiq ommaq m\u00f5n\u00f5n muun keelen, sis tuud ei ol\u00f5q vaia kirj\u00e4pandmisvormin nimmadaq.<\/p>\n<p style=\"text-align: justify;\">Hind\u00e4 varra kirj\u00e4 pandja jaos om <strong>osav\u00f5tmismass<\/strong> 250 eurot paiga p\u00e4\u00e4l ossa v\u00f5tmis\u00f5 ni 100 \u00f5nn\u00f5 v\u00f5rgon ossa v\u00f5tmis\u00f5 k\u00f5rral. Varan\u00f5 kirj\u00e4pandmin\u00f5 om vallal\u00f5 urb\u00f5kuu 1. p\u00e4\u00e4v\u00e4st kooniq <strong>mahlakuu 30. p\u00e4\u00e4v\u00e4ni<\/strong>. P\u00e4\u00e4lt tuud om osav\u00f5tmismass 300 eurot paiga p\u00e4\u00e4l \/ 150 eurot v\u00f5rgon ossa v\u00f5tmis\u00f5s. Ku tahat m\u00f5nost huvik\u00e4\u00fcgist ossa v\u00f5ttaq, tul\u00f5 hinn\u00e4st kirj\u00e4 pandaq ildampa piim\u00e4kuu <del>1.<\/del> 30. p\u00e4\u00e4v\u00e4s. Pall\u00f5miq k\u00f5igil ettekandjil hinn\u00e4st kirj\u00e4 pandaq ildampa piim\u00e4kuu 30. p\u00e4\u00e4v\u00e4s. Pan\u00f5q t\u00e4hele, et mi ei pan\u00f5q su ettekand\u00f5 abstrakti kodolehep\u00e4\u00e4le inne, ku ol\u00f5t hinn\u00e4st periselt kirj\u00e4 pandnuq, tuu t\u00e4hend\u00e4s, et ol\u00f5miq ka su osav\u00f5tmismassu k\u00e4tte saanuq. Ku tahat hinn\u00e4st kirj\u00e4 pandaq p\u00e4\u00e4lt piim\u00e4kuu 30. p\u00e4iv\u00e4q, ol\u00f5q h\u00e4\u00e4 ja kirodaq kongressi k\u00f5rraldajil\u00f5. Osav\u00f5tmismassu seen ommaq kongressi mat\u00f5rjaaliq, kohvipausiq ja \u00f5daguds\u00f5q s\u00fcndm\u00fcseq.<\/p>\n<p style=\"text-align: justify;\">Mi pall\u00f5 teed\u00e4q andaq, kas tul\u00f5t kat\u00f5l\u00f5 vastav\u00f5tul\u00f5: t\u00f5s\u00f5p\u00e4\u00e4v\u00e4, p\u00f5imukuu 19. ja nel\u00e4p\u00e4\u00e4v\u00e4, p\u00f5imukuu 21. p\u00e4\u00e4v\u00e4l. Naaq ommaq osav\u00f5tumassu seen, aq mi tahassi nail\u00f5 tul\u00f5jid\u00f5 hulka ette teed\u00e4q. \u00dcteliidsi valiq hind\u00e4le ka giidiga liina piten k\u00e4\u00fcmine nel\u00e4p\u00e4\u00e4v\u00e4 (21.08) p\u00e4\u00e4ltl\u00f5unat ja huvik\u00e4\u00fck puulp\u00e4\u00e4v\u00e4 (23.08). Liina piten k\u00e4\u00fcmiisi ja huvik\u00e4\u00fcke kotsil\u00f5 saat in\u00e4mb luk\u00f5q lehe <a href=\"https:\/\/cifu14.ut.ee\/excursions\/\">https:\/\/cifu14.ut.ee\/excursions\/<\/a> p\u00e4\u00e4lt.<\/p>\n<p style=\"text-align: justify;\">Viim\u00e4dses pall\u00f5miq sul, ku sa v\u00f5tat ossa paiga p\u00e4\u00e4l, teed\u00e4q andaq, m\u00e4\u00e4ntsil p\u00e4ivil sa kongressil ol\u00f5t, et mi saassiq kohvipaus\u00f5 h\u00e4ste plaaniq (kohvipausiq ommaq osav\u00f5tmismassu seen).<\/p>\n<p style=\"text-align: justify;\">Ku sul om viisa jaos kuts\u00f5t vaia, sis ol\u00f5q h\u00e4\u00e4 uuriq v\u00e4ll\u00e4, mid\u00e4 saatkunnan n\u00f5vv\u00f5tas, ja kirodaq meile aadr\u00f5si <a href=\"mailto:cifu14@ut.ee\">cifu14@ut.ee<\/a> p\u00e4\u00e4le. Vinnemaa ja Valg\u00f5vinne kodanig\u00f5l\u00f5 saa-iq viisakuts\u00f5t andaq. A v\u00f5rgon ommaq ka naid\u00f5 riike inemiseq ood\u00f5duq kongressist ossa saama.<\/p>\n<p style=\"text-align: justify;\">P\u00e4\u00e4lt kirj\u00e4pandmisvormi \u00e4rsaatmist saad\u00f5tas sull\u00f5 e-kir\u00e4ga kinn\u00fct\u00fcs, kon p\u00e4\u00e4l om ka kokkov\u00f5t\u00f5q tuust, mid\u00e4 kirj\u00e4pandmis\u00f5 aigu val\u00f5t. S\u00e4\u00e4l kir\u00e4n om ka osav\u00f5tmismassu lehe link: <a href=\"https:\/\/cifu14.ut.ee\/payment-options\/\">https:\/\/cifu14.ut.ee\/payment-options\/<\/a>. S\u00e4\u00e4l om tuud kogo teed\u00fcs masmis\u00f5 kotsil\u00f5, ol\u00f5q h\u00e4\u00e4 ja tallidaq tuu perr\u00e4. Ku \u00fct\u015bki tuuduist v\u00f5imaluisist passi-i sull\u00f5, pan\u00f5q hinn\u00e4st iks kirj\u00e4 \u00e4rj ja kirodaq meile: <a href=\"mailto:cifu14@ut.ee\">cifu14@ut.ee<\/a>.<\/p>\n<p style=\"text-align: justify;\">Kongressi p\u00e4\u00e4m\u00e4ne kotuss\u00f5q ommaq Tarto \u00dclikooli humanitaarvaldkonna maja aadr\u00f5si Jakobi 2 p\u00e4\u00e4l ja tuu k\u00f5rval ol\u00f5ja maja aadr\u00f5si Lossi 3 p\u00e4\u00e4l (sinn\u00e4q p\u00e4ses ka Jakobi 2 seest). Kongressi vallategemine om aadr\u00f5si Vanemuise 46 p\u00e4\u00e4l ja \u00f5daguds\u00f5q vastav\u00f5tuq \u00fclikooli aoluu muuseumin (Lossi 25) ja Eesti Rahva Muuseumin (Muuseumi tee 2). Kongressi pid\u00e4mise kotussid\u00f5 l\u00e4hk\u00fcn om hulga esi hinnaklassiga restoraan\u00f5 ja kohvitarri. \u00dctist l\u00f5un\u00f5s\u00fc\u00fcki ei k\u00f5rraldada.<\/p>\n<p style=\"text-align: justify;\">P\u00e4\u00e4va\u0155o l\u00f6\u00fcdmises ol\u00f5miq tenn\u00fcq nimekir\u00e4 hotellest, kon ol\u00f5miq ette kinniq pandnuq kotussit kongressi osaliisi jaos ja\/vai kon kongressi osaliisi jaos ommaq odavambaq hinnaq: <a href=\"https:\/\/cifu14.ut.ee\/accommodation\/\">https:\/\/cifu14.ut.ee\/accommodation\/<\/a>. Soovitamiq kotuss\u00f5q kinniq pandaq nii varra, ku saat.<\/p>\n<p style=\"text-align: justify;\">K\u00f5ik abstraktiq pandas \u00fcles kongressi v\u00f5rgolehe p\u00e4\u00e4le. Papr\u00f5 p\u00e4\u00e4l abstraktiraamatut ei tet\u00e4q, sammamuudu ei tul\u00f5q kongressi ettekandid\u00f5 v\u00e4ll\u00e4ann\u00f5t. Siski kutsumiq teemasektsiuun\u00f5 korraldajit tegem\u00e4 ummi v\u00e4ll\u00e4and\u00f5plaan\u00f5.<\/p>\n<p style=\"text-align: justify;\">Oodamiq teid p\u00f5imukuun Tartohe!<\/p>\n<p style=\"text-align: justify;\">Gerson Klumpp<br>XIV Soom\u00f5-Ugri Kongressi president\u00b4<\/p>\n<p style=\"text-align: justify;\">Marili Tomingas<br>XIV Soom\u00f5-Ugri Kongressi sekret\u00e4\u0155<\/p>","protected":false},"excerpt":{"rendered":"<p>H\u00e4\u00e4q kolleegiq! Seon kolmandan kir\u00e4n om t\u00e4hts\u00e4 teed\u00fcs CIFU 14le kirj\u00e4pandmis\u00f5 kotsil\u00f5. H\u00e4\u00e4s kitet\u00fcide teemasektsiuun\u00f5 ja vasta v\u00f5etuid\u00f5 ettekandid\u00f5 nimekirj\u00e4, sammamuudu ka teed\u00fcst kutsutuid\u00f5 ettekandjid\u00f5 kotsil\u00f5 ja kavaplaani edim\u00e4st variantsi saa n\u00e4t\u00e4q aadr\u00f5si https:\/\/cifu14.ut.ee\/programme\/ p\u00e4\u00e4lt. \u00dcttekokko tul\u00f5 kooniq 8 paralleelsektsiuuni &#8230;<\/p>\n","protected":false},"author":306,"featured_media":0,"parent":0,"menu_order":0,"comment_status":"closed","ping_status":"closed","template":"","meta":{"_acf_changed":false,"inline_featured_image":false,"footnotes":""},"class_list":["post-2606","page","type-page","status-publish","hentry"],"acf":[],"_links":{"self":[{"href":"https:\/\/sisu.ut.ee\/cifu14\/wp-json\/wp\/v2\/pages\/2606","targetHints":{"allow":["GET"]}}],"collection":[{"href":"https:\/\/sisu.ut.ee\/cifu14\/wp-json\/wp\/v2\/pages"}],"about":[{"href":"https:\/\/sisu.ut.ee\/cifu14\/wp-json\/wp\/v2\/types\/page"}],"author":[{"embeddable":true,"href":"https:\/\/sisu.ut.ee\/cifu14\/wp-json\/wp\/v2\/users\/306"}],"replies":[{"embeddable":true,"href":"https:\/\/sisu.ut.ee\/cifu14\/wp-json\/wp\/v2\/comments?post=2606"}],"version-history":[{"count":3,"href":"https:\/\/sisu.ut.ee\/cifu14\/wp-json\/wp\/v2\/pages\/2606\/revisions"}],"predecessor-version":[{"id":4698,"href":"https:\/\/sisu.ut.ee\/cifu14\/wp-json\/wp\/v2\/pages\/2606\/revisions\/4698"}],"wp:attachment":[{"href":"https:\/\/sisu.ut.ee\/cifu14\/wp-json\/wp\/v2\/media?parent=2606"}],"curies":[{"name":"wp","href":"https:\/\/api.w.org\/{rel}","templated":true}]}}