{"id":22,"date":"2024-04-04T08:38:34","date_gmt":"2024-04-04T05:38:34","guid":{"rendered":"https:\/\/sisu.ut.ee\/cifu14\/cifun-historiasta\/"},"modified":"2024-09-01T22:21:07","modified_gmt":"2024-09-01T19:21:07","slug":"cifusta","status":"publish","type":"page","link":"https:\/\/sisu.ut.ee\/cifu14\/cifusta\/?lang=fi","title":{"rendered":"CIFU:sta"},"content":{"rendered":"<p style=\"text-align: justify;\">Congressus Internationalis Fenno-Ugristarum on suomalais-ugrilaisten (uralilaisten) kielten, niit\u00e4 puhuvien kansojen kulttuurin ja historian tutkimuksen t\u00e4rkein kansainv\u00e4linen tiedetapahtuma. Kongresseja on j\u00e4rjestetty vuodesta 1960 l\u00e4htien viiden vuoden v\u00e4lein. CIFU XIV j\u00e4rjestet\u00e4\u00e4n elokuussa 2025 Tartossa, jossa se j\u00e4rjestettiin my\u00f6s vuonna 2000.<\/p>\n<p style=\"text-align: justify;\">Toisen maailmansodan j\u00e4lkeisin\u00e4 kylm\u00e4n sodan aikoina kansainv\u00e4listen tiedetapahtumien j\u00e4rjest\u00e4minen rautaesiripun halki ei ollut helppo teht\u00e4v\u00e4. Jo 1950-luvulla onnistuttiin Suomessa ja Unkarissa kuitenkin j\u00e4rjest\u00e4m\u00e4\u00e4n fennougristien konferensseja, joihin osallistui my\u00f6s ulkomaalaisia vieraita, ja lopulta ensimm\u00e4inen kansainv\u00e4linen fennougristikongressi (CIFU) saatiin aikaan Budapestissa 1960. Sen taustavoimina oli muutamia arvostettuja ja vaikutusvaltaisia tutkijoita, kuten suomalaiset Lauri Posti ja Kustaa Vilkuna, unkarilainen Gyula Ortutay, ven\u00e4l\u00e4inen Boris Serebrennikov, virolainen Paul Ariste ja tuolloisessa DDR:ss\u00e4 vaikuttanut saksalainen Wolfgang Steinitz. Siit\u00e4 l\u00e4htien kongresseja on j\u00e4rjestetty viiden vuoden v\u00e4lein vuorotellen ensin kolmessa maassa (Unkari, Suomi, Neuvostoliitto), sitten nelj\u00e4ss\u00e4 (Unkari, Suomi, Viro, Ven\u00e4j\u00e4). Vuonna 2022 kongressi j\u00e4rjestettiin ensimm\u00e4ist\u00e4 kertaa muualla, nimitt\u00e4in Wieniss\u00e4, jossa kongressin j\u00e4rjest\u00e4j\u00e4 oli Wienin yliopiston suomalais-ugrilainen osasto. Kongressi jouduttiin koronapandemian takia siirt\u00e4m\u00e4\u00e4n eli vuoden 2020 sijaan CIFU XIII j\u00e4rjestettiin vuonna 2022. Edellisi\u00e4 kongresseja on j\u00e4rjestetty alla olevassa j\u00e4rjestyksess\u00e4:<\/p>\n<blockquote>\n<ul>\n<li><span style=\"font-size: 14px;\">1960: CIFU I, Budapest, Unkari<\/span><\/li>\n<li><span style=\"font-size: 14px;\">1965: CIFU II, Helsinki, Suomi<\/span><\/li>\n<li><span style=\"font-size: 14px;\">1970: CIFU III, Tallinna (tuolloisessa Neuvosto-Virossa)<\/span><\/li>\n<li><span style=\"font-size: 14px;\">1975: CIFU IV, Budapest, Unkari<\/span><\/li>\n<li><span style=\"font-size: 14px;\">1980: CIFU V, Turku, Suomi<\/span><\/li>\n<li><span style=\"font-size: 14px;\">1985: CIFU VI, Syktyvkar, Komi, Neuvostoliitto<\/span><\/li>\n<li><span style=\"font-size: 14px;\">1990: CIFU VII, Debrecen, Unkari<\/span><\/li>\n<li><span style=\"font-size: 14px;\">1995: CIFU VIII, Jyv\u00e4skyl\u00e4, Suomi<\/span><\/li>\n<li><span style=\"font-size: 14px;\">2000: CIFU IX, Tartto, Viro<\/span><\/li>\n<li><span style=\"font-size: 14px;\"><a title=\"\" href=\"http:\/\/fu10.mari-el.ru\/\" target=\"_blank\" rel=\"noopener\" data-url=\"http:\/\/fu10.mari-el.ru\/\">2005: CIFU X, Jo\u0161kar-Ola, Mari El, Ven\u00e4j\u00e4<\/a><\/span><\/li>\n<li><span style=\"font-size: 14px;\"><a title=\"\" href=\"https:\/\/web.archive.org\/web\/20121015005923\/http:\/\/fu11.btk.ppke.hu\/index.php?option=com_content&amp;view=article&amp;id=47&amp;Itemid=58&amp;lang=hu\" target=\"_blank\" rel=\"noopener\" data-url=\"https:\/\/web.archive.org\/web\/20121015005923\/http:\/\/fu11.btk.ppke.hu\/index.php?option=com_content&amp;view=article&amp;id=47&amp;Itemid=58&amp;lang=hu\">2010: CIFU XI, Piliscsaba, Unkari<\/a><\/span><\/li>\n<li><span style=\"font-size: 14px;\"><a title=\"\" href=\"https:\/\/www.oulu.fi\/fi\/yliopisto\/tiedekunnat-ja-yksikot\/humanistinen-tiedekunta\/kielet-ja-kirjallisuus\" target=\"_blank\" rel=\"noopener\" data-url=\"https:\/\/www.oulu.fi\/fi\/yliopisto\/tiedekunnat-ja-yksikot\/humanistinen-tiedekunta\/kielet-ja-kirjallisuus\">2015: CIFU XII, Oulu, Suomi<\/a><\/span><\/li>\n<li><span style=\"font-size: 14px;\"><a title=\"\" href=\"https:\/\/cifu13.univie.ac.at\/\" target=\"_blank\" rel=\"noopener\" data-url=\"https:\/\/cifu13.univie.ac.at\/\">2022: CIFU XIII, Wien, It\u00e4valta<\/a><\/span><\/li>\n<\/ul>\n<\/blockquote>\n<p style=\"text-align: justify;\">\n<\/p>","protected":false},"excerpt":{"rendered":"<p>Congressus Internationalis Fenno-Ugristarum on suomalais-ugrilaisten (uralilaisten) kielten, niit\u00e4 puhuvien kansojen kulttuurin ja historian tutkimuksen t\u00e4rkein kansainv\u00e4linen tiedetapahtuma. Kongresseja on j\u00e4rjestetty vuodesta 1960 l\u00e4htien viiden vuoden v\u00e4lein. CIFU XIV j\u00e4rjestet\u00e4\u00e4n elokuussa 2025 Tartossa, jossa se j\u00e4rjestettiin my\u00f6s vuonna 2000. Toisen maailmansodan &#8230;<\/p>\n","protected":false},"author":306,"featured_media":0,"parent":0,"menu_order":0,"comment_status":"closed","ping_status":"closed","template":"","meta":{"_acf_changed":false,"inline_featured_image":false,"footnotes":""},"class_list":["post-22","page","type-page","status-publish","hentry"],"acf":[],"_links":{"self":[{"href":"https:\/\/sisu.ut.ee\/cifu14\/wp-json\/wp\/v2\/pages\/22","targetHints":{"allow":["GET"]}}],"collection":[{"href":"https:\/\/sisu.ut.ee\/cifu14\/wp-json\/wp\/v2\/pages"}],"about":[{"href":"https:\/\/sisu.ut.ee\/cifu14\/wp-json\/wp\/v2\/types\/page"}],"author":[{"embeddable":true,"href":"https:\/\/sisu.ut.ee\/cifu14\/wp-json\/wp\/v2\/users\/306"}],"replies":[{"embeddable":true,"href":"https:\/\/sisu.ut.ee\/cifu14\/wp-json\/wp\/v2\/comments?post=22"}],"version-history":[{"count":2,"href":"https:\/\/sisu.ut.ee\/cifu14\/wp-json\/wp\/v2\/pages\/22\/revisions"}],"predecessor-version":[{"id":956,"href":"https:\/\/sisu.ut.ee\/cifu14\/wp-json\/wp\/v2\/pages\/22\/revisions\/956"}],"wp:attachment":[{"href":"https:\/\/sisu.ut.ee\/cifu14\/wp-json\/wp\/v2\/media?parent=22"}],"curies":[{"name":"wp","href":"https:\/\/api.w.org\/{rel}","templated":true}]}}