{"id":20,"date":"2024-04-04T08:38:33","date_gmt":"2024-04-04T05:38:33","guid":{"rendered":"https:\/\/sisu.ut.ee\/cifu14\/ohjelma\/"},"modified":"2025-08-12T12:04:45","modified_gmt":"2025-08-12T09:04:45","slug":"ohjelma","status":"publish","type":"page","link":"https:\/\/sisu.ut.ee\/cifu14\/ohjelma\/?lang=fi","title":{"rendered":"Ohjelma"},"content":{"rendered":"<p><\/p>\n\n\n<p>CIFU XIV j\u00e4rjestet\u00e4\u00e4n <strong>18.\u201323. elokuuta 2025\u00a0Tartossa<\/strong>.<\/p>\n<ul>\n<li><a href=\"https:\/\/cifu14.ut.ee\/alustava-ohjelma\/?lang=fi\"><strong><span style=\"font-size: 18pt;\">Ohjelmataulukko<\/span><\/strong><\/a><\/li>\n<li><strong><a href=\"https:\/\/cifu14.ut.ee\/plenaariesitelmat\/?lang=fi\"><span style=\"font-size: 18pt;\">Plenaariesitelm\u00f6ij\u00e4t<\/span><\/a><\/strong><\/li>\n<li><span style=\"font-size: 18pt;\"><strong><a href=\"https:\/\/cifu14.ut.ee\/ohjelma\/symposiumit\/?lang=fi\">Symposiumit<\/a><\/strong><\/span><\/li>\n<li><a href=\"https:\/\/cifu14.ut.ee\/list-of-accepted-papers\/\" rel=\"noopener\"><strong><span style=\"font-size: 18pt;\">Hyv\u00e4ksytyt tiivistelm\u00e4t<\/span><\/strong><\/a><\/li>\n<\/ul>","protected":false},"excerpt":{"rendered":"<p>CIFU XIV j\u00e4rjestet\u00e4\u00e4n 18.\u201323. elokuuta 2025\u00a0Tartossa. Ohjelmataulukko Plenaariesitelm\u00f6ij\u00e4t Symposiumit Hyv\u00e4ksytyt tiivistelm\u00e4t<\/p>\n","protected":false},"author":306,"featured_media":0,"parent":0,"menu_order":0,"comment_status":"closed","ping_status":"closed","template":"","meta":{"_acf_changed":false,"inline_featured_image":false,"footnotes":""},"class_list":["post-20","page","type-page","status-publish","hentry"],"acf":[],"_links":{"self":[{"href":"https:\/\/sisu.ut.ee\/cifu14\/wp-json\/wp\/v2\/pages\/20","targetHints":{"allow":["GET"]}}],"collection":[{"href":"https:\/\/sisu.ut.ee\/cifu14\/wp-json\/wp\/v2\/pages"}],"about":[{"href":"https:\/\/sisu.ut.ee\/cifu14\/wp-json\/wp\/v2\/types\/page"}],"author":[{"embeddable":true,"href":"https:\/\/sisu.ut.ee\/cifu14\/wp-json\/wp\/v2\/users\/306"}],"replies":[{"embeddable":true,"href":"https:\/\/sisu.ut.ee\/cifu14\/wp-json\/wp\/v2\/comments?post=20"}],"version-history":[{"count":18,"href":"https:\/\/sisu.ut.ee\/cifu14\/wp-json\/wp\/v2\/pages\/20\/revisions"}],"predecessor-version":[{"id":5849,"href":"https:\/\/sisu.ut.ee\/cifu14\/wp-json\/wp\/v2\/pages\/20\/revisions\/5849"}],"wp:attachment":[{"href":"https:\/\/sisu.ut.ee\/cifu14\/wp-json\/wp\/v2\/media?parent=20"}],"curies":[{"name":"wp","href":"https:\/\/api.w.org\/{rel}","templated":true}]}}