{"id":14,"date":"2024-04-04T08:38:34","date_gmt":"2024-04-04T05:38:34","guid":{"rendered":"https:\/\/sisu.ut.ee\/cifu14\/ringkirjad\/"},"modified":"2025-06-10T19:00:40","modified_gmt":"2025-06-10T16:00:40","slug":"ringkirjad","status":"publish","type":"page","link":"https:\/\/sisu.ut.ee\/cifu14\/ringkirjad\/?lang=et","title":{"rendered":"Ringkirjad"},"content":{"rendered":"<ul>\n<li><span style=\"font-size: 18pt;\"><a href=\"https:\/\/cifu14.ut.ee\/1-ringkiri\/?lang=et\"><strong>Esimene ringkiri, mai 2023<\/strong><\/a> (14. kongressi v\u00e4ljakuulutamine, s\u00fcmpoosiumide kutse)<\/span><\/li>\n<li><span style=\"font-size: 18pt;\"><b><a href=\"https:\/\/cifu14.ut.ee\/2-ringkiri\/?lang=et\">Teine ringkiri, mai 2024<\/a> <\/b>(Teeside esitamise kutse, olulised kuup\u00e4evad)<\/span><\/li>\n<li><span style=\"font-size: 18pt;\"><b><a href=\"https:\/\/cifu14.ut.ee\/3-ringkiri\/?lang=et\">Kolmas ringkiri, veebruar 2025<\/a>\u00a0<\/b>(Registreerumine, ekskursioonid)<\/span><\/li>\n<\/ul>\n","protected":false},"excerpt":{"rendered":"<p>Esimene ringkiri, mai 2023 (14. kongressi v\u00e4ljakuulutamine, s\u00fcmpoosiumide kutse) Teine ringkiri, mai 2024 (Teeside esitamise kutse, olulised kuup\u00e4evad) Kolmas ringkiri, veebruar 2025\u00a0(Registreerumine, ekskursioonid)<\/p>\n","protected":false},"author":306,"featured_media":0,"parent":0,"menu_order":0,"comment_status":"closed","ping_status":"closed","template":"","meta":{"_acf_changed":false,"inline_featured_image":false,"footnotes":""},"class_list":["post-14","page","type-page","status-publish","hentry"],"acf":[],"_links":{"self":[{"href":"https:\/\/sisu.ut.ee\/cifu14\/wp-json\/wp\/v2\/pages\/14","targetHints":{"allow":["GET"]}}],"collection":[{"href":"https:\/\/sisu.ut.ee\/cifu14\/wp-json\/wp\/v2\/pages"}],"about":[{"href":"https:\/\/sisu.ut.ee\/cifu14\/wp-json\/wp\/v2\/types\/page"}],"author":[{"embeddable":true,"href":"https:\/\/sisu.ut.ee\/cifu14\/wp-json\/wp\/v2\/users\/306"}],"replies":[{"embeddable":true,"href":"https:\/\/sisu.ut.ee\/cifu14\/wp-json\/wp\/v2\/comments?post=14"}],"version-history":[{"count":9,"href":"https:\/\/sisu.ut.ee\/cifu14\/wp-json\/wp\/v2\/pages\/14\/revisions"}],"predecessor-version":[{"id":4757,"href":"https:\/\/sisu.ut.ee\/cifu14\/wp-json\/wp\/v2\/pages\/14\/revisions\/4757"}],"wp:attachment":[{"href":"https:\/\/sisu.ut.ee\/cifu14\/wp-json\/wp\/v2\/media?parent=14"}],"curies":[{"name":"wp","href":"https:\/\/api.w.org\/{rel}","templated":true}]}}