{"id":77,"date":"2024-04-04T04:47:06","date_gmt":"2024-04-04T01:47:06","guid":{"rendered":"https:\/\/sisu.ut.ee\/cgem\/seminar-deeptech-enterpreneurship-en\/"},"modified":"2024-05-06T09:30:39","modified_gmt":"2024-05-06T06:30:39","slug":"seminar-deeptech-enterpreneurship-en","status":"publish","type":"page","link":"https:\/\/sisu.ut.ee\/cgem\/seminar-deeptech-enterpreneurship-en\/","title":{"rendered":"Seminar \u201eDeeptech Enterpreneurship\u201c"},"content":{"rendered":"<p style=\"text-align: center;\">\n<\/p><p style=\"text-align: center;\"><strong><span style=\"font-size: 20px;\">16-17 February, 2023<\/span><\/strong><\/p>\n<p style=\"text-align: center;\">P\u00fchaj\u00e4rve puhkekeskus, Otep\u00e4\u00e4, Estonia<\/p>\n<p>You have a great scientific idea that can have commercial value. How to proceed? Will you start your own company? Will you find collaboration partners?<\/p>\n<p>What kind of support you can get from Universities and funding bodies? What kind of obstacles one meets when starting a science-backed venture? Come, listen, learn and discuss.<\/p>\n<h3>Speakers:<\/h3>\n<ul>\n<li>Samela Kivilo from SpecialistVC and other representatives from leading Estonian deeptech venture capital funds and Startup Estonia ecosystem,<\/li>\n<li>Mart Maasik from UniTartu Ventures and University of Tartu Center of Enterpreneurship and Innovation,<\/li>\n<li>Meelis Kadaja from Nanordica Medical<\/li>\n<li>and representatives from leading Estonian accelerator programs (Health Founders and Healthtech Science Accelerators) and well as science incubators,<\/li>\n<li>and last but not least \u2013 academic-founders from science-powered startups will discuss their journey in the startup world.<\/li>\n<\/ul>\n<h3>Topics:<\/h3>\n<ul>\n<li>Intellectual property laws and strategy;<\/li>\n<li>technology readiness levels and process to bring innovation to market;<\/li>\n<li>role of venture capital in accelerating growth in tech companies;<\/li>\n<li>role of business development in early stage ventures;<\/li>\n<li>and models how Universities can support knowledge transfer from academia to business.<\/li>\n<\/ul>\n<h3>Exact programme available <a href=\"https:\/\/sisu.ut.ee\/wp-content\/uploads\/sites\/331\/final_talvekool_deeptech_enterpreneurship.pdf\" data-fid=\"79733\">here<\/a><\/h3>\n<p>Free bus leaves from Tartu in the morning of 16<sup>th<\/sup> and back from P\u00fchaj\u00e4rve after the end of the programme.<\/p>\n<p>1 EAP for PhD students is possible from Institute of Technology (professional development during PhD studies).<\/p>\n<p>Registration until 6th of\u00a0February:\u00a0<a title=\"https:\/\/forms.gle\/fKVChsshSYDVdwip9\" href=\"https:\/\/forms.gle\/fKVChsshSYDVdwip9\">https:\/\/forms.gle\/fKVChsshSYDVdwip9<\/a><\/p>\n<p>Max 40 participants.<\/p>\n<h3>Organisers:<\/h3>\n<p>Prof T\u00f5nu Esko and Prof Tanel Tenson<\/p>\n<p>The seminar is\u00a0organized togehter with H2020 MIBEst project \u2013 Molecular Infection Biology Estonia \u2013 Research capacity building (grant no\u00a0857518)<\/p>\n","protected":false},"excerpt":{"rendered":"<p>16-17 February, 2023 P\u00fchaj\u00e4rve puhkekeskus, Otep\u00e4\u00e4, Estonia You have a great scientific idea that can have commercial value. How to proceed? Will you start your own company? Will you find collaboration partners? What kind of support you can get from &#8230;<\/p>\n","protected":false},"author":154,"featured_media":0,"parent":0,"menu_order":0,"comment_status":"closed","ping_status":"closed","template":"","meta":{"_acf_changed":false,"inline_featured_image":false,"footnotes":""},"class_list":["post-77","page","type-page","status-publish","hentry"],"acf":[],"_links":{"self":[{"href":"https:\/\/sisu.ut.ee\/cgem\/wp-json\/wp\/v2\/pages\/77","targetHints":{"allow":["GET"]}}],"collection":[{"href":"https:\/\/sisu.ut.ee\/cgem\/wp-json\/wp\/v2\/pages"}],"about":[{"href":"https:\/\/sisu.ut.ee\/cgem\/wp-json\/wp\/v2\/types\/page"}],"author":[{"embeddable":true,"href":"https:\/\/sisu.ut.ee\/cgem\/wp-json\/wp\/v2\/users\/154"}],"replies":[{"embeddable":true,"href":"https:\/\/sisu.ut.ee\/cgem\/wp-json\/wp\/v2\/comments?post=77"}],"version-history":[{"count":2,"href":"https:\/\/sisu.ut.ee\/cgem\/wp-json\/wp\/v2\/pages\/77\/revisions"}],"predecessor-version":[{"id":431,"href":"https:\/\/sisu.ut.ee\/cgem\/wp-json\/wp\/v2\/pages\/77\/revisions\/431"}],"wp:attachment":[{"href":"https:\/\/sisu.ut.ee\/cgem\/wp-json\/wp\/v2\/media?parent=77"}],"curies":[{"name":"wp","href":"https:\/\/api.w.org\/{rel}","templated":true}]}}