{"id":264,"date":"2026-03-06T10:38:46","date_gmt":"2026-03-06T08:38:46","guid":{"rendered":"https:\/\/sisu.ut.ee\/cepm\/?page_id=264"},"modified":"2026-03-18T16:06:03","modified_gmt":"2026-03-18T14:06:03","slug":"avatud-seminarid","status":"publish","type":"page","link":"https:\/\/sisu.ut.ee\/cepm\/avatud-seminarid\/","title":{"rendered":"Avatud seminarid"},"content":{"rendered":"<section class=\"hero-news-block page-section--wide\">\n\t<div class=\"container-fluid\">\n\t\t<div class=\"row\">\n\t\t\t\t\t\t\t<div class=\"col-12\">\n\t\t\t\t\t<div class=\"news-card-large mb-2\" style=\"background-image: url(https:\/\/sisu.ut.ee\/wp-content\/uploads\/sites\/893\/Reproduktiivtehnoloogiate-arengust-Presentation-3-1920x1080.png);\">\n\t\t\t\t\t\t<div class=\"news-card-large__content\">\n\t\t\t\t\t\t\t\t\t\t\t\t\t\t\t<a href=\"https:\/\/sisu.ut.ee\/cepm\/avatud-seminar-prof-andres-salumets-reproduktiivtehnoloogiate-arengust\/\" target=\"_self\">\n\t\t\t\t\t\t\t\t\t\t\t\t\t\t\t\t\t\t\t<h2 class=\"h1 mb-4\">Avatud seminar: Prof Andres Salumets \u201cReproduktiivtehnoloogiate arengust\u201d<\/h2>\n\t\t\t\t\t\t\t\t\t\t\t\t\t\t\t\t\t<\/a>\n\t\t\t\t\t\t\t\t<a href=\"https:\/\/sisu.ut.ee\/cepm\/avatud-seminar-prof-andres-salumets-reproduktiivtehnoloogiate-arengust\/\" class=\"btn btn-outline-light btn-icon\" target=\"_self\">Vaata l\u00e4hemalt<\/a>\n\t\t\t\t\t\t\t\t\t\t\t\t\t<\/div>\n\t\t\t\t\t<\/div>\n\t\t\t\t<\/div>\n\t\t\t\t\t\t    <\/div>\n  <\/div>\n<\/section>\n\n\n<div class=\"posts-cards-block page-section\">\n\t\t\t<h2 class=\"section-title\">Tulekul seminarid<\/h2>\n\t\t\t\t\t\t\t<p>Postitusi ei leitud<\/p>\n\t\t\t<\/div>\n\n\n<div class=\"posts-cards-block page-section\">\n\t\t\t<h2 class=\"section-title\">Toimunud seminarid<\/h2>\n\t\t\t\t\t\t\t<div class=\"row justify-content-center justify-content-md-start\">\n\t\t\t\t\t\t\t\t\t\t\t\t\t\t<div class=\"col-xs-6 col-md-4 mb-3\">\n\t\t\t\t\t\t\t\t\t\t\t\t\t\t\t\t\t\t\t\t\t<article class=\"h-100 post-256 post type-post status-publish format-standard has-post-thumbnail hentry category-avatud-seminarid category-toimunud-seminarid category-uudised\">\n  <div class=\"article-card  d-flex flex-column h-100\">\n    <div class=\"article-card__categories d-flex flex-wrap fw-bold\">\n      <a href=\"https:\/\/sisu.ut.ee\/cepm\/category\/avatud-seminarid\/\" class=\"\">#Avatud seminarid<\/a>\n      <a href=\"https:\/\/sisu.ut.ee\/cepm\/category\/toimunud-seminarid\/\" class=\"\">#Toimunud seminarid<\/a>\n      <a href=\"https:\/\/sisu.ut.ee\/cepm\/category\/uudised\/\" class=\"\">#Uudised<\/a>\n      <\/div>\n    <a href=\"https:\/\/sisu.ut.ee\/cepm\/avatud-seminar-prof-andres-salumets-reproduktiivtehnoloogiate-arengust\/\" class=\"article-card__link d-flex flex-column\">\n              <img loading=\"lazy\" decoding=\"async\" width=\"1024\" height=\"576\" src=\"https:\/\/sisu.ut.ee\/wp-content\/uploads\/sites\/893\/Reproduktiivtehnoloogiate-arengust-Presentation-3-1024x576.png\" class=\"img-fluid article-card__img mb-3 wp-post-image\" alt=\"\" srcset=\"https:\/\/sisu.ut.ee\/wp-content\/uploads\/sites\/893\/Reproduktiivtehnoloogiate-arengust-Presentation-3-1024x576.png 1024w, https:\/\/sisu.ut.ee\/wp-content\/uploads\/sites\/893\/Reproduktiivtehnoloogiate-arengust-Presentation-3-300x169.png 300w, https:\/\/sisu.ut.ee\/wp-content\/uploads\/sites\/893\/Reproduktiivtehnoloogiate-arengust-Presentation-3-768x432.png 768w, https:\/\/sisu.ut.ee\/wp-content\/uploads\/sites\/893\/Reproduktiivtehnoloogiate-arengust-Presentation-3-1920x1080.png 1920w\" sizes=\"auto, (max-width: 1024px) 100vw, 1024px\">\n      \n      <h3 class=\"article-card__title mt-auto mb-1\">Avatud seminar: Prof Andres Salumets \u201cReproduktiivtehnoloogiate arengust\u201d<\/h3>\n    <\/a>\n          <div class=\"d-flex justify-space-between text-xs\">\n                  <div class=\"dropdown\">\n  <button class=\"btn btn-share border-0 p-0\" type=\"button\" data-bs-toggle=\"dropdown\" aria-expanded=\"false\" data-bs-offset=\"0,12\">Jaga<\/button>\n  <div class=\"dropdown-menu\">\n    <div class=\"d-flex flex-wrap gap-1\">\n              <a href=\"https:\/\/www.addtoany.com\/add_to\/facebook?linkurl=https%3A%2F%2Fsisu.ut.ee%2Fcepm%2Favatud-seminarid%2F&amp;linkname=Avatud%20seminarid\" class=\"btn-share-icon btn-share-icon--facebook\" target=\"_blank\" rel=\"nofollow\">Facebook<\/a>\n              <a href=\"https:\/\/www.addtoany.com\/add_to\/twitter?linkurl=https%3A%2F%2Fsisu.ut.ee%2Fcepm%2Favatud-seminarid%2F&amp;linkname=Avatud%20seminarid\" class=\"btn-share-icon btn-share-icon--twitter\" target=\"_blank\" rel=\"nofollow\">Twitter<\/a>\n              <a href=\"https:\/\/www.addtoany.com\/add_to\/facebook_messenger?linkurl=https%3A%2F%2Fsisu.ut.ee%2Fcepm%2Favatud-seminarid%2F&amp;linkname=Avatud%20seminarid\" class=\"btn-share-icon btn-share-icon--messenger\" target=\"_blank\" rel=\"nofollow\">Messenger<\/a>\n              <a href=\"https:\/\/www.addtoany.com\/add_to\/email?linkurl=https%3A%2F%2Fsisu.ut.ee%2Fcepm%2Favatud-seminarid%2F&amp;linkname=Avatud%20seminarid\" class=\"btn-share-icon btn-share-icon--email\" target=\"_blank\" rel=\"nofollow\">E-post<\/a>\n          <\/div>\n\n    <div class=\"w-100\">\n      <a href=\"https:\/\/www.addtoany.com\/share#url=https%3A%2F%2Fsisu.ut.ee%2Fcepm%2Favatud-seminarid%2F&amp;title=Avatud%20seminarid\" class=\"btn-share-icon btn-share-icon--more text-black text-xs\" target=\"_blank\">Rohkem\u2026<\/a>\n    <\/div>\n  <\/div>\n<\/div>\n        \n                  <time class=\"post-date\" datetime=\"2026-03-06T08:32:55+00:00\">\n            06.03.2026\n          <\/time>\n              <\/div>\n      <\/div>\n<\/article>\n\t\t\t\t\t\t\t\t\t\t\t\t\t\t\t\t\t\t<\/div>\n\t\t\t\t\t\t\t<\/div>\n\t\t\t\t\t\t<\/div>\n\n\n\n<p><\/p>\n\n\n\n<h2 class=\"wp-block-heading\">Vaata j\u00e4rgi:<\/h2>\n\n\n\n<div class=\"wp-block-columns is-layout-flex wp-container-core-columns-is-layout-9d6595d7 wp-block-columns-is-layout-flex\">\n<div class=\"wp-block-column is-layout-flow wp-block-column-is-layout-flow\">\n<p><\/p>\n\n\n\n<figure class=\"wp-block-embed is-type-video is-provider-youtube wp-block-embed-youtube wp-embed-aspect-4-3 wp-has-aspect-ratio\"><div class=\"wp-block-embed__wrapper\">\n<div class=\"ratio ratio-16x9 mb-3\"><div class=\"video-placeholder-wrapper video-placeholder-wrapper--16x9\">\n\t\t\t    <div class=\"video-placeholder d-flex justify-content-center align-items-center\">\n\t\t\t        <div class=\"overlay text-white p-2 w-100 text-center d-block justify-content-center align-items-center\">\n\t\t\t            <div>Kolmandate osapoolte sisu n\u00e4gemiseks palun n\u00f5ustu k\u00fcpsistega.<\/div>\n\t\t\t            <button class=\"btn btn-secondary btn-sm mt-1 consent-change\">Muuda n\u00f5usolekut<\/button>\n\t\t\t        <\/div>\n\t\t\t    <\/div>\n\t\t\t<\/div>\n<\/div>\n<\/div><\/figure>\n<\/div>\n\n\n\n<div class=\"wp-block-column is-layout-flow wp-block-column-is-layout-flow\"><\/div>\n\n\n\n<div class=\"wp-block-column is-layout-flow wp-block-column-is-layout-flow\"><\/div>\n<\/div>\n\n\n\n<p><\/p>\n","protected":false},"excerpt":{"rendered":"<p>Vaata j\u00e4rgi:<\/p>\n","protected":false},"author":745,"featured_media":0,"parent":0,"menu_order":0,"comment_status":"closed","ping_status":"closed","template":"","meta":{"_acf_changed":false,"inline_featured_image":false,"footnotes":""},"class_list":["post-264","page","type-page","status-publish","hentry"],"acf":[],"_links":{"self":[{"href":"https:\/\/sisu.ut.ee\/cepm\/wp-json\/wp\/v2\/pages\/264","targetHints":{"allow":["GET"]}}],"collection":[{"href":"https:\/\/sisu.ut.ee\/cepm\/wp-json\/wp\/v2\/pages"}],"about":[{"href":"https:\/\/sisu.ut.ee\/cepm\/wp-json\/wp\/v2\/types\/page"}],"author":[{"embeddable":true,"href":"https:\/\/sisu.ut.ee\/cepm\/wp-json\/wp\/v2\/users\/745"}],"replies":[{"embeddable":true,"href":"https:\/\/sisu.ut.ee\/cepm\/wp-json\/wp\/v2\/comments?post=264"}],"version-history":[{"count":6,"href":"https:\/\/sisu.ut.ee\/cepm\/wp-json\/wp\/v2\/pages\/264\/revisions"}],"predecessor-version":[{"id":288,"href":"https:\/\/sisu.ut.ee\/cepm\/wp-json\/wp\/v2\/pages\/264\/revisions\/288"}],"wp:attachment":[{"href":"https:\/\/sisu.ut.ee\/cepm\/wp-json\/wp\/v2\/media?parent=264"}],"curies":[{"name":"wp","href":"https:\/\/api.w.org\/{rel}","templated":true}]}}