{"id":7,"date":"2024-04-04T02:49:48","date_gmt":"2024-04-03T23:49:48","guid":{"rendered":"https:\/\/sisu.ut.ee\/cees\/toimunud-uritused\/"},"modified":"2024-04-04T02:49:57","modified_gmt":"2024-04-03T23:49:57","slug":"toimunud-uritused","status":"publish","type":"page","link":"https:\/\/sisu.ut.ee\/cees\/toimunud-uritused\/","title":{"rendered":"Toimunud \u00fcritused"},"content":{"rendered":"<div style=\"text-align: justify\" class=\"content clearfix\">\n<p><strong><br>Emotions: Rationality, morality and social understanding\u00a0<\/strong><br>An interdisciplinary conference at the University of Tartu<br>7-9 September 2017\u00a0<br>Tartu, Estonia<\/p>\n<p>Emotions are complex mental states that have important behavioural, experiential, cognitive and social aspects. This interdisciplinary conference focuses upon the nature of emotions, the relationship of emotions to morality and to social understanding.<\/p>\n<p>The first set of questions concerns the nature of emotions. What are emotions and what kind of structure do they have? In what sense can we speak of the rationality of emotions?<\/p>\n<p>The second set of questions concerns the moral and political role of emotions. What role do emotions play in moral motivation, moral judgment and moral development? Should we seek to cultivate or otherwise regulate our emotions? What is the role of emotions in moral disagreements? What kind of emotions should or should not have an important place in a civil society?<\/p>\n<p>The third topic of the conference is the social nature of emotions. How are emotions related to empathy, sympathy, compassion and solidarity, and what role do they play in social interaction? Does recognizing the emotions of others presume that we must have had a similar emotional experience ourselves? What does it mean to share an emotion?<\/p>\n<p>The fourth theme of the conference concerns the expression of emotions. How is the experience of an emotion related to its expression? What can we learn about emotions from literature and arts? How are emotions expressed in social media?<\/p>\n<p><span>Invited speakers:<\/span><\/p>\n<p><span>Mary Carman<\/span>, Thumos \u2013 The Genevan Research Group on Emotions, Values and Norms, Swiss Centre for Affective Sciences (CISA), University of Geneva<br><span>Gregory Currie<\/span>, Department of Philosophy, University of York<br><span>Kristj\u00e1n Kristj\u00e1nsson<\/span>, Jubilee Centre for Character and Virtues School of Education, University of Birmingham<br><span>Peter McCormick<\/span>, The Royal Society of Canada, L\u2019Institut international de philosophie<br><span>Carolyn Price<\/span>, Faculty of Arts and Social Sciences, The Open University<br><span>Mikko Salmela<\/span>, Department of Political and Economic Studies\/Social and Moral Philosophy, University of Helsinki<\/p>\n<p>Submission of abstracts: deadline\u00a0<span>30th June 2017<\/span><\/p>\n<p>Please send an abstract (maximum 300 words) to emotions@ut.ee by 30th of June 2017<\/p>\n<p>Please include your name, academic affiliation and contact information separately.<\/p>\n<p>Notification of acceptance will be given by\u00a0<span>10th of July 2017<\/span>.<\/p>\n<p>In addition to full papers (45 minutes including discussion), a number of slots will be reserved for shorter postgraduate papers (20-30 minutes). We encourage all postgraduate students to submit abstracts.<\/p>\n<p>Selected papers will be considered for inclusion in a special issue of a peer-review philosophy journal Studia Philosophica Estonica, https:\/\/www.spe.ut.ee\/ojs\/index.php\/spe\/index<\/p>\n<p><\/p>\n<p>Organizers: Margit Sutrop, Bruno M\u00f6lder, Vivian Bohl, Heidy Meriste, Triin Paaver<\/p>\n<p>Conference language: English<\/p>\n<p>Attendance is free of charge<\/p>\n<p>Inquiries: triin.paaver@ut.ee<\/p>\n<p>Web:\u00a0<a href=\"http:\/\/www.flfi.ut.ee\/en\/conference-emotions\" target=\"_blank\" title=\"\" data-url=\"http:\/\/www.flfi.ut.ee\/en\/conference-emotions\" rel=\"noopener\">http:\/\/www.flfi.ut.ee\/en\/conference-emotions<\/a><\/p>\n<p>Organizing institutions:<\/p>\n<p>Department of Philosophy at the University of Tartu<br>Centre for Ethics at the University of Tartu<br>Centre of Excellence in Estonian Studies (CEES)<br>Central and Eastern European Ethical Network (CEEEN)<\/p>\n<p><\/p>\n<p><em>This event is supported by the Estonian Ministry of Education and Research (IUT20-5), and by the (European Union) European Regional Development Fund (Centre of Excellence in Estonian Studies).<\/em><\/p>\n<hr>\n<p><em>\u00a0<\/em><\/p>\n<p><strong>Keel on teekond: diakroonilise ja s\u00fcnkroonilise keelek\u00e4sitluse piirimail<\/strong><br>17. veebruar 2017<br>Tallinna \u00dclikool, ruum M-134<\/p>\n<p>Reedel, 17. veebruaril toimub Tallinna \u00dclikoolis (Uus-Sadama 5 auditoorium M-134) konverents \u201cKeel on teekond: Diakroonilise ja s\u00fcnkroonilise keelek\u00e4sitluse piirimail\u201d.<br>Konverents on p\u00fchendatud varalahkunud keeleteadlase Katre \u00d5imu (25. VIII 1970 \u2013 20. VII 2016) m\u00e4lestusele. Ettekanded haakuvad Katre \u00d5imu tegevusvaldkonade ja uurimisteemadega: kognitiivne lingvistika ja fraseoloogia, morfos\u00fcntaks ja s\u00f5naloome, semantika ja korpuslingvistika, eestikeelse teksti automaatse anal\u00fc\u00fcsi vahendite arendamine.<\/p>\n<p><strong>Kava<\/strong><\/p>\n<p>10.30 Tervituskohv<\/p>\n<p>11.00 T\u00f5nu Viik. Avas\u00f5nad<\/p>\n<p>11.10 Pille Eslon. Lingvisti teekond<\/p>\n<p>11.30 Ann Veismann. Ajast ajametafoorides<\/p>\n<p>12.00 Reet Kasik. Struktuurne t\u00e4hendus ja leksikaalne t\u00e4hendus s\u00f5namoodustuses<\/p>\n<p>12.30 Mati Hint. Sihitise k\u00e4\u00e4nde muutumine<\/p>\n<p>13.00\u201314.00 L\u00f5una<\/p>\n<p>14.00 Mare K\u00f5iva. Kuidas maailmad on struktureeritud. Fraseoloogia v\u00f5imalusi<\/p>\n<p>14.30 Pirkko Muikku-Werner. Virolaiset ja suomalaiset idiomeja lainaamassa<\/p>\n<p>15.00 Piret Voolaid. Folkloori l\u00fchivormide andmebaasid \u2013 keeleteekondade peegeldajad<\/p>\n<p>15.30\u201315.45 Kohvipaus<\/p>\n<p>15.45 Jelena Kallas, Margit Langemets. P\u00fcsi\u00fchendid s\u00f5naraamatutes<\/p>\n<p>16.15 Asta \u00d5im. Uuendatud fraseoloogias\u00f5naraamat: tulevikun\u00e4gemus<\/p>\n<p>Konverentsi koduleht on veebiaadressil http:\/\/www.folklore.ee\/rl\/fo\/konve\/2017\/keel\/<\/p>\n<p>Konverentsi korraldavad Tallinna \u00dclikool, Tartu \u00dclikool, Eesti Kirjandusmuuseum, Emakeele Selts, Eesti-uuringute Tippkeskus.<\/p>\n<p>Info: Pille Eslon, peslon@ut.ee; Annekatrin Kaivapalu, kaivapa@tlu.ee; Piret Voolaid, piret@folklore.ee<\/p>\n<p><em>S\u00fcndmust toetavad Euroopa Liit Euroopa Regionaalarengu Fondi kaudu (Eesti-uuringute Tippkeskus) ja Tallinna \u00dclikooli humanitaarteaduste instituudi (T\u00dcHI) uuringufond.<\/em><\/p>\n<\/div>\n<div style=\"text-align: justify\" class=\"content clearfix\">\n<hr>\n<p><strong><br>Suuline ja kirjalik kultuuris: p\u00f5imumised ja p\u00f5rkumised<\/strong><br>aastakonverents<br>12.-13. detsember 2016<br>Eesti Kirjandusmuuseum<\/p>\n<p><\/p><\/div>\n<div class=\"content clearfix\">\n<p style=\"text-align: justify\">12. ja 13. detsembril 2016. aastal toimub Tartus Eesti Kirjandusmuuseumis Eesti-uuringute Tippkeskuse aastakonverents ja Kreutzwaldi p\u00e4evade 60. konverents \u201cSuuline ja kirjalik kultuuris: p\u00f5imumised ja p\u00f5rkumised\u201d.<\/p>\n<p>Konverents v\u00f5tab luubi alla suulise ja kirjaliku teabe vahekorra (Eesti v\u00f5i laiemalt Baltimaade) kultuuris nii ajaloolises plaanis kui ka t\u00e4nap\u00e4eval, kirjakultuuri n\u00e4iliselt totaalse valitsemise ajal, ning \u00e4rgitab dialoogi eri distsipliinide vaatepunktide vahel. Kahel p\u00e4eval on kavas \u00fchtekokku 29 ettekannet, mis k\u00e4sitlevad keele, k\u00f5ne ja teksti suulist ja kirjalikku vahendamist, teemaga seotud filosoofilisi ja eetilisi k\u00fcsimusi, samuti kirjaliku, pildilise ja akustilise vahekorda kultuuris.<\/p>\n<p>Konverentsi kava\u00a0<a href=\"https:\/\/folklore.ee\/CEES\/kava2016.pdf\" target=\"_blank\" data-url=\"https:\/\/folklore.ee\/CEES\/kava2016.pdf\" rel=\"noopener\">https:\/\/folklore.ee\/CEES\/kava2016.pdf<\/a><\/p>\n<p>Korraldajad: IUT 20-1 \u201eEesti kirjandus v\u00f5rdleva kirjandusuurimise paradigmas\u201c ning CEESi kirjakultuuri ja kirjandusuuringute t\u00f6\u00f6r\u00fchm.<\/p>\n<p style=\"text-align: justify\">Korraldustoimkond:<br>Liina Lukas, liina.lukas@ut.ee<br>Meelis Roll, meelis.roll@folklore.ee<br>Piret Voolaid, piret@folklore.ee<br>Mare K\u00f5iva, mare@folklore.ee<\/p>\n<p style=\"text-align: justify\">\n<\/p><p><em>Konverentsi toetab Euroopa Liit Euroopa Regionaalarengu Fondi kaudu (Eesti-uuringute Tippkeskus), see on seotud Eesti Teadusagentuuri\u00a0<\/em><br><em>institutsionaalsete uurimisprojektidega IUT 20-1 ja IUT 22-5.<\/em><\/p>\n<\/div>\n<hr>\n<p><strong>Workshop on Value Judgment<\/strong><br>Workshop<br>University of Tartu<br>29 November 2016<br>Jakobi 2-336<\/p>\n<p style=\"text-align: justify\">On the 29th of November there will be a small workshop on value judgment, partly connected with Francesco Orsi\u2019s research grant on \u201cThe Unity of Normative Discourse (2013-16)\u201d. Everyone is welcome to attend, including and especially students at any level.<\/p>\n<p style=\"text-align: justify\">10:30 <strong>Wlodek Rabinowicz<\/strong> (Lund University) <br>\u201cAggregation of Value Judgments Differs from Aggregation of Preferences\u201d<\/p>\n<p style=\"text-align: justify;padding-left: 30px\">This talk will focus on the contrast between aggregation of individual preference rankings to a collective preference ranking and aggregation of individual value judgments to a collective value judgment. The targeted case is one in which value judgments also have the form of rankings. Despite of this formal similarity, the kind of aggregation procedure that works fine for judgments \u2013 minimization of distance from individual inputs \u2013 turns out to be inappropriate for preferences. Whatever measure of distance is chosen, distance-based procedures violate the strong Pareto condition. Which seems alright as value judgment aggregation goes, but would not be acceptable for preference aggregation, on the most natural interpretation of the latter task. Distance-based aggregation of value judgments might also be approached from the epistemic perspective: questions might be raised about its advantages as a truth-tracker. From this perspective, what matters is not only the probability of the output being true, but also the expected verisimilitude of the output, i.e. its expected distance from truth.<\/p>\n<p style=\"text-align: justify\">12:00 lunch break<\/p>\n<p style=\"text-align: justify\">13:00<strong> Toni R\u00f8nnow-Rasmussen<\/strong> (Lund University) <br>\u201cOn Conditionalism\u2013On the Verge of a New Metaethical Theory\u201d<\/p>\n<p style=\"text-align: justify;padding-left: 30px\">This presentation explores a novel metaethical theory according to which value judgements express a certain kind of cognitive conditional attitude, viz., a belief that something is the case on condition that something else is the case. The aim is to reach a better understanding of this view. To this end, this work highlights some challenges that lie ahead. Certainly the most pressing one is to reach an understanding of the nature of these cognitive attitudes. It is suggested that the distinction between \u201cdormant attitude\u201d and \u201coccurrent attitude\u201d help us better understand these conditional beliefs.<\/p>\n<p style=\"text-align: justify\">14:30 end<\/p>\n<p style=\"text-align: justify\">For any further info, please write to Francesco Orsi at orsi@ut.ee.<\/p>\n<p style=\"text-align: justify\"><em>Workshop is organised by the Department of Philosophy, University of Tartu and supported by the Centre of Excellence in Estonian Studies (European Union, European Regional Development Fund), research project IUT20-5 (Estonian Ministry of Education and Research) and by the Estonian Research Council grant PUT243.<\/em><\/p>\n<hr>\n<p><strong><br>Dialoogid subkultuuridega<\/strong><br>Keeleteaduste, filosoofia ja semiootika doktorikooli s\u00fcgiskool<br>17.-18. november 2016<br>Eesti Kirjandusmuuseum<\/p>\n\n<p style=\"text-align: justify\">S\u00fcgiskooli ettekanded ja arutelud seostuvad subkultuuridega k\u00f5ige laiemas m\u00f5ttes: alternatiivsed usundid, filosoofiad ja elamisviisid, erinevad \u00fchiskonnar\u00fchmad (n\u00e4iteks pagulased, v\u00e4hemused, puuetega inimesed, uususundiliste praktikatega tegelevad r\u00fchmad) ja nende kultuurilised, usundilised, lingvistilised ja semiootilised v\u00e4ljendused jne. Lisaks plenaarettekannetele on plaanis v\u00e4iksemas ringis praktilist laadi t\u00f6\u00f6toad. Vaadeldakse selliseid teemasid nagu v\u00e4ljakutsed ja v\u00f5imalused uuritava r\u00fchmaga kontakti loomisel, andmete kogumisel ja t\u00f6\u00f6tlemisel, uurimise interdistsiplinaarne m\u00f5\u00f5de, n\u00e4iteks koost\u00f6\u00f6artiklite kirjutamise v\u00f5imalikkus, kogemused teadust\u00f6\u00f6de avaldamisega rahvusvahelistes tippajakirjades.<\/p>\n<p style=\"text-align: justify\">T\u00e4psema info ja programmi saadame septembri alguses. Osaleda on v\u00f5imalik ka doktorantidel, kes ei ole Keeleteaduste, filosoofia ja semiootika doktorikooli liikmed.<\/p>\n<p>Kontakt ja info:<br>Reet Hiiem\u00e4e, reet@folklore.ee<\/p>\n\n<p><em>\u00dcritust korraldab Keeleteaduse, filosoofia ja semiootika doktorikool, finantseerib Euroopa Liidu Regionaalarengu Fond (Tartu \u00dclikooli ASTRA projekt PER ASPERA).<\/em><\/p>\n<hr>\n<p><strong><br>Kogumiku \u201cTagasi m\u00f5tledes. T\u00f6id filosoofia ajaloost Eestis\u201d esitlus<\/strong><br>29. august<br>Jakobi 2-336.<\/p>\n\n<p>Kogumik koondab uurimusi, artikleid, ettekandeid ja m\u00e4lestusigi, mille aineks on Eesti filosoofia algup\u00e4ra ja allikad, selle mitmek\u00fclgne tekke-, kujunemis- ja arengulugu t\u00e4nap\u00e4evani v\u00e4lja, l\u00fchidalt \u2013 Eesti ja eestikeelse filosoofia ajalugu k\u00f5ige laiemas m\u00f5ttes. Kuid kogumikku valitud t\u00f6\u00f6d k\u00e4tkevad seejuures m\u00f5istetavalt ka mis tahes filosoofiliste v\u00f5i filosoofia-ajalooliste probleemide k\u00e4sitlusi \u2013 nendeta poleks ei eesti ega mis tahes rahvuslik filosoofia v\u00f5imalik.<\/p>\n<p>Koostaja: \u00dclo Matjus<br>Toimetaja: Jaanus Soov\u00e4li<br>Tartu \u00dclikooli Kirjastus<\/p>\n<p>Rohkem infot\u00a0<a href=\"http:\/\/www.flfi.ut.ee\/et\/uudised\/ilmunud-eesti-filosoofia-ajaloole-puhendatud-kogumik-tagasi-moteldes\" target=\"_blank\" data-url=\"http:\/\/www.flfi.ut.ee\/et\/uudised\/ilmunud-eesti-filosoofia-ajaloole-puhendatud-kogumik-tagasi-moteldes\" rel=\"noopener\">siit<\/a>\u00a0<\/p>\n<hr>\n<p><strong>Stories of Hope and Fear: Mapping Emotions and Affects in Life, Arts, and Literature<\/strong><br>Palmse Manor (Estonia)<br>August 24-25, 2016<\/p>\n\n<p>This symposium responds to the current upsurge in interest in narrative and emotion and the role of literature and arts as \u201cemotional repositories\u201d of culture and as human \u201cequipment for living\u201d in an ever-changing world (Kenneth Burke).<\/p>\n<p><strong>Keynote speakers:<\/strong><br>Anu Koivunen, Professor of Cinema and Media Studies, University of Stockholm<br>Matthew Ratcliffe, Professor of Theoretical Philosophy, University of Vienna<\/p>\n<p><\/p><div class=\"accordion mb-3\">\n        <div class=\"accordion-item accordion-item--white\">\n        <h2 class=\"accordion-header\" id=\"accordion-69e078afaeaba-heading\">\n            <button class=\"accordion-button collapsed\" type=\"button\" data-bs-toggle=\"collapse\" data-bs-target=\"#accordion-69e078afaeaba-collapse\" aria-expanded=\"true\" aria-controls=\"accordion-69e078afaeaba-collapse\">Ajakava<\/button>\n        <\/h2>\n        <div id=\"accordion-69e078afaeaba-collapse\" class=\"accordion-collapse collapse\" aria-labelledby=\"accordion-69e078afaeaba-heading\">\n            <div class=\"accordion-body\">\n<p><strong>24.08<\/strong><\/p>\n<p>9.00-9.15\u00a0Margit Sutrop (Dean of the UT Faculty of the Humanities, Professor of Practical Philosophy). Opening words<br>9.15-9.30\u00a0Welcome notes: Prof. Mari Hatavara, Prof. Pirjo Lyytik\u00e4inen<br>9.30-9.50\u00a0Prof. Marina Grishakova. Introduction: Towards an Integrated Study of Narrative and Emotion<\/p>\n<p>10.00-10.30\u00a0Dr Joel Krueger (University of Exeter). Cognitive extension, emotions, and the aesthetic niche<br>10.30-11.00\u00a0Dr Fabrice Teroni (University of Geneva). The rationality of emotions<\/p>\n<p>11.30-12.30\u00a0Keynote 1. Prof. Matthew Ratcliffe. Psychosis, Anxiety, and Alienation: Interpreting First-Person Narratives<\/p>\n<p>13.45-14.15\u00a0Dr Raili Marling (University of Tartu). Negative feelings and feminist stories in the age of neoliberal biopolitics\u00a0<br>14.15-14.45\u00a0Dr Carsten Stage (University of Aarhus). Cancer and social media \u2013 assemblages of affect, biological citizenship and valuation<\/p>\n<p>15.00-15.30\u00a0Dr Julian Hanich (University of Groningen). Anger in the Cinema: Toward a Phenomenology of a Non-Aesthetic Emotion<br>15.30-16.00\u00a0Dr Beate Schappach (University of Bern). The Dramaturgy of Dusk and Dawn. The Liminal Space as a Sphere of Affection<\/p>\n<p>16.30-17.00\u00a0Prof. Anneli Saro&amp;Dr Hedi-Liis Toome (University of Tartu). The Role of Emotions in the Reception of Drama, Opera, and Dance<br>17.00-17.30\u00a0Dr Kristyn Gorton (University of York). Emotional Engagements with the Television Screen<\/p>\n<p><strong>25.08<\/strong><\/p>\n<p>9.00-9.30\u00a0Prof. Pirjo Lyytik\u00e4inen (University of Helsinki). Studying Emotion Effects in Literature<br>9.30-10.00\u00a0Dr Riikka Rossi (University of Helsinki). Disgust and Compassion: Complexity of Emotions and Antinomies of Realism<\/p>\n<p>10.30-11.00\u00a0Prof. Sibylle Baumbach (University of Innsbruck). Fear and Fascination: Conflicting Emotions and Narrative Absorption in English Literature<br>11.00-11.30\u00a0Dr Katja Mellmann (University of G\u00f6ttingen). \u2018Suspense\u2019 as an umbrella term. An emotion-psychological perspective<\/p>\n<p>11.45-12.45\u00a0Keynote 2. Prof. Anu Koivunen. Vulnerabilitu, Shame and Pride: Affective Legacies in New Narratives about Sveden Finns<\/p>\n<p>14.00-14.30\u00a0Dr Jarkko Toikkanen &amp; Dr Hanna Rautajoki (University of Tampere). Intermedial Experience and Affectivity<br>14.30-15.00\u00a0Dr Anna Hollsten (University of Helsinki). Stories of Grief and Consolation: An Emotional Impact of Elegiac Poetry<br>15.00-15.30\u00a0Dr Elise Nyk\u00e4nen (University of Helsinki). Existing to Hate. Literary Existentialism and Negative Emotions in Lassi Nummi\u2019s Hatred<\/p>\n<p>16.00-17.00\u00a0PhD session<br>Laura Piippo (University of Jyv\u00e4skyl\u00e4). Excessive affects in contemporary experimental prose literature<br>Kairi Jets (University of Tartu). Narrative techniques of representation of fear and anxiety in contemporary fiction of Japan and the West<br>Siim Sorokin (University of Tartu). The Lives of Characters: Affective World-Building in the Internet Reception of Breaking Bad<\/p>\n<p>17.15-18.15\u00a0Closing discussion. Moderator: Prof. Mari Hatavara<\/p>\n<p><\/p><\/div>\n        <\/div>\n        <\/div>\n    <\/div>\n<p>Places are limited, please send your expression of interest to Dr. Hedi-Liis Toome, hedi-liis.toome@ut.ee<\/p>\n<p>Organizers:<br>Institute of Cultural Research and Arts (University of Tartu, Estonia)<br>Department of Finnish Studies (University of Helsinki, Finland)<br>School of Language, Translation and Literary Studies (University of Tampere, Finland)<\/p>\n<p>Organizing committee:\u00a0Dr. Hedi-Liis Toome (coordinator), Prof. Marina Grishakova (Tartu), Prof. Mari Hatavara (Tampere), Prof. Pirjo Lyytik\u00e4inen (Helsinki), Dr. Raili Marling, Prof. Anneli Saro, Kairi Jets, Siim Sorokin (Tartu).<\/p>\n<p><em>The event is supported by the Estonian Research Council (Grant PUT192), and by the (European Union) European Regional Development Fund (Centre of Excellence in Estonian Studies).<\/em><\/p>\n<hr>\n<p><strong>Gottlob Frege Lectures in Theoretical Philosophy<br><\/strong>Huw Price (University of Cambridge)<br>\u201cNaturalism, pragmatism and representationalism\u201d\u00a0<br>26.-27. juuni 2016<br>Tartu \u00dclikool<br>Rohkem informatsiooni\u00a0<a href=\"http:\/\/www.flfi.ut.ee\/et\/filosoofia-osakond\/frege-lectures-2016-huw-price-naturalism-pragmatism-and-representationalism\" target=\"_blank\" data-url=\"http:\/\/www.flfi.ut.ee\/et\/filosoofia-osakond\/frege-lectures-2016-huw-price-naturalism-pragmatism-and-representationalism\" rel=\"noopener\">siit<\/a><\/p>\n\n<hr>\n<p><strong>Anal\u00fc\u00fctilise filosoofia suvelaager\u00a0<\/strong><br>17.-19. juuni 2016<br>M\u00e4nniku Metsatalu, Viljandimaa<br>Rohkem informatsiooni\u00a0<a href=\"https:\/\/afseminar.wordpress.com\/laager\/\" target=\"_blank\" data-url=\"https:\/\/afseminar.wordpress.com\/laager\/\" rel=\"noopener\">siit<\/a><\/p>\n\n<hr>\n","protected":false},"excerpt":{"rendered":"<p>Emotions: Rationality, morality and social understanding\u00a0An interdisciplinary conference at the University of Tartu7-9 September 2017\u00a0Tartu, Estonia Emotions are complex mental states that have important behavioural, experiential, cognitive and social aspects. This interdisciplinary conference focuses upon the nature of emotions, the &#8230;<\/p>\n","protected":false},"author":86,"featured_media":0,"parent":0,"menu_order":0,"comment_status":"closed","ping_status":"closed","template":"","meta":{"_acf_changed":false,"inline_featured_image":false,"footnotes":""},"class_list":["post-7","page","type-page","status-publish","hentry"],"acf":[],"_links":{"self":[{"href":"https:\/\/sisu.ut.ee\/cees\/wp-json\/wp\/v2\/pages\/7","targetHints":{"allow":["GET"]}}],"collection":[{"href":"https:\/\/sisu.ut.ee\/cees\/wp-json\/wp\/v2\/pages"}],"about":[{"href":"https:\/\/sisu.ut.ee\/cees\/wp-json\/wp\/v2\/types\/page"}],"author":[{"embeddable":true,"href":"https:\/\/sisu.ut.ee\/cees\/wp-json\/wp\/v2\/users\/86"}],"replies":[{"embeddable":true,"href":"https:\/\/sisu.ut.ee\/cees\/wp-json\/wp\/v2\/comments?post=7"}],"version-history":[{"count":1,"href":"https:\/\/sisu.ut.ee\/cees\/wp-json\/wp\/v2\/pages\/7\/revisions"}],"predecessor-version":[{"id":56,"href":"https:\/\/sisu.ut.ee\/cees\/wp-json\/wp\/v2\/pages\/7\/revisions\/56"}],"wp:attachment":[{"href":"https:\/\/sisu.ut.ee\/cees\/wp-json\/wp\/v2\/media?parent=7"}],"curies":[{"name":"wp","href":"https:\/\/api.w.org\/{rel}","templated":true}]}}