{"id":11,"date":"2024-04-04T07:28:33","date_gmt":"2024-04-04T04:28:33","guid":{"rendered":"https:\/\/sisu.ut.ee\/bss\/pohimoisted\/"},"modified":"2024-04-04T07:28:43","modified_gmt":"2024-04-04T04:28:43","slug":"pohimoisted","status":"publish","type":"page","link":"https:\/\/sisu.ut.ee\/bss\/pohimoisted\/","title":{"rendered":"P\u00f5him\u00f5isted"},"content":{"rendered":"<p>\n\tOtsingu aluseks on s\u00f5naraamatu xml-formaadis algkuju ja otsing eristab xml-i elemente ja nende atribuute. Otsida saab vaid <b>sisuga<\/b> elemente, mitte gruppe ja nende atribuute. (Seep\u00e4rast ei saa otsida korraga nt k\u00f5iki teemaartikleid.) Erandina on p\u00e4ringukasti lisaks \u2018artiklile\u2019 v\u00e4lja toodud s\u00f5naartiklite p\u00f5hilised alajaotused <b>\u2018p\u00e4is\u2019, \u2018sisu\u2019<\/b> ning ka <b>\u2018m\u00e4rks\u00f5nagrupp\u2019<\/b>.\n<\/p>\n<p>\n\t<b>P\u00e4ises<\/b> on t\u00fc\u00fcpiliselt <b>m\u00e4rks\u00f5na, morfoloogia<\/b> ning kogu artikli kohta k\u00e4ivad <b>m\u00e4rgendid<\/b>. <b>Sisu<\/b> s\u00f5ltub s\u00f5naraamatu t\u00fc\u00fcbist \u2014 seal leidub <b>t\u00e4hendusi, vasteid, n\u00e4itelauseid<\/b>.\n<\/p>\n<p>\n\tElemendi sisu t\u00fckeldatakse t\u00fchikute kohalt ja otsida saab vaid <b>\u00fcksiks\u00f5nesid<\/b>.\n<\/p>\n<p>\n\t<img loading=\"lazy\" decoding=\"async\" width=\"970\" height=\"485\" class=\"alignnone wp-image-31\" src=\"https:\/\/sisu.ut.ee\/wp-content\/uploads\/sites\/519\/kp.jpg\" title=\"kp.jpg\" alt=\"m\" srcset=\"https:\/\/sisu.ut.ee\/wp-content\/uploads\/sites\/519\/kp.jpg 970w, https:\/\/sisu.ut.ee\/wp-content\/uploads\/sites\/519\/kp-300x150.jpg 300w, https:\/\/sisu.ut.ee\/wp-content\/uploads\/sites\/519\/kp-768x384.jpg 768w\" sizes=\"auto, (max-width: 970px) 100vw, 970px\">\n<\/p>\n<p style=\"text-align: right\">\n\tAllikas:\u00a0http:\/\/www.eki.ee\/dict\/xp\/index.cgi?dictid=bss\n<\/p>\n<p>\n\t<b>Kiirvaliku men\u00fc\u00fcs<\/b> pakutakse v\u00f5imalusel valitud <b>elemendi v\u00f5i atribuudi v\u00e4\u00e4rtusi loendina<\/b>. Kl\u00f5ps seal t\u00e4idab otsinguv\u00e4lja sobiva avaldisega.<\/p>\n","protected":false},"excerpt":{"rendered":"<p>Otsingu aluseks on s\u00f5naraamatu xml-formaadis algkuju ja otsing eristab xml-i elemente ja nende atribuute. Otsida saab vaid sisuga elemente, mitte gruppe ja nende atribuute. (Seep\u00e4rast ei saa otsida korraga nt k\u00f5iki teemaartikleid.) Erandina on p\u00e4ringukasti lisaks \u2018artiklile\u2019 v\u00e4lja toodud s\u00f5naartiklite &#8230;<\/p>\n","protected":false},"author":261,"featured_media":0,"parent":0,"menu_order":0,"comment_status":"closed","ping_status":"closed","template":"","meta":{"_acf_changed":false,"inline_featured_image":false,"footnotes":""},"class_list":["post-11","page","type-page","status-publish","hentry"],"acf":[],"_links":{"self":[{"href":"https:\/\/sisu.ut.ee\/bss\/wp-json\/wp\/v2\/pages\/11","targetHints":{"allow":["GET"]}}],"collection":[{"href":"https:\/\/sisu.ut.ee\/bss\/wp-json\/wp\/v2\/pages"}],"about":[{"href":"https:\/\/sisu.ut.ee\/bss\/wp-json\/wp\/v2\/types\/page"}],"author":[{"embeddable":true,"href":"https:\/\/sisu.ut.ee\/bss\/wp-json\/wp\/v2\/users\/261"}],"replies":[{"embeddable":true,"href":"https:\/\/sisu.ut.ee\/bss\/wp-json\/wp\/v2\/comments?post=11"}],"version-history":[{"count":1,"href":"https:\/\/sisu.ut.ee\/bss\/wp-json\/wp\/v2\/pages\/11\/revisions"}],"predecessor-version":[{"id":44,"href":"https:\/\/sisu.ut.ee\/bss\/wp-json\/wp\/v2\/pages\/11\/revisions\/44"}],"wp:attachment":[{"href":"https:\/\/sisu.ut.ee\/bss\/wp-json\/wp\/v2\/media?parent=11"}],"curies":[{"name":"wp","href":"https:\/\/api.w.org\/{rel}","templated":true}]}}