{"id":3,"date":"2024-04-04T00:19:01","date_gmt":"2024-04-03T21:19:01","guid":{"rendered":"https:\/\/sisu.ut.ee\/breketravi\/avaleht\/"},"modified":"2024-04-12T09:29:36","modified_gmt":"2024-04-12T06:29:36","slug":"avaleht","status":"publish","type":"page","link":"https:\/\/sisu.ut.ee\/breketravi\/","title":{"rendered":"Avaleht"},"content":{"rendered":"<p style=\"text-align: left;\"><strong>Rita N\u00f5mmela, Triin Jagom\u00e4gi\u00a0<\/strong><br>\n<strong>Stomatoloogia Kliinik , 2015<\/strong><\/p>\n<p style=\"text-align: left;\">Pildil n\u00e4ete k\u00fcll kenasti rivis olevaid hambaid, kuid nende pinnad on kahjustunud. Niisugused \u201cvalged aknad\u201d on n\u00e4ha p\u00e4rast breketite eemaldamist neil, kes pole suutnud hambaid ortodontilise ravi ajal korralikult puhastada. Sellist naeratust te ju ei soovinud, kui unistasite sirgete hammastega naeratusest.<\/p>\n<p style=\"text-align: center;\"><img loading=\"lazy\" decoding=\"async\" width=\"915\" height=\"452\" class=\"alignnone wp-image-7\" style=\"margin-left: auto; margin-right: auto;\" title=\"avapilt.png\" src=\"https:\/\/sisu.ut.ee\/wp-content\/uploads\/sites\/119\/avapilt.png\" alt=\"avapilt.png\" srcset=\"https:\/\/sisu.ut.ee\/wp-content\/uploads\/sites\/119\/avapilt.png 915w, https:\/\/sisu.ut.ee\/wp-content\/uploads\/sites\/119\/avapilt-300x148.png 300w, https:\/\/sisu.ut.ee\/wp-content\/uploads\/sites\/119\/avapilt-768x379.png 768w\" sizes=\"auto, (max-width: 915px) 100vw, 915px\"><\/p>\n<h4 style=\"text-align: center;\">Kahjustunud hambaemail (autor Triin Jagom\u00e4gi)<\/h4>\n<p>J\u00e4rgnev minikursus aitab neid, kes soovivad alustada v\u00f5i on just alustanud ortodontilist ravi breketitega.<\/p>\n<p style=\"text-align: left;\">P\u00e4rast kursuse l\u00f5petamise teate, kuidas hambaid breketravi ajal korralikult puhastada. Kui n\u00f5nda ka teete, siis t\u00e4itub teie unistus \u2013 hambad on kenasti sirged ja hambapinnad terved.<\/p>\n<p style=\"text-align: left;\">Minikursuse l\u00e4bimiseks kulub ligikaudu 2 tundi.<\/p>\n","protected":false},"excerpt":{"rendered":"<p>Rita N\u00f5mmela, Triin Jagom\u00e4gi\u00a0 Stomatoloogia Kliinik , 2015 Pildil n\u00e4ete k\u00fcll kenasti rivis olevaid hambaid, kuid nende pinnad on kahjustunud. Niisugused \u201cvalged aknad\u201d on n\u00e4ha p\u00e4rast breketite eemaldamist neil, kes pole suutnud hambaid ortodontilise ravi ajal korralikult puhastada. Sellist naeratust &#8230;<\/p>\n","protected":false},"author":2,"featured_media":0,"parent":0,"menu_order":0,"comment_status":"closed","ping_status":"closed","template":"","meta":{"_acf_changed":false,"inline_featured_image":false,"footnotes":""},"class_list":["post-3","page","type-page","status-publish","hentry"],"acf":[],"_links":{"self":[{"href":"https:\/\/sisu.ut.ee\/breketravi\/wp-json\/wp\/v2\/pages\/3","targetHints":{"allow":["GET"]}}],"collection":[{"href":"https:\/\/sisu.ut.ee\/breketravi\/wp-json\/wp\/v2\/pages"}],"about":[{"href":"https:\/\/sisu.ut.ee\/breketravi\/wp-json\/wp\/v2\/types\/page"}],"author":[{"embeddable":true,"href":"https:\/\/sisu.ut.ee\/breketravi\/wp-json\/wp\/v2\/users\/2"}],"replies":[{"embeddable":true,"href":"https:\/\/sisu.ut.ee\/breketravi\/wp-json\/wp\/v2\/comments?post=3"}],"version-history":[{"count":2,"href":"https:\/\/sisu.ut.ee\/breketravi\/wp-json\/wp\/v2\/pages\/3\/revisions"}],"predecessor-version":[{"id":44,"href":"https:\/\/sisu.ut.ee\/breketravi\/wp-json\/wp\/v2\/pages\/3\/revisions\/44"}],"wp:attachment":[{"href":"https:\/\/sisu.ut.ee\/breketravi\/wp-json\/wp\/v2\/media?parent=3"}],"curies":[{"name":"wp","href":"https:\/\/api.w.org\/{rel}","templated":true}]}}