{"id":79,"date":"2024-04-04T08:54:57","date_gmt":"2024-04-04T05:54:57","guid":{"rendered":"https:\/\/sisu.ut.ee\/biopohikool\/63-millised-roomajate-suuremad-ruhmad\/"},"modified":"2024-04-04T08:56:55","modified_gmt":"2024-04-04T05:56:55","slug":"63-millised-roomajate-suuremad-ruhmad","status":"publish","type":"page","link":"https:\/\/sisu.ut.ee\/biopohikool\/63-millised-roomajate-suuremad-ruhmad\/","title":{"rendered":"6.3. Millised on roomajate suuremad r\u00fchmad?"},"content":{"rendered":"<p dir=\"ltr\">\n\tRoomajate hulka kuuluvad kilpkonnad, krokodillid, sisalikud ja maod.\n<\/p>\n<p dir=\"ltr\">\n\t\u00a0\n<\/p>\n<table class=\"table table-hover\" border=\"1\" cellpadding=\"5\" cellspacing=\"0\" style=\"width: 100%\">\n<thead>\n<tr>\n<th scope=\"col\">\n<p>\n\t\t\t\t\tKilpkonnad\n\t\t\t\t<\/p>\n<\/th>\n<th scope=\"col\">\n<p>\n\t\t\t\t\tKrokodillid\n\t\t\t\t<\/p>\n<\/th>\n<th scope=\"col\">\n<p>\n\t\t\t\t\tSisalikud\n\t\t\t\t<\/p>\n<\/th>\n<th scope=\"col\">\n<p>\n\t\t\t\t\tMaod\n\t\t\t\t<\/p>\n<\/th>\n<\/tr>\n<\/thead>\n<tbody>\n<tr>\n<td style=\"text-align: center\" valign=\"top\" width=\"146\">\n\t\t\t\t<img loading=\"lazy\" decoding=\"async\" width=\"303\" height=\"202\" class=\"alignnone wp-image-233\" style=\"width: 300px;height: 200px\" src=\"https:\/\/sisu.ut.ee\/wp-content\/uploads\/sites\/648\/kilpkonn.jpg\" title=\"Joonis. Kilpkonn\" alt=\"Joonis. Kilpkonn\" srcset=\"https:\/\/sisu.ut.ee\/wp-content\/uploads\/sites\/648\/kilpkonn.jpg 303w, https:\/\/sisu.ut.ee\/wp-content\/uploads\/sites\/648\/kilpkonn-300x200.jpg 300w\" sizes=\"auto, (max-width: 303px) 100vw, 303px\">\n\t\t\t<\/td>\n<td style=\"text-align: center\" valign=\"top\" width=\"132\">\n\t\t\t\t<img loading=\"lazy\" decoding=\"async\" width=\"227\" height=\"206\" class=\"alignnone wp-image-234\" style=\"width: 220px;height: 200px\" src=\"https:\/\/sisu.ut.ee\/wp-content\/uploads\/sites\/648\/krokodill.jpg\" title=\"Joonis. Krokodill\" alt=\"Joonis. Krokodill\">\n\t\t\t<\/td>\n<td style=\"text-align: center\" valign=\"top\" width=\"133\">\n\t\t\t\t<img loading=\"lazy\" decoding=\"async\" width=\"235\" height=\"176\" class=\"alignnone wp-image-235\" style=\"width: 267px;height: 200px\" src=\"https:\/\/sisu.ut.ee\/wp-content\/uploads\/sites\/648\/sisalik.png\" title=\"Joonis. Sisalik\" alt=\"Joonis. Sisalik\">\n\t\t\t<\/td>\n<td style=\"text-align: center\" valign=\"top\" width=\"132\">\n\t\t\t\t<img loading=\"lazy\" decoding=\"async\" width=\"259\" height=\"195\" class=\"alignnone wp-image-236\" style=\"width: 266px;height: 200px\" src=\"https:\/\/sisu.ut.ee\/wp-content\/uploads\/sites\/648\/madu.jpg\" title=\"Joonis. Madu\" alt=\"Joonis. Madu\">\n\t\t\t<\/td>\n<\/tr>\n<tr>\n<td valign=\"top\" width=\"146\">\n<p>\n\t\t\t\t\tKilpkonnadel on selgroog kokku kasvanud luulise kilbiga.\n\t\t\t\t<\/p>\n<\/td>\n<td valign=\"top\" width=\"132\">\n<p>\n\t\t\t\t\tKrokodillid sarnanevad v\u00e4liselt sisalikega, kuid on palju suuremad. Enamiku ajast veedavad vees.\n\t\t\t\t<\/p>\n<\/td>\n<td valign=\"top\" width=\"133\">\n<p>\n\t\t\t\t\tSisalikel esineb\u00a0<strong>regeneratsioon \u2013 v\u00f5ime taastada h\u00e4vinud kehaosa.\u00a0<\/strong>Sisalikel kasvab kaotatud saba asemele uus.\n\t\t\t\t<\/p>\n<\/td>\n<td valign=\"top\" width=\"132\">\n<p>\n\t\t\t\t\tMaod vahetavad nahka ja neil puuduvad j\u00e4semed.\n\t\t\t\t<\/p>\n<\/td>\n<\/tr>\n<\/tbody>\n<\/table>\n<h4>\n\tVaata videot<br>\n<\/h4>\n<p>\n\tRoomajad \u2013 Hoia mida armastad!\n<\/p>\n<p>\n\t<\/p><div class=\"ratio ratio-16x9 mb-3\"><div class=\"video-placeholder-wrapper video-placeholder-wrapper--16x9\">\n\t\t\t    <div class=\"video-placeholder d-flex justify-content-center align-items-center\">\n\t\t\t        <div class=\"overlay text-white p-2 w-100 text-center d-block justify-content-center align-items-center\">\n\t\t\t            <div>Kolmandate osapoolte sisu n\u00e4gemiseks palun n\u00f5ustu k\u00fcpsistega.<\/div>\n\t\t\t            <button class=\"btn btn-secondary btn-sm mt-1 consent-change\">Muuda n\u00f5usolekut<\/button>\n\t\t\t        <\/div>\n\t\t\t    <\/div>\n\t\t\t<\/div>\n<\/div>\n","protected":false},"excerpt":{"rendered":"<p>Roomajate hulka kuuluvad kilpkonnad, krokodillid, sisalikud ja maod. \u00a0 Kilpkonnad Krokodillid Sisalikud Maod Kilpkonnadel on selgroog kokku kasvanud luulise kilbiga. Krokodillid sarnanevad v\u00e4liselt sisalikega, kuid on palju suuremad. Enamiku ajast veedavad vees. Sisalikel esineb\u00a0regeneratsioon \u2013 v\u00f5ime taastada h\u00e4vinud kehaosa.\u00a0Sisalikel kasvab &#8230;<\/p>\n","protected":false},"author":345,"featured_media":0,"parent":0,"menu_order":0,"comment_status":"closed","ping_status":"closed","template":"","meta":{"_acf_changed":false,"inline_featured_image":false,"footnotes":""},"class_list":["post-79","page","type-page","status-publish","hentry"],"acf":[],"_links":{"self":[{"href":"https:\/\/sisu.ut.ee\/biopohikool\/wp-json\/wp\/v2\/pages\/79","targetHints":{"allow":["GET"]}}],"collection":[{"href":"https:\/\/sisu.ut.ee\/biopohikool\/wp-json\/wp\/v2\/pages"}],"about":[{"href":"https:\/\/sisu.ut.ee\/biopohikool\/wp-json\/wp\/v2\/types\/page"}],"author":[{"embeddable":true,"href":"https:\/\/sisu.ut.ee\/biopohikool\/wp-json\/wp\/v2\/users\/345"}],"replies":[{"embeddable":true,"href":"https:\/\/sisu.ut.ee\/biopohikool\/wp-json\/wp\/v2\/comments?post=79"}],"version-history":[{"count":1,"href":"https:\/\/sisu.ut.ee\/biopohikool\/wp-json\/wp\/v2\/pages\/79\/revisions"}],"predecessor-version":[{"id":561,"href":"https:\/\/sisu.ut.ee\/biopohikool\/wp-json\/wp\/v2\/pages\/79\/revisions\/561"}],"wp:attachment":[{"href":"https:\/\/sisu.ut.ee\/biopohikool\/wp-json\/wp\/v2\/media?parent=79"}],"curies":[{"name":"wp","href":"https:\/\/api.w.org\/{rel}","templated":true}]}}