{"id":66,"date":"2024-04-04T08:54:56","date_gmt":"2024-04-04T05:54:56","guid":{"rendered":"https:\/\/sisu.ut.ee\/biopohikool\/9-kuidas-selgrootud-hingavad\/"},"modified":"2024-04-04T08:56:55","modified_gmt":"2024-04-04T05:56:55","slug":"9-kuidas-selgrootud-hingavad","status":"publish","type":"page","link":"https:\/\/sisu.ut.ee\/biopohikool\/9-kuidas-selgrootud-hingavad\/","title":{"rendered":"9. KUIDAS SELGROOTUD HINGAVAD?"},"content":{"rendered":"<p>\n\tSelgrootutel loomadel on v\u00e4ga erinevad hingamiselundid.\n<\/p>\n<table class=\"table table-hover\" border=\"1\" cellpadding=\"5\" cellspacing=\"0\" width=\"0\">\n<thead>\n<tr>\n<th scope=\"col\">\n<p>\n\t\t\t\t\t<strong>Kehapinnaga<\/strong>\n\t\t\t\t<\/p>\n<\/th>\n<th scope=\"col\">\n<p>\n\t\t\t\t\t<strong>Kopsudega<\/strong>\n\t\t\t\t<\/p>\n<\/th>\n<th scope=\"col\">\n<p>\n\t\t\t\t\t<strong>Trahheedega<\/strong>\n\t\t\t\t<\/p>\n<\/th>\n<th scope=\"col\">\n<p>\n\t\t\t\t\t<strong>\u00a0L\u00f5pustega<\/strong>\n\t\t\t\t<\/p>\n<\/th>\n<\/tr>\n<\/thead>\n<tbody>\n<tr>\n<td valign=\"top\" width=\"153\">\n<p>\n\t\t\t\t\tvihmauss\n\t\t\t\t<\/p>\n<\/td>\n<td valign=\"top\" width=\"153\">\n<p>\n\t\t\t\t\tskorpion\n\t\t\t\t<\/p>\n<\/td>\n<td valign=\"top\" width=\"153\">\n<p>\n\t\t\t\t\tmaip\u00f5rnikas\n\t\t\t\t<\/p>\n<\/td>\n<td valign=\"top\" width=\"153\">\n<p>\n\t\t\t\t\tkrabi\n\t\t\t\t<\/p>\n<\/td>\n<\/tr>\n<\/tbody>\n<\/table>\n<p>Selgrootud hingavad s\u00f5ltuvalt sellest, kus nad elavad,\u00a0 kas \u00f5huhapnikku v\u00f5i vees lahustunud hapnikku.<br>\u00a0<\/p>\n<table class=\"table table-hover\" border=\"1\" cellpadding=\"5\" cellspacing=\"0\" width=\"0\">\n<thead>\n<tr>\n<th scope=\"col\">\n<p>\n\t\t\t\t\t<strong>\u00d5huhapnikku<\/strong>\n\t\t\t\t<\/p>\n<\/th>\n<th scope=\"col\">\n<p>\n\t\t\t\t\t<strong>Vees lahustunud hapnikku<\/strong>\n\t\t\t\t<\/p>\n<\/th>\n<\/tr>\n<\/thead>\n<tbody>\n<tr>\n<td valign=\"top\" width=\"306\">\n<ul>\n<li>\n\t\t\t\t\t\tujuri valmik\n\t\t\t\t\t<\/li>\n<li>\n\t\t\t\t\t\tmudatigu\n\t\t\t\t\t<\/li>\n<li>\n\t\t\t\t\t\thallas\u00e4\u00e4se vastne\n\t\t\t\t\t<\/li>\n<li>\n\t\t\t\t\t\tvesi\u00e4mblik\n\t\t\t\t\t<\/li>\n<\/ul>\n<\/td>\n<td valign=\"top\" width=\"306\">\n<ul>\n<li>\n\t\t\t\t\t\t\u00fchep\u00e4eviku vastne\n\t\t\t\t\t<\/li>\n<li>\n\t\t\t\t\t\tsurus\u00e4\u00e4sevastne\n\t\t\t\t\t<\/li>\n<li>\n\t\t\t\t\t\tj\u00e4rvekarp\n\t\t\t\t\t<\/li>\n<li>\n\t\t\t\t\t\tj\u00f5ev\u00e4hk\n\t\t\t\t\t<\/li>\n<\/ul>\n<\/td>\n<\/tr>\n<\/tbody>\n<\/table>\n","protected":false},"excerpt":{"rendered":"<p>Selgrootutel loomadel on v\u00e4ga erinevad hingamiselundid. Kehapinnaga Kopsudega Trahheedega \u00a0L\u00f5pustega vihmauss skorpion maip\u00f5rnikas krabi Selgrootud hingavad s\u00f5ltuvalt sellest, kus nad elavad,\u00a0 kas \u00f5huhapnikku v\u00f5i vees lahustunud hapnikku.\u00a0 \u00d5huhapnikku Vees lahustunud hapnikku ujuri valmik mudatigu hallas\u00e4\u00e4se vastne vesi\u00e4mblik \u00fchep\u00e4eviku vastne surus\u00e4\u00e4sevastne &#8230;<\/p>\n","protected":false},"author":345,"featured_media":0,"parent":0,"menu_order":0,"comment_status":"closed","ping_status":"closed","template":"","meta":{"_acf_changed":false,"inline_featured_image":false,"footnotes":""},"class_list":["post-66","page","type-page","status-publish","hentry"],"acf":[],"_links":{"self":[{"href":"https:\/\/sisu.ut.ee\/biopohikool\/wp-json\/wp\/v2\/pages\/66","targetHints":{"allow":["GET"]}}],"collection":[{"href":"https:\/\/sisu.ut.ee\/biopohikool\/wp-json\/wp\/v2\/pages"}],"about":[{"href":"https:\/\/sisu.ut.ee\/biopohikool\/wp-json\/wp\/v2\/types\/page"}],"author":[{"embeddable":true,"href":"https:\/\/sisu.ut.ee\/biopohikool\/wp-json\/wp\/v2\/users\/345"}],"replies":[{"embeddable":true,"href":"https:\/\/sisu.ut.ee\/biopohikool\/wp-json\/wp\/v2\/comments?post=66"}],"version-history":[{"count":1,"href":"https:\/\/sisu.ut.ee\/biopohikool\/wp-json\/wp\/v2\/pages\/66\/revisions"}],"predecessor-version":[{"id":574,"href":"https:\/\/sisu.ut.ee\/biopohikool\/wp-json\/wp\/v2\/pages\/66\/revisions\/574"}],"wp:attachment":[{"href":"https:\/\/sisu.ut.ee\/biopohikool\/wp-json\/wp\/v2\/media?parent=66"}],"curies":[{"name":"wp","href":"https:\/\/api.w.org\/{rel}","templated":true}]}}