{"id":64,"date":"2024-04-04T08:54:56","date_gmt":"2024-04-04T05:54:56","guid":{"rendered":"https:\/\/sisu.ut.ee\/biopohikool\/73-mis-iseloomustab-putukaid\/"},"modified":"2024-04-04T08:56:55","modified_gmt":"2024-04-04T05:56:55","slug":"73-mis-iseloomustab-putukaid","status":"publish","type":"page","link":"https:\/\/sisu.ut.ee\/biopohikool\/73-mis-iseloomustab-putukaid\/","title":{"rendered":"7.3. Mis iseloomustab putukaid?"},"content":{"rendered":"<p>\n\t<strong id=\"yui_3_17_2_1_1697368004516_48\">Vaata videoid<\/strong>\n<\/p>\n<p>\n\tPUTUKAD \u2013 Hoia, mida armastad:\u00a0\n<\/p>\n<p>\n\t<\/p><div class=\"ratio ratio-16x9 mb-3\"><div class=\"video-placeholder-wrapper video-placeholder-wrapper--16x9\">\n\t\t\t    <div class=\"video-placeholder d-flex justify-content-center align-items-center\">\n\t\t\t        <div class=\"overlay text-white p-2 w-100 text-center d-block justify-content-center align-items-center\">\n\t\t\t            <div>Kolmandate osapoolte sisu n\u00e4gemiseks palun n\u00f5ustu k\u00fcpsistega.<\/div>\n\t\t\t            <button class=\"btn btn-secondary btn-sm mt-1 consent-change\">Muuda n\u00f5usolekut<\/button>\n\t\t\t        <\/div>\n\t\t\t    <\/div>\n\t\t\t<\/div>\n<\/div>\n\n<p>\n\tPutukate \u00fcldised tunnused, sh toitumine ja arengut\u00fc\u00fcbid (Kirke V\u00f6\u00f6rmann):\u00a0\n<\/p>\n<p>\n\t<\/p><div class=\"ratio ratio-16x9 mb-3\"><div class=\"video-placeholder-wrapper video-placeholder-wrapper--16x9\">\n\t\t\t    <div class=\"video-placeholder d-flex justify-content-center align-items-center\">\n\t\t\t        <div class=\"overlay text-white p-2 w-100 text-center d-block justify-content-center align-items-center\">\n\t\t\t            <div>Kolmandate osapoolte sisu n\u00e4gemiseks palun n\u00f5ustu k\u00fcpsistega.<\/div>\n\t\t\t            <button class=\"btn btn-secondary btn-sm mt-1 consent-change\">Muuda n\u00f5usolekut<\/button>\n\t\t\t        <\/div>\n\t\t\t    <\/div>\n\t\t\t<\/div>\n<\/div>\n\n<p>\n\t\u00a0\n<\/p>\n<p>\n\t<strong>Putukad<\/strong>\u00a0on k\u00f5ige arvukam loomar\u00fchm Maal. Putukad on oma v\u00e4limuselt v\u00e4ga erinevad. \u00a0Nende hulka kuuluvad n\u00e4iteks:\n<\/p>\n<p>\n\t\u00a0\n<\/p>\n<ul>\n<li>\n\t\tliblikad (v\u00e4rviliste soomustega kaetud tibadega);\n\t<\/li>\n<li>\n\t\tmardikad ( paksud eesmised kattetiivad ja alumised kilejad lennutiivad, nt maip\u00f5rnikas, lepatriinu jt);\n\t<\/li>\n<li>\n\t\tkiilid (nelja kileja tiiva ja saleda tagakehaga, nt tondihobu);\n\t<\/li>\n<li>\n\t\tkiletiivalised (nelja kileja tiivaga, tagakeha l\u00f5pus m\u00fcriastel v\u00f5i muneti . Siia hulka kuuluvad mesilased, herilased, sipelgad jt).\n\t<\/li>\n<\/ul>\n<p>\n\t<img loading=\"lazy\" decoding=\"async\" width=\"804\" height=\"600\" class=\"alignnone wp-image-224\" style=\"width: 600px;height: 448px\" src=\"https:\/\/sisu.ut.ee\/wp-content\/uploads\/sites\/648\/rohutirts.jpg\" title=\"Joonis. Rohutirts\" alt=\"Joonis. Rohutirts\" srcset=\"https:\/\/sisu.ut.ee\/wp-content\/uploads\/sites\/648\/rohutirts.jpg 804w, https:\/\/sisu.ut.ee\/wp-content\/uploads\/sites\/648\/rohutirts-300x224.jpg 300w, https:\/\/sisu.ut.ee\/wp-content\/uploads\/sites\/648\/rohutirts-768x573.jpg 768w\" sizes=\"auto, (max-width: 804px) 100vw, 804px\">\n<\/p>\n<p>\n\t<img loading=\"lazy\" decoding=\"async\" width=\"1315\" height=\"525\" class=\"alignnone wp-image-225\" style=\"width: 600px;height: 240px\" src=\"https:\/\/sisu.ut.ee\/wp-content\/uploads\/sites\/648\/rohutirts2.jpg\" title=\"Joonis. Rohutirtsu siseehutus\" alt=\"Joonis. Rohutirtsu siseehutus\" srcset=\"https:\/\/sisu.ut.ee\/wp-content\/uploads\/sites\/648\/rohutirts2.jpg 1315w, https:\/\/sisu.ut.ee\/wp-content\/uploads\/sites\/648\/rohutirts2-300x120.jpg 300w, https:\/\/sisu.ut.ee\/wp-content\/uploads\/sites\/648\/rohutirts2-1024x409.jpg 1024w, https:\/\/sisu.ut.ee\/wp-content\/uploads\/sites\/648\/rohutirts2-768x307.jpg 768w\" sizes=\"auto, (max-width: 1315px) 100vw, 1315px\">\n<\/p>\n<h4>\n\t6.3.1. Milline on putukate t\u00e4htsus?<br>\n<\/h4>\n<p>\n\t<strong>Vaata videot:\u00a0<\/strong>\u00dche Minuti Loeng: miks putukad on meile olulised (Liisa Puusepp):\u00a0\n<\/p>\n<p>\n\t<\/p><div class=\"ratio ratio-16x9 mb-3\"><div class=\"video-placeholder-wrapper video-placeholder-wrapper--16x9\">\n\t\t\t    <div class=\"video-placeholder d-flex justify-content-center align-items-center\">\n\t\t\t        <div class=\"overlay text-white p-2 w-100 text-center d-block justify-content-center align-items-center\">\n\t\t\t            <div>Kolmandate osapoolte sisu n\u00e4gemiseks palun n\u00f5ustu k\u00fcpsistega.<\/div>\n\t\t\t            <button class=\"btn btn-secondary btn-sm mt-1 consent-change\">Muuda n\u00f5usolekut<\/button>\n\t\t\t        <\/div>\n\t\t\t    <\/div>\n\t\t\t<\/div>\n<\/div>\n\n<p>\n\t\u00a0\n<\/p>\n<ul id=\"yui_3_17_2_1_1697368004516_53\">\n<li>\n\t\tPutukaid leidub k\u00f5ikjal ja neil on oluline osa looduse aineringes: osa neist toitub taimedest ja on taimekahjurid, osa on loomade parasiidid, osa lagundajad, toitudes taime- ja loomaj\u00e4\u00e4nustest.\n\t<\/li>\n<li>\n\t\tPaljud putukad tolmeldavad \u00f5isi (mesilased, kimalased, liblikad)\n\t<\/li>\n<li>\n\t\tLevitavad taimede seemneid (sipelgad sinilille seemneid)\n\t<\/li>\n<li>\n\t\tOsa putukaid h\u00e4vitab kahjurputukaid (lepatriinud lehet\u00e4isi)\n\t<\/li>\n<li>\n\t\tMitmed putukad levitavad haigusi\u00a0 (k\u00e4rbsed d\u00fcsenteeriat)\n\t<\/li>\n<li>\n\t\tInimkaaslejad rikuvad inimese toitu (jahuleedik jahu),\u00a0 riideid (riidekoi eelk\u00f5ige villaseid riideid)\n\t<\/li>\n<li>\n\t\tMesilastelt saab mett, siidiliblikalt siidi\n\t<\/li>\n<\/ul>\n<h4>\n\t6.3.2. Kuidas putukad arenevad?<br>\n<\/h4>\n<p>\n\t<strong>Vaata videot<\/strong>\u00a0t\u00e4ismoonde kohta:\u00a0How A Caterpillar Becomes A Butterfly\u00a0\u00a0\n<\/p>\n<p>\n\t<\/p><div class=\"ratio ratio-16x9 mb-3\"><div class=\"video-placeholder-wrapper video-placeholder-wrapper--16x9\">\n\t\t\t    <div class=\"video-placeholder d-flex justify-content-center align-items-center\">\n\t\t\t        <div class=\"overlay text-white p-2 w-100 text-center d-block justify-content-center align-items-center\">\n\t\t\t            <div>Kolmandate osapoolte sisu n\u00e4gemiseks palun n\u00f5ustu k\u00fcpsistega.<\/div>\n\t\t\t            <button class=\"btn btn-secondary btn-sm mt-1 consent-change\">Muuda n\u00f5usolekut<\/button>\n\t\t\t        <\/div>\n\t\t\t    <\/div>\n\t\t\t<\/div>\n<\/div>\n\n<p>\n\t\u00a0\n<\/p>\n<p>\n\tPutukad arenevad kas t\u00e4is- v\u00f5i vaegmoondega.\u00a0\n<\/p>\n<p>\n\t\u00a0\n<\/p>\n<ul>\n<li>\n\t\t<strong>T\u00e4ismoonde<\/strong>\u00a0puhul koosneb areng 4 etapist: muna \u2013 vastne- nukk -valmik.\u00a0 Vastne ja valmik toituvad erinevatest objektidest ja see v\u00e4hendab nendevahelist konkurentsi.\n\t<\/li>\n<li>\n\t\t<strong>Vaegmoonde<\/strong>\u00a0puhul nuku staadium puudub.\n\t<\/li>\n<\/ul>\n<p>\n\t<img loading=\"lazy\" decoding=\"async\" width=\"1640\" height=\"775\" class=\"alignnone wp-image-226\" style=\"width: 600px;height: 284px\" src=\"https:\/\/sisu.ut.ee\/wp-content\/uploads\/sites\/648\/putuka_areng.jpg\" title=\"Joonis. Putuka areng\" alt=\"Joonis. Putuka areng\" srcset=\"https:\/\/sisu.ut.ee\/wp-content\/uploads\/sites\/648\/putuka_areng.jpg 1640w, https:\/\/sisu.ut.ee\/wp-content\/uploads\/sites\/648\/putuka_areng-300x142.jpg 300w, https:\/\/sisu.ut.ee\/wp-content\/uploads\/sites\/648\/putuka_areng-1024x484.jpg 1024w, https:\/\/sisu.ut.ee\/wp-content\/uploads\/sites\/648\/putuka_areng-768x363.jpg 768w, https:\/\/sisu.ut.ee\/wp-content\/uploads\/sites\/648\/putuka_areng-1536x726.jpg 1536w\" sizes=\"auto, (max-width: 1640px) 100vw, 1640px\">\n<\/p>\n<p>\n\t\u00a0\n<\/p>\n<p>\n\t\u00a0\n<\/p>\n<p>\n\t\u00a0\n<\/p>\n<p>\n\t\u00a0<\/p>\n","protected":false},"excerpt":{"rendered":"<p>Vaata videoid PUTUKAD \u2013 Hoia, mida armastad:\u00a0 Kolmandate osapoolte sisu n\u00e4gemiseks palun n\u00f5ustu k\u00fcpsistega. Muuda n\u00f5usolekut Putukate \u00fcldised tunnused, sh toitumine ja arengut\u00fc\u00fcbid (Kirke V\u00f6\u00f6rmann):\u00a0 Kolmandate osapoolte sisu n\u00e4gemiseks palun n\u00f5ustu k\u00fcpsistega. Muuda n\u00f5usolekut \u00a0 Putukad\u00a0on k\u00f5ige arvukam loomar\u00fchm Maal. &#8230;<\/p>\n","protected":false},"author":345,"featured_media":0,"parent":0,"menu_order":0,"comment_status":"closed","ping_status":"closed","template":"","meta":{"_acf_changed":false,"inline_featured_image":false,"footnotes":""},"class_list":["post-64","page","type-page","status-publish","hentry"],"acf":[],"_links":{"self":[{"href":"https:\/\/sisu.ut.ee\/biopohikool\/wp-json\/wp\/v2\/pages\/64","targetHints":{"allow":["GET"]}}],"collection":[{"href":"https:\/\/sisu.ut.ee\/biopohikool\/wp-json\/wp\/v2\/pages"}],"about":[{"href":"https:\/\/sisu.ut.ee\/biopohikool\/wp-json\/wp\/v2\/types\/page"}],"author":[{"embeddable":true,"href":"https:\/\/sisu.ut.ee\/biopohikool\/wp-json\/wp\/v2\/users\/345"}],"replies":[{"embeddable":true,"href":"https:\/\/sisu.ut.ee\/biopohikool\/wp-json\/wp\/v2\/comments?post=64"}],"version-history":[{"count":1,"href":"https:\/\/sisu.ut.ee\/biopohikool\/wp-json\/wp\/v2\/pages\/64\/revisions"}],"predecessor-version":[{"id":576,"href":"https:\/\/sisu.ut.ee\/biopohikool\/wp-json\/wp\/v2\/pages\/64\/revisions\/576"}],"wp:attachment":[{"href":"https:\/\/sisu.ut.ee\/biopohikool\/wp-json\/wp\/v2\/media?parent=64"}],"curies":[{"name":"wp","href":"https:\/\/api.w.org\/{rel}","templated":true}]}}