{"id":57,"date":"2024-04-04T08:54:55","date_gmt":"2024-04-04T05:54:55","guid":{"rendered":"https:\/\/sisu.ut.ee\/biopohikool\/53-mis-iseloomustab-rongusse\/"},"modified":"2024-04-04T08:56:56","modified_gmt":"2024-04-04T05:56:56","slug":"53-mis-iseloomustab-rongusse","status":"publish","type":"page","link":"https:\/\/sisu.ut.ee\/biopohikool\/53-mis-iseloomustab-rongusse\/","title":{"rendered":"5.3. Mis iseloomustab r\u00f5ngusse?"},"content":{"rendered":"<p>\n\tKeha koosneb r\u00f5ngakujulistest\u00a0<strong>l\u00fclidest<\/strong>. Keha toeseks on\u00a0<strong>nahklihasm\u00f5ik<\/strong>, mis koosneb epiteelist ja kahest kihist lihastest selle all. Lihased v\u00f5imaldavad liikumist. Nahklihasm\u00f5ik talitleb ka meeleelundina. Nahk on limane ja niiske (vihmauss hingab naha kaudu). Keha\u00f5\u00f5nes\u00a0 paiknevad seede-, eritus-, sigimiselundid, veresooned ja n\u00e4rvis\u00fcsteem. Vereringe on suletud, st veri voolab kogu oma teel veresoontes. Pikisooned, mis kulgevad piki selgmist ja k\u00fclgmist poolt, on igas l\u00fclis \u00fchendatud ringsoontega. S\u00fcdant pole, vere panevad liikuma eesmised ringsooned. Liitsugulised loomad, otsene areng.\n<\/p>\n<table class=\"table table-hover\" border=\"1\" cellpadding=\"5\" cellspacing=\"0\" style=\"width: 100%\" width=\"610\">\n<thead>\n<tr>\n<th scope=\"col\">\n<p>\n\t\t\t\t\t<strong>V\u00e4heharjasussid<\/strong>\n\t\t\t\t<\/p>\n<p>\n\t\t\t\t\tN\u00e4iteks\u00a0<strong>vihmauss<\/strong>\n\t\t\t\t<\/p>\n<\/th>\n<th scope=\"col\">\n<p>\n\t\t\t\t\t<strong>Hulkharjasussid<\/strong>\n\t\t\t\t<\/p>\n<p>\n\t\t\t\t\tN\u00e4iteks\u00a0<strong>harjasliimukas<\/strong>\n\t\t\t\t<\/p>\n<\/th>\n<th scope=\"col\">\n<p>\n\t\t\t\t\t<strong>Kaanid<\/strong>\n\t\t\t\t<\/p>\n<p>\n\t\t\t\t\tN\u00e4iteks\u00a0<strong>apteegikaan<\/strong>\n\t\t\t\t<\/p>\n<\/th>\n<\/tr>\n<\/thead>\n<tbody>\n<tr>\n<td valign=\"top\" width=\"198\">\n<ul>\n<li>\n\t\t\t\t\t\tKeha koosneb \u00fchesuguse ehitusega p\u00f5hil\u00fclidest\n\t\t\t\t\t<\/li>\n<li>\n\t\t\t\t\t\tPea erineb v\u00e4he \u00fclej\u00e4\u00e4nud l\u00fclidest.\n\t\t\t\t\t<\/li>\n<li>\n\t\t\t\t\t\tIgal l\u00fclil 4 kimpu harjaseid.\n\t\t\t\t\t<\/li>\n<li>\n\t\t\t\t\t\tNahas palju liman\u00e4\u00e4rmeid\n\t\t\t\t\t<\/li>\n<li>\n\t\t\t\t\t\tHingavad naha kaudu.\n\t\t\t\t\t<\/li>\n<li>\n\t\t\t\t\t\tTunderakud \u00fcle kehapinna, eriti keha eesosas.\n\t\t\t\t\t<\/li>\n<li>\n\t\t\t\t\t\tTajuvad valgust, keemilisi aineid, eriti h\u00e4sti on arenenud kompimismeel.\n\t\t\t\t\t<\/li>\n<li>\n\t\t\t\t\t\tKinnine vereringe.\n\t\t\t\t\t<\/li>\n<li>\n\t\t\t\t\t\tElavad mullas v\u00f5i magevetes\n\t\t\t\t\t<\/li>\n<\/ul>\n<\/td>\n<td valign=\"top\" width=\"206\">\n<ul>\n<li>\n\t\t\t\t\t\tPea on selgelt eristunud ja varustatud meeleelunditega. Valguse tajumiseks on neil silmad.\n\t\t\t\t\t<\/li>\n<li>\n\t\t\t\t\t\tIgal l\u00fclil paar labajaid j\u00e4tkeid harjaste kimpudega.\n\t\t\t\t\t<\/li>\n<li>\n\t\t\t\t\t\tHingavad l\u00f5pustega\n\t\t\t\t\t<\/li>\n<li>\n\t\t\t\t\t\tToitu haaravad tugevate l\u00f5ugadega\n\t\t\t\t\t<\/li>\n<li>\n\t\t\t\t\t\tElavad meredes.\n\t\t\t\t\t<\/li>\n<\/ul>\n<\/td>\n<td valign=\"top\" width=\"206\">\n<ul>\n<li>\n\t\t\t\t\t\tLapiku kehaga\n\t\t\t\t\t<\/li>\n<li>\n\t\t\t\t\t\tKeha ees- ja tagaosas iminapad.\n\t\t\t\t\t<\/li>\n<li>\n\t\t\t\t\t\tT\u00e4ppsilmad.\n\t\t\t\t\t<\/li>\n<li>\n\t\t\t\t\t\tOsa kaane elab ka vihmametsas.\n\t\t\t\t\t<\/li>\n<li>\n\t\t\t\t\t\tOsa toitub teiste loomade verest.\n\t\t\t\t\t<\/li>\n<\/ul>\n<\/td>\n<\/tr>\n<\/tbody>\n<\/table>\n<p>\n\t<img loading=\"lazy\" decoding=\"async\" width=\"747\" height=\"380\" class=\"alignnone wp-image-216\" style=\"width: 600px;height: 305px\" src=\"https:\/\/sisu.ut.ee\/wp-content\/uploads\/sites\/648\/vihmaussi_ehitus.png\" title=\"Joonis. Vihmaussi ehitus\" alt=\"Joonis. Vihmaussi ehitus\" srcset=\"https:\/\/sisu.ut.ee\/wp-content\/uploads\/sites\/648\/vihmaussi_ehitus.png 747w, https:\/\/sisu.ut.ee\/wp-content\/uploads\/sites\/648\/vihmaussi_ehitus-300x153.png 300w\" sizes=\"auto, (max-width: 747px) 100vw, 747px\">\n<\/p>\n<h4>\n\tLisalugemine<br>\n<\/h4>\n<p>\n\tSelgrootute meeled\u00a0<a href=\"https:\/\/www.taskutark.ee\/selgrootute-meeled\/\">https:\/\/www.taskutark.ee\/selgrootute-meeled\/<\/a>\n<\/p>\n<h4>\n\tVaata videot<br>\n<\/h4>\n<p>\n\tKaanid (videosari Looduskaitse 100):\n<\/p>\n<p>\n\t<\/p><div class=\"ratio ratio-16x9 mb-3\"><div class=\"video-placeholder-wrapper video-placeholder-wrapper--16x9\">\n\t\t\t    <div class=\"video-placeholder d-flex justify-content-center align-items-center\">\n\t\t\t        <div class=\"overlay text-white p-2 w-100 text-center d-block justify-content-center align-items-center\">\n\t\t\t            <div>Kolmandate osapoolte sisu n\u00e4gemiseks palun n\u00f5ustu k\u00fcpsistega.<\/div>\n\t\t\t            <button class=\"btn btn-secondary btn-sm mt-1 consent-change\">Muuda n\u00f5usolekut<\/button>\n\t\t\t        <\/div>\n\t\t\t    <\/div>\n\t\t\t<\/div>\n<\/div>\n","protected":false},"excerpt":{"rendered":"<p>Keha koosneb r\u00f5ngakujulistest\u00a0l\u00fclidest. Keha toeseks on\u00a0nahklihasm\u00f5ik, mis koosneb epiteelist ja kahest kihist lihastest selle all. Lihased v\u00f5imaldavad liikumist. Nahklihasm\u00f5ik talitleb ka meeleelundina. Nahk on limane ja niiske (vihmauss hingab naha kaudu). Keha\u00f5\u00f5nes\u00a0 paiknevad seede-, eritus-, sigimiselundid, veresooned ja n\u00e4rvis\u00fcsteem. Vereringe &#8230;<\/p>\n","protected":false},"author":345,"featured_media":0,"parent":0,"menu_order":0,"comment_status":"closed","ping_status":"closed","template":"","meta":{"_acf_changed":false,"inline_featured_image":false,"footnotes":""},"class_list":["post-57","page","type-page","status-publish","hentry"],"acf":[],"_links":{"self":[{"href":"https:\/\/sisu.ut.ee\/biopohikool\/wp-json\/wp\/v2\/pages\/57","targetHints":{"allow":["GET"]}}],"collection":[{"href":"https:\/\/sisu.ut.ee\/biopohikool\/wp-json\/wp\/v2\/pages"}],"about":[{"href":"https:\/\/sisu.ut.ee\/biopohikool\/wp-json\/wp\/v2\/types\/page"}],"author":[{"embeddable":true,"href":"https:\/\/sisu.ut.ee\/biopohikool\/wp-json\/wp\/v2\/users\/345"}],"replies":[{"embeddable":true,"href":"https:\/\/sisu.ut.ee\/biopohikool\/wp-json\/wp\/v2\/comments?post=57"}],"version-history":[{"count":1,"href":"https:\/\/sisu.ut.ee\/biopohikool\/wp-json\/wp\/v2\/pages\/57\/revisions"}],"predecessor-version":[{"id":583,"href":"https:\/\/sisu.ut.ee\/biopohikool\/wp-json\/wp\/v2\/pages\/57\/revisions\/583"}],"wp:attachment":[{"href":"https:\/\/sisu.ut.ee\/biopohikool\/wp-json\/wp\/v2\/media?parent=57"}],"curies":[{"name":"wp","href":"https:\/\/api.w.org\/{rel}","templated":true}]}}