{"id":45,"date":"2024-04-04T08:54:54","date_gmt":"2024-04-04T05:54:54","guid":{"rendered":"https:\/\/sisu.ut.ee\/biopohikool\/34-miks-algloomad-tahtsad\/"},"modified":"2024-04-04T08:56:56","modified_gmt":"2024-04-04T05:56:56","slug":"34-miks-algloomad-tahtsad","status":"publish","type":"page","link":"https:\/\/sisu.ut.ee\/biopohikool\/34-miks-algloomad-tahtsad\/","title":{"rendered":"3.4. Miks on algloomad t\u00e4htsad?"},"content":{"rendered":"<ul id=\"yui_3_17_2_1_1697364680627_47\">\n<li>\n\t\tOsa algloomi on moodustanud pikema aja jooksul settekivimeid \u2013 n\u00e4iteks lubjakivi.\n\t<\/li>\n<li>\n\t\tPaljud algloomad on parasiidid, p\u00f5hjustades loomadel haigusi.\n\t<\/li>\n<li>\n\t\tAlgloomad elavad s\u00fcmbioosis loomadega, aidates soolestikus toitu seedida.\n\t<\/li>\n<li>\n\t\tInimene kasutab algloomi biopuhastites.\n\t<\/li>\n<li>\n\t\tAlgloomade liigilise koostise ja arvukuse alusel saab hinnata vesikeskkonna seisundit.\n\t<\/li>\n<\/ul>\n","protected":false},"excerpt":{"rendered":"<p>Osa algloomi on moodustanud pikema aja jooksul settekivimeid \u2013 n\u00e4iteks lubjakivi. Paljud algloomad on parasiidid, p\u00f5hjustades loomadel haigusi. Algloomad elavad s\u00fcmbioosis loomadega, aidates soolestikus toitu seedida. Inimene kasutab algloomi biopuhastites. Algloomade liigilise koostise ja arvukuse alusel saab hinnata vesikeskkonna seisundit.<\/p>\n","protected":false},"author":345,"featured_media":0,"parent":0,"menu_order":0,"comment_status":"closed","ping_status":"closed","template":"","meta":{"_acf_changed":false,"inline_featured_image":false,"footnotes":""},"class_list":["post-45","page","type-page","status-publish","hentry"],"acf":[],"_links":{"self":[{"href":"https:\/\/sisu.ut.ee\/biopohikool\/wp-json\/wp\/v2\/pages\/45","targetHints":{"allow":["GET"]}}],"collection":[{"href":"https:\/\/sisu.ut.ee\/biopohikool\/wp-json\/wp\/v2\/pages"}],"about":[{"href":"https:\/\/sisu.ut.ee\/biopohikool\/wp-json\/wp\/v2\/types\/page"}],"author":[{"embeddable":true,"href":"https:\/\/sisu.ut.ee\/biopohikool\/wp-json\/wp\/v2\/users\/345"}],"replies":[{"embeddable":true,"href":"https:\/\/sisu.ut.ee\/biopohikool\/wp-json\/wp\/v2\/comments?post=45"}],"version-history":[{"count":1,"href":"https:\/\/sisu.ut.ee\/biopohikool\/wp-json\/wp\/v2\/pages\/45\/revisions"}],"predecessor-version":[{"id":595,"href":"https:\/\/sisu.ut.ee\/biopohikool\/wp-json\/wp\/v2\/pages\/45\/revisions\/595"}],"wp:attachment":[{"href":"https:\/\/sisu.ut.ee\/biopohikool\/wp-json\/wp\/v2\/media?parent=45"}],"curies":[{"name":"wp","href":"https:\/\/api.w.org\/{rel}","templated":true}]}}