{"id":36,"date":"2024-04-04T08:54:52","date_gmt":"2024-04-04T05:54:52","guid":{"rendered":"https:\/\/sisu.ut.ee\/biopohikool\/25-millised-haigused-pohjustatud-bakterite-poolt\/"},"modified":"2024-04-04T08:56:57","modified_gmt":"2024-04-04T05:56:57","slug":"25-millised-haigused-pohjustatud-bakterite-poolt","status":"publish","type":"page","link":"https:\/\/sisu.ut.ee\/biopohikool\/25-millised-haigused-pohjustatud-bakterite-poolt\/","title":{"rendered":"2.5. Millised haigused on p\u00f5hjustatud bakterite poolt?"},"content":{"rendered":"<table class=\"table table-hover\" border=\"1\" cellpadding=\"5\" cellspacing=\"0\" id=\"yui_3_17_2_1_1697363127717_52\">\n<thead>\n<tr>\n<th scope=\"col\">\n<p>\n\t\t\t\t\t\tHaigus\n\t\t\t\t\t<\/p>\n<\/th>\n<th scope=\"col\">\n<p>\n\t\t\t\t\t\tPeamine levimisviis\n\t\t\t\t\t<\/p>\n<\/th>\n<th scope=\"col\">\n<p>\n\t\t\t\t\t\tPeamine kahjustuspiirkond\n\t\t\t\t\t<\/p>\n<\/th>\n<\/tr>\n<\/thead>\n<tbody id=\"yui_3_17_2_1_1697363127717_51\">\n<tr>\n<td valign=\"top\" width=\"106\">\n<p>\n\t\t\t\t\t\tTuberkuloos\n\t\t\t\t\t<\/p>\n<\/td>\n<td valign=\"top\" width=\"169\">\n<p>\n\t\t\t\t\t\t\u00d5hkpiisknakkus\n\t\t\t\t\t<\/p>\n<\/td>\n<td valign=\"top\" width=\"149\">\n<p>\n\t\t\t\t\t\tKopsud\n\t\t\t\t\t<\/p>\n<\/td>\n<\/tr>\n<tr>\n<td valign=\"top\" width=\"106\">\n<p>\n\t\t\t\t\t\tDifteeria\n\t\t\t\t\t<\/p>\n<\/td>\n<td valign=\"top\" width=\"169\">\n<p>\n\t\t\t\t\t\t\u00d5hkpiisknakkus\n\t\t\t\t\t<\/p>\n<\/td>\n<td valign=\"top\" width=\"149\">\n<p>\n\t\t\t\t\t\tKurk\n\t\t\t\t\t<\/p>\n<\/td>\n<\/tr>\n<tr>\n<td valign=\"top\" width=\"106\">\n<p>\n\t\t\t\t\t\tKatk\n\t\t\t\t\t<\/p>\n<\/td>\n<td valign=\"top\" width=\"169\">\n<p>\n\t\t\t\t\t\tN\u00e4rilistelt inimesele putukahammustuste kaudu\n\t\t\t\t\t<\/p>\n<\/td>\n<td valign=\"top\" width=\"149\">\n<p>\n\t\t\t\t\t\tL\u00fcmfis\u00f5lmed, kopsud\n\t\t\t\t\t<\/p>\n<\/td>\n<\/tr>\n<tr id=\"yui_3_17_2_1_1697363127717_50\">\n<td valign=\"top\" width=\"106\">\n<p>\n\t\t\t\t\t\tD\u00fcsenteeria ja koolera\n\t\t\t\t\t<\/p>\n<\/td>\n<td id=\"yui_3_17_2_1_1697363127717_49\" valign=\"top\" width=\"169\">\n<p id=\"yui_3_17_2_1_1697363127717_48\">\n\t\t\t\t\t\tLevib v\u00e4ljaheidetega, saastunud k\u00e4te, vee ja toidu kaudu\n\t\t\t\t\t<\/p>\n<\/td>\n<td valign=\"top\" width=\"149\">\n<p>\n\t\t\t\t\t\tPeensool\n\t\t\t\t\t<\/p>\n<\/td>\n<\/tr>\n<tr>\n<td valign=\"top\" width=\"106\">\n<p>\n\t\t\t\t\t\tBotulism\n\t\t\t\t\t<\/p>\n<\/td>\n<td valign=\"top\" width=\"169\">\n<p>\n\t\t\t\t\t\tSaastunud konservide kaudu\n\t\t\t\t\t<\/p>\n<\/td>\n<td valign=\"top\" width=\"149\">\n<p>\n\t\t\t\t\t\tN\u00e4rvis\u00fcsteem\n\t\t\t\t\t<\/p>\n<\/td>\n<\/tr>\n<tr>\n<td valign=\"top\" width=\"106\">\n<p>\n\t\t\t\t\t\tTeetanus\n\t\t\t\t\t<\/p>\n<\/td>\n<td valign=\"top\" width=\"169\">\n<p>\n\t\t\t\t\t\tS\u00fcgavate haavade saastumisel mullaga\n\t\t\t\t\t<\/p>\n<\/td>\n<td valign=\"top\" width=\"149\">\n<p>\n\t\t\t\t\t\tN\u00e4rvis\u00fcsteem\n\t\t\t\t\t<\/p>\n<\/td>\n<\/tr>\n<tr>\n<td valign=\"top\" width=\"106\">\n<p>\n\t\t\t\t\t\tS\u00fc\u00fcfilis ja gonorr\u00f6a\n\t\t\t\t\t<\/p>\n<\/td>\n<td valign=\"top\" width=\"169\">\n<p>\n\t\t\t\t\t\tSugulisel teel\n\t\t\t\t\t<\/p>\n<\/td>\n<td valign=\"top\" width=\"149\">\n<p>\n\t\t\t\t\t\tSuguelundid\n\t\t\t\t\t<\/p>\n<\/td>\n<\/tr>\n<tr>\n<td valign=\"top\" width=\"106\">\n<p>\n\t\t\t\t\t\tPuukborrelioos\n\t\t\t\t\t<\/p>\n<\/td>\n<td valign=\"top\" width=\"169\">\n<p>\n\t\t\t\t\t\tPuugihammustuste kaudu\n\t\t\t\t\t<\/p>\n<\/td>\n<td valign=\"top\" width=\"149\">\n<p>\n\t\t\t\t\t\tNahk, n\u00e4rvis\u00fcsteem\n\t\t\t\t\t<\/p>\n<\/td>\n<\/tr>\n<tr>\n<td valign=\"top\" width=\"106\">\n<p>\n\t\t\t\t\t\tSalmonelloos\n\t\t\t\t\t<\/p>\n<\/td>\n<td valign=\"top\" width=\"169\">\n<p>\n\t\t\t\t\t\tKanamunad ja -liha\n\t\t\t\t\t<\/p>\n<\/td>\n<td valign=\"top\" width=\"149\">\n<p>\n\t\t\t\t\t\tMitmete elundite kahjustused, peensool\n\t\t\t\t\t<\/p>\n<\/td>\n<\/tr>\n<\/tbody>\n<\/table>\n<p>\n\t\u00a0\n<\/p>\n<p>\n\t<img loading=\"lazy\" decoding=\"async\" width=\"900\" height=\"900\" class=\"alignnone wp-image-191\" src=\"https:\/\/sisu.ut.ee\/wp-content\/uploads\/sites\/648\/bakterid.png\" title=\"Joonis 8. Erinevad bakterid on ka oma kujult erinevad\" alt=\"Joonis 8. Erinevad bakterid on ka oma kujult erinevad\" srcset=\"https:\/\/sisu.ut.ee\/wp-content\/uploads\/sites\/648\/bakterid.png 900w, https:\/\/sisu.ut.ee\/wp-content\/uploads\/sites\/648\/bakterid-300x300.png 300w, https:\/\/sisu.ut.ee\/wp-content\/uploads\/sites\/648\/bakterid-150x150.png 150w, https:\/\/sisu.ut.ee\/wp-content\/uploads\/sites\/648\/bakterid-768x768.png 768w\" sizes=\"auto, (max-width: 900px) 100vw, 900px\">\n<\/p>\n<div id=\"gtx-trans\" style=\"position: absolute;left: -11px;top: 851px\">\n<div class=\"gtx-trans-icon\">\n\t\t\u00a0\n\t<\/div>\n<\/div>\n","protected":false},"excerpt":{"rendered":"<p>Haigus Peamine levimisviis Peamine kahjustuspiirkond Tuberkuloos \u00d5hkpiisknakkus Kopsud Difteeria \u00d5hkpiisknakkus Kurk Katk N\u00e4rilistelt inimesele putukahammustuste kaudu L\u00fcmfis\u00f5lmed, kopsud D\u00fcsenteeria ja koolera Levib v\u00e4ljaheidetega, saastunud k\u00e4te, vee ja toidu kaudu Peensool Botulism Saastunud konservide kaudu N\u00e4rvis\u00fcsteem Teetanus S\u00fcgavate haavade saastumisel mullaga &#8230;<\/p>\n","protected":false},"author":345,"featured_media":0,"parent":0,"menu_order":0,"comment_status":"closed","ping_status":"closed","template":"","meta":{"_acf_changed":false,"inline_featured_image":false,"footnotes":""},"class_list":["post-36","page","type-page","status-publish","hentry"],"acf":[],"_links":{"self":[{"href":"https:\/\/sisu.ut.ee\/biopohikool\/wp-json\/wp\/v2\/pages\/36","targetHints":{"allow":["GET"]}}],"collection":[{"href":"https:\/\/sisu.ut.ee\/biopohikool\/wp-json\/wp\/v2\/pages"}],"about":[{"href":"https:\/\/sisu.ut.ee\/biopohikool\/wp-json\/wp\/v2\/types\/page"}],"author":[{"embeddable":true,"href":"https:\/\/sisu.ut.ee\/biopohikool\/wp-json\/wp\/v2\/users\/345"}],"replies":[{"embeddable":true,"href":"https:\/\/sisu.ut.ee\/biopohikool\/wp-json\/wp\/v2\/comments?post=36"}],"version-history":[{"count":1,"href":"https:\/\/sisu.ut.ee\/biopohikool\/wp-json\/wp\/v2\/pages\/36\/revisions"}],"predecessor-version":[{"id":604,"href":"https:\/\/sisu.ut.ee\/biopohikool\/wp-json\/wp\/v2\/pages\/36\/revisions\/604"}],"wp:attachment":[{"href":"https:\/\/sisu.ut.ee\/biopohikool\/wp-json\/wp\/v2\/media?parent=36"}],"curies":[{"name":"wp","href":"https:\/\/api.w.org\/{rel}","templated":true}]}}