{"id":27,"date":"2024-04-04T08:54:51","date_gmt":"2024-04-04T05:54:51","guid":{"rendered":"https:\/\/sisu.ut.ee\/biopohikool\/12-milline-viiruste-ehitus\/"},"modified":"2024-04-04T08:56:57","modified_gmt":"2024-04-04T05:56:57","slug":"12-milline-viiruste-ehitus","status":"publish","type":"page","link":"https:\/\/sisu.ut.ee\/biopohikool\/12-milline-viiruste-ehitus\/","title":{"rendered":"1.2. Milline on viiruste ehitus?"},"content":{"rendered":"<p>\n\tViirused v\u00f5ivad v\u00e4liskujult olla erinevad, kuid p\u00f5hiehitus on neil \u00fchesugune. Viirust katab \u00fcmbris, mille all on valguline kate, mis kaitseb viiruse p\u00e4rilikkuse ainet (milleks v\u00f5ib olla DNA v\u00f5i RNA). Seega puudub viirustel rakuline ehitus, mis on elu tunnuseks.\n<\/p>\n<p>\n\t<img loading=\"lazy\" decoding=\"async\" width=\"1999\" height=\"1333\" class=\"alignnone wp-image-185\" style=\"width: 600px;height: 400px\" src=\"https:\/\/sisu.ut.ee\/wp-content\/uploads\/sites\/648\/viiruse_ehitus.png\" title=\"Joonis 2. Viiruse ehitus\" alt=\"Joonis 2. Viiruse ehitus\" srcset=\"https:\/\/sisu.ut.ee\/wp-content\/uploads\/sites\/648\/viiruse_ehitus.png 1999w, https:\/\/sisu.ut.ee\/wp-content\/uploads\/sites\/648\/viiruse_ehitus-300x200.png 300w, https:\/\/sisu.ut.ee\/wp-content\/uploads\/sites\/648\/viiruse_ehitus-1024x683.png 1024w, https:\/\/sisu.ut.ee\/wp-content\/uploads\/sites\/648\/viiruse_ehitus-768x512.png 768w, https:\/\/sisu.ut.ee\/wp-content\/uploads\/sites\/648\/viiruse_ehitus-1536x1024.png 1536w, https:\/\/sisu.ut.ee\/wp-content\/uploads\/sites\/648\/viiruse_ehitus-1920x1280.png 1920w\" sizes=\"auto, (max-width: 1999px) 100vw, 1999px\"><\/p>\n","protected":false},"excerpt":{"rendered":"<p>Viirused v\u00f5ivad v\u00e4liskujult olla erinevad, kuid p\u00f5hiehitus on neil \u00fchesugune. Viirust katab \u00fcmbris, mille all on valguline kate, mis kaitseb viiruse p\u00e4rilikkuse ainet (milleks v\u00f5ib olla DNA v\u00f5i RNA). Seega puudub viirustel rakuline ehitus, mis on elu tunnuseks.<\/p>\n","protected":false},"author":345,"featured_media":0,"parent":0,"menu_order":0,"comment_status":"closed","ping_status":"closed","template":"","meta":{"_acf_changed":false,"inline_featured_image":false,"footnotes":""},"class_list":["post-27","page","type-page","status-publish","hentry"],"acf":[],"_links":{"self":[{"href":"https:\/\/sisu.ut.ee\/biopohikool\/wp-json\/wp\/v2\/pages\/27","targetHints":{"allow":["GET"]}}],"collection":[{"href":"https:\/\/sisu.ut.ee\/biopohikool\/wp-json\/wp\/v2\/pages"}],"about":[{"href":"https:\/\/sisu.ut.ee\/biopohikool\/wp-json\/wp\/v2\/types\/page"}],"author":[{"embeddable":true,"href":"https:\/\/sisu.ut.ee\/biopohikool\/wp-json\/wp\/v2\/users\/345"}],"replies":[{"embeddable":true,"href":"https:\/\/sisu.ut.ee\/biopohikool\/wp-json\/wp\/v2\/comments?post=27"}],"version-history":[{"count":1,"href":"https:\/\/sisu.ut.ee\/biopohikool\/wp-json\/wp\/v2\/pages\/27\/revisions"}],"predecessor-version":[{"id":613,"href":"https:\/\/sisu.ut.ee\/biopohikool\/wp-json\/wp\/v2\/pages\/27\/revisions\/613"}],"wp:attachment":[{"href":"https:\/\/sisu.ut.ee\/biopohikool\/wp-json\/wp\/v2\/media?parent=27"}],"curies":[{"name":"wp","href":"https:\/\/api.w.org\/{rel}","templated":true}]}}