{"id":143,"date":"2024-04-04T08:55:05","date_gmt":"2024-04-04T05:55:05","guid":{"rendered":"https:\/\/sisu.ut.ee\/biopohikool\/21-millised-tegurid-mojutavad-organismi-tema-elupaigas\/"},"modified":"2024-04-04T08:56:51","modified_gmt":"2024-04-04T05:56:51","slug":"21-millised-tegurid-mojutavad-organismi-tema-elupaigas","status":"publish","type":"page","link":"https:\/\/sisu.ut.ee\/biopohikool\/21-millised-tegurid-mojutavad-organismi-tema-elupaigas\/","title":{"rendered":"2.1. Millised tegurid m\u00f5jutavad organismi tema elupaigas?"},"content":{"rendered":"<p>\n\tElusolendit\u00a0 m\u00f5jutavad tema elupaigas mitmesugused \u00fcmbritseva\u00a0 looduse eluta osa ja\u00a0 elusosa tegurid. K\u00f5iki neid tegureid nimetatakse\u00a0<strong>\u00f6koloogilisteks teguriteks<\/strong>.\n<\/p>\n<p>\n\t<strong>Eluta looduse (abiootilised keskkonnategurid) teguriteks<\/strong>\u00a0on muld, \u00f5hk, vesi, soojus, valgus, sademed, tuul jne.\n<\/p>\n<p>\n\t<strong>Eluslooduse (biootilised keskkonnategurid) teguriteks<\/strong>\u00a0on teised organismid: nii sama liigi isendid\u00a0 kui ka teiste liikide isendid.\n<\/p>\n<p>\n\t<img loading=\"lazy\" decoding=\"async\" width=\"1135\" height=\"619\" class=\"alignnone wp-image-352\" style=\"width: 800px;height: 436px\" src=\"https:\/\/sisu.ut.ee\/wp-content\/uploads\/sites\/648\/loodusetegurid.png\" title=\"Joonis 4: Organismile m\u00f5juvad eluslooduse ja eluta looduse tegurid.\" alt=\"Organismile m\u00f5juvad eluslooduse ja eluta looduse tegurid\" srcset=\"https:\/\/sisu.ut.ee\/wp-content\/uploads\/sites\/648\/loodusetegurid.png 1135w, https:\/\/sisu.ut.ee\/wp-content\/uploads\/sites\/648\/loodusetegurid-300x164.png 300w, https:\/\/sisu.ut.ee\/wp-content\/uploads\/sites\/648\/loodusetegurid-1024x558.png 1024w, https:\/\/sisu.ut.ee\/wp-content\/uploads\/sites\/648\/loodusetegurid-768x419.png 768w\" sizes=\"auto, (max-width: 1135px) 100vw, 1135px\">\n<\/p>\n<p>\u00a0<\/p>\n<p>\n\tSageli tuuakse v\u00e4lja eraldi\u00a0<strong>inimm\u00f5ju (antropogeensed keskkonnategurid)<\/strong>. T\u00e4nap\u00e4eval kasvab j\u00e4rjest enam inimm\u00f5ju loodusele, sest inimeste arv planeedil kasvab ja k\u00f5ik nad vajavad elamiseks ressursse.\u00a0<\/p>\n<p>Organismidele m\u00f5jub alati korraga palju keskkonnategureid, nii eluta kui ka eluslooduse tegureid, kaasa arvatud inimtegevusest tulenevaid tegureid.\n<\/p>\n<table class=\"table table-hover\" align=\"left\" border=\"1\" cellpadding=\"5\" cellspacing=\"0\" style=\"width: 100%\">\n<thead>\n<tr>\n<th scope=\"col\">\n\t\t\t\tEluta looduse tegurid\u00a0ehk\u00a0 abiootilised\n\t\t\t<\/th>\n<th scope=\"col\">\n\t\t\t\tEluslooduse tegurid\u00a0ehk biootilised\n\t\t\t<\/th>\n<th scope=\"col\">\n\t\t\t\tInimm\u00f5ju\u00a0ehk antropogeensed\n\t\t\t<\/th>\n<\/tr>\n<\/thead>\n<tbody>\n<tr>\n<td>\n<p>\n\t\t\t\t\tP\u00e4ikesevalgus\n\t\t\t\t<\/p>\n<p>\n\t\t\t\t\tTemperatuur\n\t\t\t\t<\/p>\n<p>\n\t\t\t\t\tSademed\n\t\t\t\t<\/p>\n<p>\n\t\t\t\t\tTuul\n\t\t\t\t<\/p>\n<p>\n\t\t\t\t\tpH\n\t\t\t\t<\/p>\n<p>\n\t\t\t\t\tVeere\u017eiim\n\t\t\t\t<\/p>\n<p>\n\t\t\t\t\tR\u00f5hk\n\t\t\t\t<\/p>\n<p>\n\t\t\t\t\tTuli\n\t\t\t\t<\/p>\n<p>\n\t\t\t\t\tToitainete sisaldus\n\t\t\t\t<\/p>\n<\/td>\n<td>\n<p>\n\t\t\t\t\t( Elusa looduse moodustavad bakterid, taimed, loomad, seened ja algloomad. Viiruseid loetakse elusa ja eluta looduse vahevormiks, sest neil puudub rakuline ehitus.)\n\t\t\t\t<\/p>\n<p>\n\t\t\t\t\t<strong>S\u00fcmbioos<\/strong>\u2013 vastastikku kasulik v\u00f5i vajalik kooselu kahe eri liiki organismi vahel.\n\t\t\t\t<\/p>\n<p>\n\t\t\t\t\t<strong>Parasitism \u2013\u00a0<\/strong>\u00a0kahe eri liiki organismi toitumissuhe, kus \u00fcks pool saab kasu ja teine kahju.\n\t\t\t\t<\/p>\n<p>\n\t\t\t\t\t<strong>Kisklus-<\/strong>\u00a0toitumissuhe, milles \u00fcks loom tapab teise looma ja s\u00f6\u00f6b selle \u00e4ra.\n\t\t\t\t<\/p>\n<p>\n\t\t\t\t\t<strong>Konkurents\u00a0<\/strong>\u2013 isenditevaheline v\u00f5istlus eluks vajalike tingimuste p\u00e4rast.\n\t\t\t\t<\/p>\n<\/td>\n<td>\n<p>\n\t\t\t\t\tKeskkonna saastatus\n\t\t\t\t<\/p>\n<p>\n\t\t\t\t\tMetsade h\u00e4vitamine\n\t\t\t\t<\/p>\n<p>\n\t\t\t\t\tSoode kuivendamine\n\t\t\t\t<\/p>\n<p>\n\t\t\t\t\tV\u00f5\u00f5rliikide sissetoomine\n\t\t\t\t<\/p>\n<p>\n\t\t\t\t\tLoodusressursi kontrollimatu kasutus\n\t\t\t\t<\/p>\n<p>\n\t\t\t\t\tjm.\n\t\t\t\t<\/p>\n<\/td>\n<\/tr>\n<\/tbody>\n<\/table>\n","protected":false},"excerpt":{"rendered":"<p>Elusolendit\u00a0 m\u00f5jutavad tema elupaigas mitmesugused \u00fcmbritseva\u00a0 looduse eluta osa ja\u00a0 elusosa tegurid. K\u00f5iki neid tegureid nimetatakse\u00a0\u00f6koloogilisteks teguriteks. Eluta looduse (abiootilised keskkonnategurid) teguriteks\u00a0on muld, \u00f5hk, vesi, soojus, valgus, sademed, tuul jne. Eluslooduse (biootilised keskkonnategurid) teguriteks\u00a0on teised organismid: nii sama liigi isendid\u00a0 &#8230;<\/p>\n","protected":false},"author":345,"featured_media":0,"parent":0,"menu_order":0,"comment_status":"closed","ping_status":"closed","template":"","meta":{"_acf_changed":false,"inline_featured_image":false,"footnotes":""},"class_list":["post-143","page","type-page","status-publish","hentry"],"acf":[],"_links":{"self":[{"href":"https:\/\/sisu.ut.ee\/biopohikool\/wp-json\/wp\/v2\/pages\/143","targetHints":{"allow":["GET"]}}],"collection":[{"href":"https:\/\/sisu.ut.ee\/biopohikool\/wp-json\/wp\/v2\/pages"}],"about":[{"href":"https:\/\/sisu.ut.ee\/biopohikool\/wp-json\/wp\/v2\/types\/page"}],"author":[{"embeddable":true,"href":"https:\/\/sisu.ut.ee\/biopohikool\/wp-json\/wp\/v2\/users\/345"}],"replies":[{"embeddable":true,"href":"https:\/\/sisu.ut.ee\/biopohikool\/wp-json\/wp\/v2\/comments?post=143"}],"version-history":[{"count":1,"href":"https:\/\/sisu.ut.ee\/biopohikool\/wp-json\/wp\/v2\/pages\/143\/revisions"}],"predecessor-version":[{"id":497,"href":"https:\/\/sisu.ut.ee\/biopohikool\/wp-json\/wp\/v2\/pages\/143\/revisions\/497"}],"wp:attachment":[{"href":"https:\/\/sisu.ut.ee\/biopohikool\/wp-json\/wp\/v2\/media?parent=143"}],"curies":[{"name":"wp","href":"https:\/\/api.w.org\/{rel}","templated":true}]}}