{"id":14,"date":"2024-04-04T08:54:50","date_gmt":"2024-04-04T05:54:50","guid":{"rendered":"https:\/\/sisu.ut.ee\/biopohikool\/5-taimede-tahtsus-looduses-ja-inimese-elus\/"},"modified":"2024-04-04T08:56:58","modified_gmt":"2024-04-04T05:56:58","slug":"5-taimede-tahtsus-looduses-ja-inimese-elus","status":"publish","type":"page","link":"https:\/\/sisu.ut.ee\/biopohikool\/5-taimede-tahtsus-looduses-ja-inimese-elus\/","title":{"rendered":"5. TAIMEDE T\u00c4HTSUS LOODUSES JA INIMESE ELUS"},"content":{"rendered":"<h4>\n\t5.1. Miks on taimed t\u00e4htsad?\u00a0<br>\n<\/h4>\n<ol>\n<li>\n\t\tTaimed toodavad hapnikku.\n\t<\/li>\n<li>\n\t\tTaimedest algavad k\u00f5ik toiduahelad\n\t<\/li>\n<li>\n\t\tTaimed on paljudele loomadele elupaigaks\n\t<\/li>\n<li>\n\t\tTaimed kujundavad mulda\u00a0\u00a0\n\t<\/li>\n<\/ol>\n<p>\n\t\u00a0\n<\/p>\n<h4>\n\t5.2. Kuidas inimene kasutab taimi?<br>\n<\/h4>\n<p><strong>Tabel 7.<\/strong>\u00a0 Milleks inimene kasutab taime erinevaid organeid?\u00a0<\/p>\n<table class=\"table table-hover\" border=\"1\" cellpadding=\"5\" cellspacing=\"0\">\n<thead>\n<tr>\n<th scope=\"col\">\n<p>\n\t\t\t\t\t<strong>Taime<\/strong><strong>\u00a0<\/strong><strong>organ<\/strong>\n\t\t\t\t<\/p>\n<\/th>\n<th scope=\"col\">\n<p>\n\t\t\t\t\t<strong>Kasutusala<\/strong>\n\t\t\t\t<\/p>\n<\/th>\n<th scope=\"col\">\n<p>\n\t\t\t\t\t<strong>N\u00e4ide<\/strong>\n\t\t\t\t<\/p>\n<\/th>\n<\/tr>\n<\/thead>\n<tbody>\n<tr>\n<td valign=\"top\" width=\"151\">\n<p>\n\t\t\t\t\tJuur\n\t\t\t\t<\/p>\n<\/td>\n<td valign=\"top\" width=\"224\">\n<ol>\n<li>\n\t\t\t\t\t\t\u00a0toiduks\n\t\t\t\t\t<\/li>\n<li>\n\t\t\t\t\t\t\u00a0maitsetaimed\n\t\t\t\t\t<\/li>\n<li>\n\t\t\t\t\t\t\u00a0ravimtaimed\n\t\t\t\t\t<\/li>\n<li>\n\t\t\t\t\t\t\u00a0loomas\u00f6\u00f6daks\n\t\t\t\t\t<\/li>\n<\/ol>\n<\/td>\n<td valign=\"top\" width=\"220\">\n<ol>\n<li>\n\t\t\t\t\t\tporgand, kaalikas\n\t\t\t\t\t<\/li>\n<li>\n\t\t\t\t\t\tjuurseller, ingver, m\u00e4dar\u00f5igas\n\t\t\t\t\t<\/li>\n<li>\n\t\t\t\t\t\tpalderjan, takjas\n\t\t\t\t\t<\/li>\n<li>\n\t\t\t\t\t\t\u00a0loomapeet\n\t\t\t\t\t<\/li>\n<\/ol>\n<\/td>\n<\/tr>\n<tr>\n<td valign=\"top\" width=\"151\">\n<p>\n\t\t\t\t\tVars\n\t\t\t\t<\/p>\n<\/td>\n<td valign=\"top\" width=\"224\">\n<ol>\n<li>\n\t\t\t\t\t\t\u00a0paberit\u00f6\u00f6stuses\n\t\t\t\t\t<\/li>\n<li>\n\t\t\t\t\t\tk\u00fctteks\n\t\t\t\t\t<\/li>\n<li>\n\t\t\t\t\t\tm\u00f6\u00f6bli valmistamiseks\n\t\t\t\t\t<\/li>\n<li>\n\t\t\t\t\t\t\u00a0ehituseks\n\t\t\t\t\t<\/li>\n<li>\n\t\t\t\t\t\t\u00a0tekstiilit\u00f6\u00f6stuses\n\t\t\t\t\t<\/li>\n<li>\n\t\t\t\t\t\t\u00a0toiduks\n\t\t\t\t\t<\/li>\n<\/ol>\n<\/td>\n<td valign=\"top\" width=\"220\">\n<ol>\n<li>\n\t\t\t\t\t\t\u00a0kask, lepp\n\t\t\t\t\t<\/li>\n<li>\n\t\t\t\t\t\t\u00a0kask, lepp\n\t\t\t\t\t<\/li>\n<li>\n\t\t\t\t\t\t\u00a0m\u00e4nd, kuusk, tamm\n\t\t\t\t\t<\/li>\n<li>\n\t\t\t\t\t\t\u00a0haab, m\u00e4nd, kuusk\n\t\t\t\t\t<\/li>\n<li>\n\t\t\t\t\t\tlina\n\t\t\t\t\t<\/li>\n<li>\n\t\t\t\t\t\tspargel, nuikapsas\u00a0\n\t\t\t\t\t<\/li>\n<\/ol>\n<\/td>\n<\/tr>\n<tr>\n<td valign=\"top\" width=\"151\">\n<p>\n\t\t\t\t\tLeht\n\t\t\t\t<\/p>\n<\/td>\n<td valign=\"top\" width=\"224\">\n<ol>\n<li>\n\t\t\t\t\t\t\u00a0toiduks\n\t\t\t\t\t<\/li>\n<li>\n\t\t\t\t\t\t\u00a0maitsetaimed\n\t\t\t\t\t<\/li>\n<li>\n\t\t\t\t\t\t\u00a0ravimtaimed\n\t\t\t\t\t<\/li>\n<li>\n\t\t\t\t\t\t\u00a0ehituseks\n\t\t\t\t\t<\/li>\n<li>\n\t\t\t\t\t\t\u00a0jookide valmistamiseks\n\t\t\t\t\t<\/li>\n<li>\n\t\t\t\t\t\t\u00a0loomas\u00f6\u00f6daks\n\t\t\t\t\t<\/li>\n<\/ol>\n<\/td>\n<td valign=\"top\" width=\"220\">\n<ol>\n<li>\n\t\t\t\t\t\t\u00a0lehtsalat, kapsas\n\t\t\t\t\t<\/li>\n<li>\n\t\t\t\t\t\t\u00a0till, seller, petersell\n\t\t\t\t\t<\/li>\n<li>\n\t\t\t\t\t\tteeleht, paiseleht\n\t\t\t\t\t<\/li>\n<li>\n\t\t\t\t\t\t\u00a0palmilehed\n\t\t\t\t\t<\/li>\n<li>\n\t\t\t\t\t\t\u00a0piparm\u00fcnt,\u00a0\n\t\t\t\t\t<\/li>\n<li>\n\t\t\t\t\t\tristik, s\u00f6\u00f6dakapsas\n\t\t\t\t\t<\/li>\n<\/ol>\n<\/td>\n<\/tr>\n<tr>\n<td valign=\"top\" width=\"151\">\n<p>\n\t\t\t\t\t\u00d5is\n\t\t\t\t<\/p>\n<\/td>\n<td valign=\"top\" width=\"224\">\n<ol>\n<li>\n\t\t\t\t\t\t\u00a0toiduks\n\t\t\t\t\t<\/li>\n<li>\n\t\t\t\t\t\travimtaimed\n\t\t\t\t\t<\/li>\n<li>\n\t\t\t\t\t\tilutaimed\n\t\t\t\t\t<\/li>\n<li>\n\t\t\t\t\t\t\u00a0farmaatsiat\u00f6\u00f6stus\n\t\t\t\t\t<\/li>\n<\/ol>\n<\/td>\n<td valign=\"top\" width=\"220\">\n<ol>\n<li>\n\t\t\t\t\t\t\u00a0lillkapsas, spargelkapsas\n\t\t\t\t\t<\/li>\n<li>\n\t\t\t\t\t\t\u00a0p\u00e4rn\n\t\t\t\t\t<\/li>\n<li>\n\t\t\t\t\t\t\u00a0roos, nelk\n\t\t\t\t\t<\/li>\n<li>\n\t\t\t\t\t\t\u00a0roos, piibeleht\n\t\t\t\t\t<\/li>\n<\/ol>\n<\/td>\n<\/tr>\n<tr>\n<td valign=\"top\" width=\"151\">\n<p>\n\t\t\t\t\tVili\n\t\t\t\t<\/p>\n<\/td>\n<td valign=\"top\" width=\"224\">\n<ol>\n<li>\n\t\t\t\t\t\t\u00a0toiduks\n\t\t\t\t\t<\/li>\n<li>\n\t\t\t\t\t\t\u00a0joogid\n\t\t\t\t\t<\/li>\n<li>\n\t\t\t\t\t\tmaitsetaimed\n\t\t\t\t\t<\/li>\n<li>\n\t\t\t\t\t\travimtaimed\n\t\t\t\t\t<\/li>\n<li>\n\t\t\t\t\t\t\u00a0\u00f5li\n\t\t\t\t\t<\/li>\n<li>\n\t\t\t\t\t\ttekstiilit\u00f6\u00f6stus\n\t\t\t\t\t<\/li>\n<\/ol>\n<\/td>\n<td valign=\"top\" width=\"220\">\n<ol>\n<li>\n\t\t\t\t\t\t\u00a0\u00f5un, pirn, banaan\n\t\t\t\t\t<\/li>\n<li>\n\t\t\t\t\t\tkakao, kohv,\u00a0\n\t\t\t\t\t<\/li>\n<li>\n\t\t\t\t\t\tnelk, v\u00fcrts, pipar\n\t\t\t\t\t<\/li>\n<li>\n\t\t\t\t\t\tkibuvits, aroonia\n\t\t\t\t\t<\/li>\n<li>\n\t\t\t\t\t\t\u00a0raps, p\u00e4evalill\n\t\t\t\t\t<\/li>\n<li>\n\t\t\t\t\t\tpuuvill\n\t\t\t\t\t<\/li>\n<\/ol>\n<\/td>\n<\/tr>\n<\/tbody>\n<\/table>\n<p>\u00a0<\/p>\n<h4>\n\t5.3. Kuidas me jaotame k\u00f6\u00f6givilju?<br>\n<\/h4>\n<ol>\n<li>\n\t\tjuurk\u00f6\u00f6giviljad \u2013 porgand, peet, kaalikas.\n\t<\/li>\n<li>\n\t\tsibulk\u00f6\u00f6giviljad\u2013 k\u00fc\u00fcslauk, porrulauk, harilik sibul\n\t<\/li>\n<li>\n\t\tvarsk\u00f6\u00f6giviljad \u2013 nuikapsas, spargel\n\t<\/li>\n<li>\n\t\tlehtk\u00f6\u00f6giviljad \u2013 aedsalat, peakapsas\n\t<\/li>\n<li>\n\t\t\u00f5isikk\u00f6\u00f6giviljad \u2013 lillkapsas\n\t<\/li>\n<li>\n\t\tkaunk\u00f6\u00f6giviljad \u2013 hernes, aed \u2013 ja p\u00f5lduba\n\t<\/li>\n<li>\n\t\tvilik\u00f6\u00f6giviljad \u2013 kurk, tomat, k\u00f5rvits.\n\t<\/li>\n<\/ol>\n","protected":false},"excerpt":{"rendered":"<p>5.1. Miks on taimed t\u00e4htsad?\u00a0 Taimed toodavad hapnikku. Taimedest algavad k\u00f5ik toiduahelad Taimed on paljudele loomadele elupaigaks Taimed kujundavad mulda\u00a0\u00a0 \u00a0 5.2. Kuidas inimene kasutab taimi? Tabel 7.\u00a0 Milleks inimene kasutab taime erinevaid organeid?\u00a0 Taime\u00a0organ Kasutusala N\u00e4ide Juur \u00a0toiduks \u00a0maitsetaimed &#8230;<\/p>\n","protected":false},"author":345,"featured_media":0,"parent":0,"menu_order":0,"comment_status":"closed","ping_status":"closed","template":"","meta":{"_acf_changed":false,"inline_featured_image":false,"footnotes":""},"class_list":["post-14","page","type-page","status-publish","hentry"],"acf":[],"_links":{"self":[{"href":"https:\/\/sisu.ut.ee\/biopohikool\/wp-json\/wp\/v2\/pages\/14","targetHints":{"allow":["GET"]}}],"collection":[{"href":"https:\/\/sisu.ut.ee\/biopohikool\/wp-json\/wp\/v2\/pages"}],"about":[{"href":"https:\/\/sisu.ut.ee\/biopohikool\/wp-json\/wp\/v2\/types\/page"}],"author":[{"embeddable":true,"href":"https:\/\/sisu.ut.ee\/biopohikool\/wp-json\/wp\/v2\/users\/345"}],"replies":[{"embeddable":true,"href":"https:\/\/sisu.ut.ee\/biopohikool\/wp-json\/wp\/v2\/comments?post=14"}],"version-history":[{"count":1,"href":"https:\/\/sisu.ut.ee\/biopohikool\/wp-json\/wp\/v2\/pages\/14\/revisions"}],"predecessor-version":[{"id":626,"href":"https:\/\/sisu.ut.ee\/biopohikool\/wp-json\/wp\/v2\/pages\/14\/revisions\/626"}],"wp:attachment":[{"href":"https:\/\/sisu.ut.ee\/biopohikool\/wp-json\/wp\/v2\/media?parent=14"}],"curies":[{"name":"wp","href":"https:\/\/api.w.org\/{rel}","templated":true}]}}