{"id":135,"date":"2024-04-04T08:55:04","date_gmt":"2024-04-04T05:55:04","guid":{"rendered":"https:\/\/sisu.ut.ee\/biopohikool\/8-moodul\/"},"modified":"2024-04-04T08:56:51","modified_gmt":"2024-04-04T05:56:51","slug":"8-moodul","status":"publish","type":"page","link":"https:\/\/sisu.ut.ee\/biopohikool\/8-moodul\/","title":{"rendered":"8. Moodul"},"content":{"rendered":"<h3>\n\tP\u00e4rilikkus ja evolutsioon<br>\n<\/h3>\n<p>\n\t<img loading=\"lazy\" decoding=\"async\" width=\"500\" height=\"500\" class=\"alignnone wp-image-337\" style=\"width: 150px;height: 150px;margin: 10px 20px;float: left\" src=\"https:\/\/sisu.ut.ee\/wp-content\/uploads\/sites\/648\/mod8.png\" title=\"mod8.png\" alt=\"Moodul 8\" srcset=\"https:\/\/sisu.ut.ee\/wp-content\/uploads\/sites\/648\/mod8.png 500w, https:\/\/sisu.ut.ee\/wp-content\/uploads\/sites\/648\/mod8-300x300.png 300w, https:\/\/sisu.ut.ee\/wp-content\/uploads\/sites\/648\/mod8-150x150.png 150w\" sizes=\"auto, (max-width: 500px) 100vw, 500px\">Kaheksandas moodulis r\u00e4\u00e4gitakse p\u00e4rilikkuse ja evolutsiooni teemadel. Selles\u00a0moodulis\u00a0saame teada:\n<\/p>\n<ul>\n<li>\n\t\tMis on DNA, geenid ja kromosoomid ning\u00a0mis m\u00e4\u00e4rab inimese soo;\n\t<\/li>\n<li>\n\t\tMillised haigused on p\u00e4rilikud;\n\t<\/li>\n<li>\n\t\tKuidas luuakse geneetiliselt muundatud organisme;\n\t<\/li>\n<li>\n\t\tKuidas tekkis elu ning kuidas kulges taime-, loomariigi ja inimese evolutsioon.\n\t<\/li>\n<\/ul>\n<p>\n\t\u00a0\n<\/p>\n<p>\n\t\u00a0<\/p>\n","protected":false},"excerpt":{"rendered":"<p>P\u00e4rilikkus ja evolutsioon Kaheksandas moodulis r\u00e4\u00e4gitakse p\u00e4rilikkuse ja evolutsiooni teemadel. Selles\u00a0moodulis\u00a0saame teada: Mis on DNA, geenid ja kromosoomid ning\u00a0mis m\u00e4\u00e4rab inimese soo; Millised haigused on p\u00e4rilikud; Kuidas luuakse geneetiliselt muundatud organisme; Kuidas tekkis elu ning kuidas kulges taime-, loomariigi ja &#8230;<\/p>\n","protected":false},"author":345,"featured_media":0,"parent":0,"menu_order":0,"comment_status":"closed","ping_status":"closed","template":"","meta":{"_acf_changed":false,"inline_featured_image":false,"footnotes":""},"class_list":["post-135","page","type-page","status-publish","hentry"],"acf":[],"_links":{"self":[{"href":"https:\/\/sisu.ut.ee\/biopohikool\/wp-json\/wp\/v2\/pages\/135","targetHints":{"allow":["GET"]}}],"collection":[{"href":"https:\/\/sisu.ut.ee\/biopohikool\/wp-json\/wp\/v2\/pages"}],"about":[{"href":"https:\/\/sisu.ut.ee\/biopohikool\/wp-json\/wp\/v2\/types\/page"}],"author":[{"embeddable":true,"href":"https:\/\/sisu.ut.ee\/biopohikool\/wp-json\/wp\/v2\/users\/345"}],"replies":[{"embeddable":true,"href":"https:\/\/sisu.ut.ee\/biopohikool\/wp-json\/wp\/v2\/comments?post=135"}],"version-history":[{"count":1,"href":"https:\/\/sisu.ut.ee\/biopohikool\/wp-json\/wp\/v2\/pages\/135\/revisions"}],"predecessor-version":[{"id":505,"href":"https:\/\/sisu.ut.ee\/biopohikool\/wp-json\/wp\/v2\/pages\/135\/revisions\/505"}],"wp:attachment":[{"href":"https:\/\/sisu.ut.ee\/biopohikool\/wp-json\/wp\/v2\/media?parent=135"}],"curies":[{"name":"wp","href":"https:\/\/api.w.org\/{rel}","templated":true}]}}