{"id":134,"date":"2024-04-04T08:55:04","date_gmt":"2024-04-04T05:55:04","guid":{"rendered":"https:\/\/sisu.ut.ee\/biopohikool\/1-seened\/"},"modified":"2024-04-04T08:56:52","modified_gmt":"2024-04-04T05:56:52","slug":"1-seened","status":"publish","type":"page","link":"https:\/\/sisu.ut.ee\/biopohikool\/1-seened\/","title":{"rendered":"1. Seened"},"content":{"rendered":"<p>\n\tEnamik seeni koosneb seeneniitidest. K\u00f5ige rohkem tuntakse metsas kasvavaid k\u00fcbarseeni. Looduses\u00a0 kasvab seeni tegelikult palju rohkem, neid leidub peaaegu k\u00f5ikjal, kus on vaid piisavalt toitaineid, soojust ja niiskust. Valgust nad ei vaja.\u00a0 Osa seeni on mikroskoopilised, nagu n\u00e4iteks p\u00e4rmseened.\u00a0\n<\/p>\n<p>\n\t<\/p><div class=\"ratio ratio-16x9 mb-3\"><div class=\"video-placeholder-wrapper video-placeholder-wrapper--16x9\">\n\t\t\t    <div class=\"video-placeholder d-flex justify-content-center align-items-center\">\n\t\t\t        <div class=\"overlay text-white p-2 w-100 text-center d-block justify-content-center align-items-center\">\n\t\t\t            <div>Kolmandate osapoolte sisu n\u00e4gemiseks palun n\u00f5ustu k\u00fcpsistega.<\/div>\n\t\t\t            <button class=\"btn btn-secondary btn-sm mt-1 consent-change\">Muuda n\u00f5usolekut<\/button>\n\t\t\t        <\/div>\n\t\t\t    <\/div>\n\t\t\t<\/div>\n<\/div>\n","protected":false},"excerpt":{"rendered":"<p>Enamik seeni koosneb seeneniitidest. K\u00f5ige rohkem tuntakse metsas kasvavaid k\u00fcbarseeni. Looduses\u00a0 kasvab seeni tegelikult palju rohkem, neid leidub peaaegu k\u00f5ikjal, kus on vaid piisavalt toitaineid, soojust ja niiskust. Valgust nad ei vaja.\u00a0 Osa seeni on mikroskoopilised, nagu n\u00e4iteks p\u00e4rmseened.\u00a0 Kolmandate &#8230;<\/p>\n","protected":false},"author":345,"featured_media":0,"parent":0,"menu_order":0,"comment_status":"closed","ping_status":"closed","template":"","meta":{"_acf_changed":false,"inline_featured_image":false,"footnotes":""},"class_list":["post-134","page","type-page","status-publish","hentry"],"acf":[],"_links":{"self":[{"href":"https:\/\/sisu.ut.ee\/biopohikool\/wp-json\/wp\/v2\/pages\/134","targetHints":{"allow":["GET"]}}],"collection":[{"href":"https:\/\/sisu.ut.ee\/biopohikool\/wp-json\/wp\/v2\/pages"}],"about":[{"href":"https:\/\/sisu.ut.ee\/biopohikool\/wp-json\/wp\/v2\/types\/page"}],"author":[{"embeddable":true,"href":"https:\/\/sisu.ut.ee\/biopohikool\/wp-json\/wp\/v2\/users\/345"}],"replies":[{"embeddable":true,"href":"https:\/\/sisu.ut.ee\/biopohikool\/wp-json\/wp\/v2\/comments?post=134"}],"version-history":[{"count":1,"href":"https:\/\/sisu.ut.ee\/biopohikool\/wp-json\/wp\/v2\/pages\/134\/revisions"}],"predecessor-version":[{"id":506,"href":"https:\/\/sisu.ut.ee\/biopohikool\/wp-json\/wp\/v2\/pages\/134\/revisions\/506"}],"wp:attachment":[{"href":"https:\/\/sisu.ut.ee\/biopohikool\/wp-json\/wp\/v2\/media?parent=134"}],"curies":[{"name":"wp","href":"https:\/\/api.w.org\/{rel}","templated":true}]}}