{"id":130,"date":"2024-04-04T08:55:04","date_gmt":"2024-04-04T05:55:04","guid":{"rendered":"https:\/\/sisu.ut.ee\/biopohikool\/4-moodul\/"},"modified":"2024-04-04T08:56:52","modified_gmt":"2024-04-04T05:56:52","slug":"4-moodul","status":"publish","type":"page","link":"https:\/\/sisu.ut.ee\/biopohikool\/4-moodul\/","title":{"rendered":"4. Moodul"},"content":{"rendered":"<h3>\n\tSelgroogsed loomad<br>\n<\/h3>\n<p>\n\t<img loading=\"lazy\" decoding=\"async\" width=\"400\" height=\"400\" class=\"alignnone wp-image-333\" style=\"width: 150px;height: 150px;margin: 10px 20px;float: left\" src=\"https:\/\/sisu.ut.ee\/wp-content\/uploads\/sites\/648\/mod4.png\" title=\"mod4.png\" alt=\"Moodul 4\" srcset=\"https:\/\/sisu.ut.ee\/wp-content\/uploads\/sites\/648\/mod4.png 400w, https:\/\/sisu.ut.ee\/wp-content\/uploads\/sites\/648\/mod4-300x300.png 300w, https:\/\/sisu.ut.ee\/wp-content\/uploads\/sites\/648\/mod4-150x150.png 150w\" sizes=\"auto, (max-width: 400px) 100vw, 400px\"><strong>Neljandas moodulis on teemaks:<\/strong>\n<\/p>\n<ul>\n<li>\n\t\tselgroogsed loomad: mille poolest nad k\u00f5ik sarnanevad ja kuidas me neid r\u00fchmitame\n\t<\/li>\n<li>\n\t\tvaatame, mis nende r\u00fchmade esindajaid iseloomustab, mis on nende t\u00e4htsus looduses ja inimeste elus\n\t<\/li>\n<li>\n\t\tr\u00e4\u00e4gime,\u00a0millised on selgroogsete loomade peamised meeled ja meeleorganid, kuidas toimub nende aine- ja energiavahetus ning hingamine, paljunemine ja areng.\n\t<\/li>\n<\/ul>\n","protected":false},"excerpt":{"rendered":"<p>Selgroogsed loomad Neljandas moodulis on teemaks: selgroogsed loomad: mille poolest nad k\u00f5ik sarnanevad ja kuidas me neid r\u00fchmitame vaatame, mis nende r\u00fchmade esindajaid iseloomustab, mis on nende t\u00e4htsus looduses ja inimeste elus r\u00e4\u00e4gime,\u00a0millised on selgroogsete loomade peamised meeled ja meeleorganid, &#8230;<\/p>\n","protected":false},"author":345,"featured_media":0,"parent":0,"menu_order":0,"comment_status":"closed","ping_status":"closed","template":"","meta":{"_acf_changed":false,"inline_featured_image":false,"footnotes":""},"class_list":["post-130","page","type-page","status-publish","hentry"],"acf":[],"_links":{"self":[{"href":"https:\/\/sisu.ut.ee\/biopohikool\/wp-json\/wp\/v2\/pages\/130","targetHints":{"allow":["GET"]}}],"collection":[{"href":"https:\/\/sisu.ut.ee\/biopohikool\/wp-json\/wp\/v2\/pages"}],"about":[{"href":"https:\/\/sisu.ut.ee\/biopohikool\/wp-json\/wp\/v2\/types\/page"}],"author":[{"embeddable":true,"href":"https:\/\/sisu.ut.ee\/biopohikool\/wp-json\/wp\/v2\/users\/345"}],"replies":[{"embeddable":true,"href":"https:\/\/sisu.ut.ee\/biopohikool\/wp-json\/wp\/v2\/comments?post=130"}],"version-history":[{"count":1,"href":"https:\/\/sisu.ut.ee\/biopohikool\/wp-json\/wp\/v2\/pages\/130\/revisions"}],"predecessor-version":[{"id":510,"href":"https:\/\/sisu.ut.ee\/biopohikool\/wp-json\/wp\/v2\/pages\/130\/revisions\/510"}],"wp:attachment":[{"href":"https:\/\/sisu.ut.ee\/biopohikool\/wp-json\/wp\/v2\/media?parent=130"}],"curies":[{"name":"wp","href":"https:\/\/api.w.org\/{rel}","templated":true}]}}