{"id":13,"date":"2024-04-04T08:54:50","date_gmt":"2024-04-04T05:54:50","guid":{"rendered":"https:\/\/sisu.ut.ee\/biopohikool\/4-fotosuntees-ja-hingamine\/"},"modified":"2024-04-04T08:56:58","modified_gmt":"2024-04-04T05:56:58","slug":"4-fotosuntees-ja-hingamine","status":"publish","type":"page","link":"https:\/\/sisu.ut.ee\/biopohikool\/4-fotosuntees-ja-hingamine\/","title":{"rendered":"4. FOTOS\u00dcNTEES JA HINGAMINE"},"content":{"rendered":"<h4>\n\t4.1. Mis on fotos\u00fcntees?\u00a0<br>\n<\/h4>\n<p>\n\tLihtsatest anorgaanilistest ainetest orgaaniliste ainete valmistamine p\u00e4ikeseenergia abil.\u00a0\n<\/p>\n<p>\n\t<img loading=\"lazy\" decoding=\"async\" width=\"735\" height=\"462\" class=\"alignnone wp-image-167\" src=\"https:\/\/sisu.ut.ee\/wp-content\/uploads\/sites\/648\/fotosuntees.png\" title=\"fotosuntees.png\" alt=\"Fotos\u00fcntees\" srcset=\"https:\/\/sisu.ut.ee\/wp-content\/uploads\/sites\/648\/fotosuntees.png 735w, https:\/\/sisu.ut.ee\/wp-content\/uploads\/sites\/648\/fotosuntees-300x189.png 300w\" sizes=\"auto, (max-width: 735px) 100vw, 735px\">\n<\/p>\n<p>\n\tJoonis. 19. Fotos\u00fcntees\n<\/p>\n<p>\u00a0<\/p>\n<h4>\n\t4.2. Mida on vaja fotos\u00fcnteesiks?\u00a0<br>\n<\/h4>\n<ul>\n<li>\n\t\t\u00a0\u00a0<strong>Kloroplaste<\/strong>, mis paiknevad ainult rohelistes taimeosades\n\t<\/li>\n<li>\n\t\t\u00a0\u00a0<strong>P\u00e4ikesevalgust,<\/strong>\u00a0mis annab energiat\n\t<\/li>\n<li>\n\t\t\u00a0\u00a0<strong>Vett,<\/strong>\u00a0mida saadakse mullast juurte kaudu\n\t<\/li>\n<li>\n\t\t\u00a0\u00a0<strong>S\u00fcsihappegaasi,<\/strong>\u00a0mida v\u00f5etakse \u00fcmbritsevast keskkonnast \u00f5hul\u00f5hede kaudu\n\t<\/li>\n<\/ul>\n<p>\n\t\u00a0\n<\/p>\n<h4>\n\t4.3.\u00a0 Mis m\u00f5jutab fotos\u00fcnteesi intensiivsust?\u00a0<br>\n<\/h4>\n<ul>\n<li>\n\t\t\u00d5hus olev s\u00fcsihappegaasi hulk\n\t<\/li>\n<li>\n\t\tVee k\u00e4ttesaadavus\n\t<\/li>\n<li>\n\t\tTemperatuur\n\t<\/li>\n<li>\n\t\tValgus\n\t<\/li>\n<\/ul>\n<p>\n\t\u00a0\n<\/p>\n<h4>\n\t4.4. Mis iseloomustab fotos\u00fcnteesi ja hingamist?<br>\n<\/h4>\n<p>\n\t\u00a0\n<\/p>\n<table class=\"table table-hover\" border=\"1\" cellpadding=\"0\" cellspacing=\"0\">\n<tbody>\n<tr>\n<th scope=\"col\">\n<p>\n\t\t\t\t\t<strong>FOTOS\u00dcNTEES<\/strong>\n\t\t\t\t<\/p>\n<\/th>\n<th scope=\"col\">\n<p>\n\t\t\t\t\t<strong>HINGAMINE<\/strong>\n\t\t\t\t<\/p>\n<\/th>\n<\/tr>\n<tr>\n<td valign=\"top\" width=\"281\">\n<p>\n\t\t\t\t\tOrgaaniliste ainete moodustumine\n\t\t\t\t<\/p>\n<\/td>\n<td valign=\"top\" width=\"282\">\n<p>\n\t\t\t\t\tOrgaaniliste ainete lagundamine\n\t\t\t\t<\/p>\n<\/td>\n<\/tr>\n<tr>\n<td valign=\"top\" width=\"281\">\n<p>\n\t\t\t\t\tS\u00fcsihappegaasi neeldumine\n\t\t\t\t<\/p>\n<\/td>\n<td valign=\"top\" width=\"282\">\n<p>\n\t\t\t\t\tS\u00fcsihappegaasi eraldumine\n\t\t\t\t<\/p>\n<\/td>\n<\/tr>\n<tr>\n<td valign=\"top\" width=\"281\">\n<p>\n\t\t\t\t\tHapniku eraldumine\n\t\t\t\t<\/p>\n<\/td>\n<td valign=\"top\" width=\"282\">\n<p>\n\t\t\t\t\tHapniku neeldumine\n\t\t\t\t<\/p>\n<\/td>\n<\/tr>\n<tr>\n<td valign=\"top\" width=\"281\">\n<p>\n\t\t\t\t\tEnergia talletumine orgaanilistes ainetes\n\t\t\t\t<\/p>\n<\/td>\n<td valign=\"top\" width=\"282\">\n<p>\n\t\t\t\t\tEnergia vabanemine\n\t\t\t\t<\/p>\n<\/td>\n<\/tr>\n<tr>\n<td valign=\"top\" width=\"281\">\n<p>\n\t\t\t\t\tToimub valguse k\u00e4es\n\t\t\t\t<\/p>\n<\/td>\n<td valign=\"top\" width=\"282\">\n<p>\n\t\t\t\t\tToimub nii valguse k\u00e4es kui pimedas\n\t\t\t\t<\/p>\n<\/td>\n<\/tr>\n<tr>\n<td valign=\"top\" width=\"281\">\n<p>\n\t\t\t\t\tToimub kloroplaste\u00a0 sisaldavates\u00a0rakkudes\n\t\t\t\t<\/p>\n<\/td>\n<td valign=\"top\" width=\"282\">\n<p>\n\t\t\t\t\tToimub k\u00f5ikides elusates rakkudes\n\t\t\t\t<\/p>\n<\/td>\n<\/tr>\n<\/tbody>\n<\/table>\n","protected":false},"excerpt":{"rendered":"<p>4.1. Mis on fotos\u00fcntees?\u00a0 Lihtsatest anorgaanilistest ainetest orgaaniliste ainete valmistamine p\u00e4ikeseenergia abil.\u00a0 Joonis. 19. Fotos\u00fcntees \u00a0 4.2. Mida on vaja fotos\u00fcnteesiks?\u00a0 \u00a0\u00a0Kloroplaste, mis paiknevad ainult rohelistes taimeosades \u00a0\u00a0P\u00e4ikesevalgust,\u00a0mis annab energiat \u00a0\u00a0Vett,\u00a0mida saadakse mullast juurte kaudu \u00a0\u00a0S\u00fcsihappegaasi,\u00a0mida v\u00f5etakse \u00fcmbritsevast keskkonnast \u00f5hul\u00f5hede &#8230;<\/p>\n","protected":false},"author":345,"featured_media":0,"parent":0,"menu_order":0,"comment_status":"closed","ping_status":"closed","template":"","meta":{"_acf_changed":false,"inline_featured_image":false,"footnotes":""},"class_list":["post-13","page","type-page","status-publish","hentry"],"acf":[],"_links":{"self":[{"href":"https:\/\/sisu.ut.ee\/biopohikool\/wp-json\/wp\/v2\/pages\/13","targetHints":{"allow":["GET"]}}],"collection":[{"href":"https:\/\/sisu.ut.ee\/biopohikool\/wp-json\/wp\/v2\/pages"}],"about":[{"href":"https:\/\/sisu.ut.ee\/biopohikool\/wp-json\/wp\/v2\/types\/page"}],"author":[{"embeddable":true,"href":"https:\/\/sisu.ut.ee\/biopohikool\/wp-json\/wp\/v2\/users\/345"}],"replies":[{"embeddable":true,"href":"https:\/\/sisu.ut.ee\/biopohikool\/wp-json\/wp\/v2\/comments?post=13"}],"version-history":[{"count":1,"href":"https:\/\/sisu.ut.ee\/biopohikool\/wp-json\/wp\/v2\/pages\/13\/revisions"}],"predecessor-version":[{"id":627,"href":"https:\/\/sisu.ut.ee\/biopohikool\/wp-json\/wp\/v2\/pages\/13\/revisions\/627"}],"wp:attachment":[{"href":"https:\/\/sisu.ut.ee\/biopohikool\/wp-json\/wp\/v2\/media?parent=13"}],"curies":[{"name":"wp","href":"https:\/\/api.w.org\/{rel}","templated":true}]}}