{"id":129,"date":"2024-04-04T08:55:03","date_gmt":"2024-04-04T05:55:03","guid":{"rendered":"https:\/\/sisu.ut.ee\/biopohikool\/3-moodul\/"},"modified":"2024-04-04T08:56:52","modified_gmt":"2024-04-04T05:56:52","slug":"3-moodul","status":"publish","type":"page","link":"https:\/\/sisu.ut.ee\/biopohikool\/3-moodul\/","title":{"rendered":"3. Moodul"},"content":{"rendered":"<h3>\n\tSelgrootud loomad<br>\n<\/h3>\n<p>\n\t<img loading=\"lazy\" decoding=\"async\" width=\"400\" height=\"400\" class=\"alignnone wp-image-332\" style=\"width: 150px;height: 150px;margin: 10px 20px;float: left\" src=\"https:\/\/sisu.ut.ee\/wp-content\/uploads\/sites\/648\/mod3.png\" title=\"mod3.png\" alt=\"Moodul 3\" srcset=\"https:\/\/sisu.ut.ee\/wp-content\/uploads\/sites\/648\/mod3.png 400w, https:\/\/sisu.ut.ee\/wp-content\/uploads\/sites\/648\/mod3-300x300.png 300w, https:\/\/sisu.ut.ee\/wp-content\/uploads\/sites\/648\/mod3-150x150.png 150w\" sizes=\"auto, (max-width: 400px) 100vw, 400px\"><strong>Kolmandas moodulis:<\/strong>\n<\/p>\n<ul>\n<li>\n\t\tvaatame, mille poolest erinevad selgroogsed ja selgrootud loomad\n\t<\/li>\n<li>\n\t\tuurime, kuidas selgrootud paljunevad, toituvad ja hingavad\n\t<\/li>\n<li>\n\t\tvaatame l\u00e4hemalt erinevaid loomar\u00fchmi: k\u00e4sni, ainu\u00f5\u00f5sseid, okasnahkseid, lame,- \u00fcmar-, r\u00f5ngusse, limuseid, l\u00fclijalgseid\n\t<\/li>\n<\/ul>\n","protected":false},"excerpt":{"rendered":"<p>Selgrootud loomad Kolmandas moodulis: vaatame, mille poolest erinevad selgroogsed ja selgrootud loomad uurime, kuidas selgrootud paljunevad, toituvad ja hingavad vaatame l\u00e4hemalt erinevaid loomar\u00fchmi: k\u00e4sni, ainu\u00f5\u00f5sseid, okasnahkseid, lame,- \u00fcmar-, r\u00f5ngusse, limuseid, l\u00fclijalgseid<\/p>\n","protected":false},"author":345,"featured_media":0,"parent":0,"menu_order":0,"comment_status":"closed","ping_status":"closed","template":"","meta":{"_acf_changed":false,"inline_featured_image":false,"footnotes":""},"class_list":["post-129","page","type-page","status-publish","hentry"],"acf":[],"_links":{"self":[{"href":"https:\/\/sisu.ut.ee\/biopohikool\/wp-json\/wp\/v2\/pages\/129","targetHints":{"allow":["GET"]}}],"collection":[{"href":"https:\/\/sisu.ut.ee\/biopohikool\/wp-json\/wp\/v2\/pages"}],"about":[{"href":"https:\/\/sisu.ut.ee\/biopohikool\/wp-json\/wp\/v2\/types\/page"}],"author":[{"embeddable":true,"href":"https:\/\/sisu.ut.ee\/biopohikool\/wp-json\/wp\/v2\/users\/345"}],"replies":[{"embeddable":true,"href":"https:\/\/sisu.ut.ee\/biopohikool\/wp-json\/wp\/v2\/comments?post=129"}],"version-history":[{"count":1,"href":"https:\/\/sisu.ut.ee\/biopohikool\/wp-json\/wp\/v2\/pages\/129\/revisions"}],"predecessor-version":[{"id":511,"href":"https:\/\/sisu.ut.ee\/biopohikool\/wp-json\/wp\/v2\/pages\/129\/revisions\/511"}],"wp:attachment":[{"href":"https:\/\/sisu.ut.ee\/biopohikool\/wp-json\/wp\/v2\/media?parent=129"}],"curies":[{"name":"wp","href":"https:\/\/api.w.org\/{rel}","templated":true}]}}