{"id":8,"date":"2024-04-04T08:59:33","date_gmt":"2024-04-04T05:59:33","guid":{"rendered":"https:\/\/sisu.ut.ee\/biometeorology\/oppevideod\/"},"modified":"2024-09-25T15:41:32","modified_gmt":"2024-09-25T12:41:32","slug":"oppevideod","status":"publish","type":"page","link":"https:\/\/sisu.ut.ee\/biometeorology\/oppevideod\/?lang=et","title":{"rendered":"Tudengile"},"content":{"rendered":"<h2 class=\"wp-block-heading\">Uurimisteemad<\/h2>\n\n\n\n<p><strong>Metsandus<\/strong><\/p>\n\n\n\n<ul class=\"wp-block-list\">\n<li>CO2\/H2O pikaajaline neto\u00f6kos\u00fcsteemi vahetus: \u00fclevaated Eddy kovariatsiooniandmetest (Soontaga)<\/li>\n\n\n\n<li>Metsa C ja N Rattas\u00f5it: pinnasest ja puudest atmosf\u00e4\u00e4ri (Agali I ja Agali II, Palo)<\/li>\n\n\n\n<li>Aastased pinnase CO2, CH4 &amp; N2O vood ja d\u00fcnaamika, seos keskkonnaparameetritega<\/li>\n\n\n\n<li>Puu varred ja lehtede vood: t\u00e4htsus kogu \u00f6kos\u00fcsteemi voogudes<\/li>\n\n\n\n<li>Metsamulla CH4 vahetuse pikaajaline (kambrip\u00f5hine) uuring (Soontaga)<\/li>\n\n\n\n<li>Kuivendatud turbametsade heitkogused: C-kadude ja neeldumiste kvantifitseerimine (Tiksoja, Vara, J\u00e4rvselja)<\/li>\n<\/ul>\n\n\n\n<p><strong>P\u00f5llumajandus<\/strong><\/p>\n\n\n\n<ul class=\"wp-block-list\">\n<li>Kasvuhoonegaaside vood p\u00f5llu- ja rohumaadelt mineraal- ja turbamuldadel (LIFE OrgBalt)<\/li>\n\n\n\n<li>S\u00e4\u00e4stvad p\u00f5llumajandustavad: p\u00f5llumajandusest tulenevate kasvuhoonegaaside voogude leevendamine (koost\u00f6\u00f6projektid EM\u00dc ja METK-ga)<\/li>\n<\/ul>\n\n\n\n<p><strong>M\u00e4rgalad<\/strong><\/p>\n\n\n\n<ul class=\"wp-block-list\">\n<li>NEE uuringud raba CO2 ja H2O voogude kohta Kauru \u00f6kos\u00fcsteemi jaamas Eddy Covariance tehnikas<\/li>\n\n\n\n<li>Looduslike ja taastatud turbaalade C vood ja taastamise m\u00f5ju bioloogilisele mitmekesisusele Valgeraba ja Kuresoo (Soomaal)<\/li>\n\n\n\n<li>CH4 voo d\u00fcnaamika ja seos veekeemiaga: Rampilloni (Prantsusmaa) rajatud m\u00e4rgalad, mida kasutatakse p\u00f5llumajandusliku \u00e4ravoolu t\u00f6\u00f6tlemiseks<\/li>\n\n\n\n<li>Troopilised turbaalad<\/li>\n\n\n\n<li>Troopiliste turbaalade degradeerumine: maakasutuse muutuse m\u00f5ju (koost\u00f6\u00f6projekt PeatlandN2O (Prof Mander))<\/li>\n\n\n\n<li>H\u00fcdroloogilised muutused ning pinnase ja puude t\u00fcvede kasvuhoonegaaside voo d\u00fcnaamika troopilistel turbaaladel Malaisias ja Peruus (koost\u00f6\u00f6projekt PeatlandN2O (Prof Mander))<\/li>\n<\/ul>\n\n\n\n<p><strong>Modelleerimine<\/strong><\/p>\n\n\n\n<ul class=\"wp-block-list\">\n<li>Mulla kasvuhoonegaaside voogude modelleerimine: heterotroofne hingamine \u2013 CO2, CH4 ja N2O vood<\/li>\n\n\n\n<li>Pinnase aastaste kasvuhoonegaaside heitkoguste hindamine protsessip\u00f5hise modelleerimise abil<\/li>\n<\/ul>\n\n\n\n<h2 class=\"wp-block-heading\">Videod<\/h2>\n\n\n\n<p>Vaata <a title=\"\" data-url=\"https:\/\/ecolchange.emu.ee\/en\/news-events\/seminarid\/doctoral-school-in-ecophysiological-and-biogeochemical-research-methods-and-tools\/\" href=\"https:\/\/ecolchange.emu.ee\/en\/news-events\/seminarid\/doctoral-school-in-ecophysiological-and-biogeochemical-research-methods-and-tools\/\" target=\"_blank\" rel=\"noopener\">siit<\/a> l\u00fchikesi videol\u00f5ike \u00f6kof\u00fcsioloogiliste ja biogeokeemiliste uurimismeetodite ja -vahendite kohta.<\/p>\n\n\n\n<p>LIFE OrgBalt dokumentaalfilm: kliimamuutuste leevendamise meetmed<\/p>\n\n\n\n<p><\/p><div class=\"ratio ratio-16x9 mb-3\"><div class=\"video-placeholder-wrapper video-placeholder-wrapper--16x9\">\n\t\t\t    <div class=\"video-placeholder d-flex justify-content-center align-items-center\">\n\t\t\t        <div class=\"overlay text-white p-2 w-100 text-center d-block justify-content-center align-items-center\">\n\t\t\t            <div>To view third-party content, please accept cookies.<\/div>\n\t\t\t            <button class=\"btn btn-secondary btn-sm mt-1 consent-change\">Change consent<\/button>\n\t\t\t        <\/div>\n\t\t\t    <\/div>\n\t\t\t<\/div>\n<\/div>\n","protected":false},"excerpt":{"rendered":"<p>Uurimisteemad Metsandus P\u00f5llumajandus M\u00e4rgalad Modelleerimine Videod Vaata siit l\u00fchikesi videol\u00f5ike \u00f6kof\u00fcsioloogiliste ja biogeokeemiliste uurimismeetodite ja -vahendite kohta. LIFE OrgBalt dokumentaalfilm: kliimamuutuste leevendamise meetmed To view third-party content, please accept cookies. Change consent<\/p>\n","protected":false},"author":199,"featured_media":0,"parent":0,"menu_order":0,"comment_status":"closed","ping_status":"closed","template":"","meta":{"_acf_changed":false,"inline_featured_image":false,"footnotes":""},"class_list":["post-8","page","type-page","status-publish","hentry"],"acf":[],"_links":{"self":[{"href":"https:\/\/sisu.ut.ee\/biometeorology\/wp-json\/wp\/v2\/pages\/8","targetHints":{"allow":["GET"]}}],"collection":[{"href":"https:\/\/sisu.ut.ee\/biometeorology\/wp-json\/wp\/v2\/pages"}],"about":[{"href":"https:\/\/sisu.ut.ee\/biometeorology\/wp-json\/wp\/v2\/types\/page"}],"author":[{"embeddable":true,"href":"https:\/\/sisu.ut.ee\/biometeorology\/wp-json\/wp\/v2\/users\/199"}],"replies":[{"embeddable":true,"href":"https:\/\/sisu.ut.ee\/biometeorology\/wp-json\/wp\/v2\/comments?post=8"}],"version-history":[{"count":2,"href":"https:\/\/sisu.ut.ee\/biometeorology\/wp-json\/wp\/v2\/pages\/8\/revisions"}],"predecessor-version":[{"id":359,"href":"https:\/\/sisu.ut.ee\/biometeorology\/wp-json\/wp\/v2\/pages\/8\/revisions\/359"}],"wp:attachment":[{"href":"https:\/\/sisu.ut.ee\/biometeorology\/wp-json\/wp\/v2\/media?parent=8"}],"curies":[{"name":"wp","href":"https:\/\/api.w.org\/{rel}","templated":true}]}}