{"id":38,"date":"2024-04-04T08:59:34","date_gmt":"2024-04-04T05:59:34","guid":{"rendered":"https:\/\/sisu.ut.ee\/biometeorology\/2022-3\/"},"modified":"2024-04-04T08:59:57","modified_gmt":"2024-04-04T05:59:57","slug":"2022-3","status":"publish","type":"page","link":"https:\/\/sisu.ut.ee\/biometeorology\/2022-3\/","title":{"rendered":"2022"},"content":{"rendered":"<table class=\"table table-hover\" border=\"0\" cellpadding=\"1\" cellspacing=\"1\">\n<tbody>\n<tr>\n<td>\n<p>\n\t\t\t\t\tUri, V.; Kukum\u00e4gi, M.; Aosaar, J.; Varik, M.; Becker, H.; Aun, K.; L\u00f5hmus, K.; Soosaar, K.; Astover, A.; Uri, M.; Buht, M.; Sepaste, A.; Padari, A. (2022). The dynamics of the carbon storage and fluxes in Scots pine (Pinus sylvestris) chronosequence. The Science of The Total Environment, 817, \u00a0ARTN 152973. DOI:\u00a0<a href=\"https:\/\/doi.org\/10.1016\/j.scitotenv.2022.152973\" target=\"_blank\" title=\"\" rel=\"noopener\">10.1016\/j.scitotenv.2022.152973<\/a>.\n\t\t\t\t<\/p>\n<\/td>\n<\/tr>\n<tr>\n<td>\n<p>\n\t\t\t\t\tBahram, Mohammad; Espenberg, Mikk; P\u00e4rn, Jaan; Lehtovirta-Morley, Laura; Anslan, Sten; Kasak, Kuno; K\u00f5ljalg, Urmas; Liira, Jaan; Maddison, Martin; Moora, Mari; Niinemets, \u00dclo; \u00d6pik, Maarja; P\u00e4rtel, Meelis; Soosaar, Kaido; Zobel, Martin; Hildebrand, Falk; Tedersoo, Leho; Mander, \u00dclo (2022). Structure and function of the soil microbiome underlying N2O emissions from global wetlands. Nature Communications, 13, \u00a01430. DOI:\u00a0<a href=\"https:\/\/www.nature.com\/articles\/s41467-022-29161-3\" target=\"_blank\" title=\"\" rel=\"noopener\">10.1038\/s41467-022-29161-3<\/a>.\n\t\t\t\t<\/p>\n<\/td>\n<\/tr>\n<tr>\n<td>\n<p>\n\t\t\t\t\tAun, K.; Kukum\u00e4gi, M.; Varik, M.; Uri, M.; Buht, M.; Aosaar, J.; Padari, A.; Sepaste, A.; Soosaar, K.; Becker, H.; Uri, V. (2022). Recovery dynamics of ecosystem carbon budgets in a young silver birch stand chronosequence after clear-cut \u2013 Estonian case study. Scandinavian Journal of Forest Research, \u00a01\u221214. DOI:\u00a0<a href=\"https:\/\/doi.org\/10.1080\/02827581.2022.2155235\" target=\"_blank\" title=\"\" rel=\"noopener\">10.1080\/02827581.2022.2155235<\/a>.\n\t\t\t\t<\/p>\n<\/td>\n<\/tr>\n<tr>\n<td>\n<p>\n\t\t\t\t\tEscuer-Gatius, Jordi; Lohmus, Krista; Shanskiy, Merrit; Kauer, Karin; Vahter, Hanna; Mander, Ulo; Astover, Alar; Soosaar, Kaido (2022). Critical points for closing the carbon and nitrogen budgets in a winter rapeseed field. Nutrient Cycling in Agroecosystems, 122 (3), \u00a0289\u2212311. DOI:\u00a0<a href=\"http:\/\/dx.doi.org\/10.1007\/s10705-022-10202-8\" target=\"_blank\" title=\"\" rel=\"noopener\">10.1007\/s10705-022-10202-8<\/a>.\n\t\t\t\t<\/p>\n<\/td>\n<\/tr>\n<tr>\n<td>\n<p>\n\t\t\t\t\tMander, \u00dclo; Krasnova, Alisa; Schindler, Thomas; Megonigal, J. Patrick; Escuer-Gatius, Jordi; Espenberg, Mikk; Machacova, Katerina; Maddison, Martin; P\u00e4rn, Jaan; Ranniku, Reti; Pihlatie, Mari; Kasak, Kuno; Niinemets, \u00dclo; Soosaar, Kaido (2022). Long-term dynamics of soil, tree stem and ecosystem methane fluxes in a riparian forest. Science of the Total Environment, 809, \u00a0151723. DOI:\u00a0<a href=\"https:\/\/doi.org\/10.1016\/j.scitotenv.2021.151723\" target=\"_blank\" title=\"\" rel=\"noopener\">10.1016\/j.scitotenv.2021.151723<\/a>.\n\t\t\t\t<\/p>\n<\/td>\n<\/tr>\n<tr>\n<td>\n<p>\n\t\t\t\t\tKrasnova, A.; Mander, \u00dc.; Noe, S.M.; Uri, V.; Krasnov, D.; Soosaar, K. (2022). Hemiboreal forests\u2019 CO2 fluxes response to the European 2018 heatwave. Agricultural and Forest Meteorology, 323, \u00a0109042. DOI:\u00a0<a href=\"https:\/\/doi.org\/10.1016\/j.agrformet.2022.109042\" target=\"_blank\" title=\"\" rel=\"noopener\">10.1016\/j.agrformet.2022.109042<\/a>.\n\t\t\t\t<\/p>\n<\/td>\n<\/tr>\n<\/tbody>\n<\/table>\n","protected":false},"excerpt":{"rendered":"<p>Uri, V.; Kukum\u00e4gi, M.; Aosaar, J.; Varik, M.; Becker, H.; Aun, K.; L\u00f5hmus, K.; Soosaar, K.; Astover, A.; Uri, M.; Buht, M.; Sepaste, A.; Padari, A. (2022). The dynamics of the carbon storage and fluxes in Scots pine (Pinus sylvestris) &#8230;<\/p>\n","protected":false},"author":199,"featured_media":0,"parent":0,"menu_order":0,"comment_status":"closed","ping_status":"closed","template":"","meta":{"_acf_changed":false,"inline_featured_image":false,"footnotes":""},"class_list":["post-38","page","type-page","status-publish","hentry"],"acf":[],"_links":{"self":[{"href":"https:\/\/sisu.ut.ee\/biometeorology\/wp-json\/wp\/v2\/pages\/38","targetHints":{"allow":["GET"]}}],"collection":[{"href":"https:\/\/sisu.ut.ee\/biometeorology\/wp-json\/wp\/v2\/pages"}],"about":[{"href":"https:\/\/sisu.ut.ee\/biometeorology\/wp-json\/wp\/v2\/types\/page"}],"author":[{"embeddable":true,"href":"https:\/\/sisu.ut.ee\/biometeorology\/wp-json\/wp\/v2\/users\/199"}],"replies":[{"embeddable":true,"href":"https:\/\/sisu.ut.ee\/biometeorology\/wp-json\/wp\/v2\/comments?post=38"}],"version-history":[{"count":1,"href":"https:\/\/sisu.ut.ee\/biometeorology\/wp-json\/wp\/v2\/pages\/38\/revisions"}],"predecessor-version":[{"id":93,"href":"https:\/\/sisu.ut.ee\/biometeorology\/wp-json\/wp\/v2\/pages\/38\/revisions\/93"}],"wp:attachment":[{"href":"https:\/\/sisu.ut.ee\/biometeorology\/wp-json\/wp\/v2\/media?parent=38"}],"curies":[{"name":"wp","href":"https:\/\/api.w.org\/{rel}","templated":true}]}}