{"id":377,"date":"2024-10-08T11:36:55","date_gmt":"2024-10-08T08:36:55","guid":{"rendered":"https:\/\/sisu.ut.ee\/biometeorology\/?page_id=377"},"modified":"2026-01-30T10:56:48","modified_gmt":"2026-01-30T08:56:48","slug":"2024-2","status":"publish","type":"page","link":"https:\/\/sisu.ut.ee\/biometeorology\/2024-2\/","title":{"rendered":"2024"},"content":{"rendered":"<figure class=\"wp-block-table\"><table class=\"table table-hover\"><tbody><tr><td>Vigricas, Egidijus; Ciuldiene, Dovile; Armolaitis, Kestutis; Valujeva, Kristine; Laiho, Raija; Jauhiainen, Jyrki; Schindler, Thomas; Bardule, Arta; Lazdins, Andis; Butlers, Aldis; Kazanaviciute, Vaiva; Belova, Olgirda; Kamil-Sardar, Muhammad; Soosaar, Kaido (2024). Total Soil CO<sub>2<\/sub>\u00a0Efflux from Drained Terric Histosols. Plants, 13 (1), ARTN 139.\u00a0<a href=\"http:\/\/dx.doi.org\/10.3390\/plants13010139\">DOI: 10.3390\/plants13010139<\/a>.<\/td><\/tr><tr><td>Ranniku, Reti; Mander, Ulo; Escuer-Gatius, Jordi; Schindler, Thomas; Kupper, Priit; Sellin, Arne; Soosaar, Kaido (2024). Dry and wet periods determine stem and soil greenhouse gas fluxes in a northern drained peatland forest. The Science of The Total Environment, 928, ARTN 172452.\u00a0<a href=\"http:\/\/dx.doi.org\/10.1016\/j.scitotenv.2024.172452\">DOI: 10.1016\/j.scitotenv.2024.172452<\/a>.<\/td><\/tr><tr><td>Soosaar, Kaido; Melling, Lulie; Ranniku, Reti; Sangok, Faustina E.; P\u00e4rn, Jaan; Wong, Guan Xhuan; William, Sebestian Kalang; Kasak, Kuno; Espenberg, Mikk; \u00d6pik, Maarja; Mander, \u00dclo (2024). Methane and Nitrous Oxide Fluxes in Soil and Stems of Malaysian Tropical Peat Swamp Forest. In: Methane and Nitrous Oxide Fluxes in Soil and Stems of Malaysian Tropical Peat Swamp Forest .\u00a0<a href=\"https:\/\/doi.org\/10.5194\/egusphere-egu24-14157\">DOI: 10.5194\/egusphere-egu24-14157<\/a>.<\/td><\/tr><tr><td>William, S.K.; Soosaar; K.; Wong, G.X.; Mander; \u00dc.; Melling, L. (2024). MICROCLIMATE OF PEAT SWAMP FOREST IN MALUDAM NATIONAL PARK, SARAWAK, MALAYSIA. In: .<\/td><\/tr><tr><td>Uri, Marek; Kukum\u00e4gi, Mai; Soosaar, Kaido; Varik, Mats; Becker, Hardo; Aun, Kristiina; Aosaar, J\u00fcrgen; Krasnova, Alisa; Schindler, Thomas; Buht, Mikko; Sepaste, Agnes; Padari, Allar; Sellin, Arne; Metslaid, Marek; J\u00f5giste, Kalev; Kaasik, Marko; Uri, Veiko (2024). Short-term effect of the harvesting method on ecosystem carbon budget in hemiboreal Scots pine forest: Shelterwood cutting versus clear-cut. Forest Ecology and Management, 562, Art No 121963.\u00a0<a href=\"https:\/\/www.sciencedirect.com\/science\/article\/pii\/S0378112724002755?via%3Dihub\">DOI: 10.1016\/j.foreco.2024.121963<\/a>.<\/td><\/tr><tr><td>Masta, Mohit; Espenberg, Mikk; Kuusemets, Laura; P\u00e4rn, Jaan; Thayamkottu, Sandeep; Sepp, Holar; Kirsim\u00e4e, Kalle; Sgouridis, Fotis; Kasak, Kuno; Soosaar, Kaido; Mander, \u00dclo; (2024). 15N tracers and microbial analyses reveal in situ N2O sources in contrasting water regimes on drained peatland forest. Pedosphere, 34 (4). DOI: <a href=\"https:\/\/doi.org\/10.1016\/j.pedsph.2023.06.006\">10.1016\/j.pedsph.2023.06.006<\/a>.<\/td><\/tr><tr><td>Mander, \u00dclo; Maddison, Martin; Valach, Alex C.; Soosaar, Kaido; Kill, Keit; Kasak, Kuno (2024). High methane emissions as trade-off for phosphorus removal in surface flow treatment wetlands. Aquatic Botany, 190, 103719.\u00a0DOI: <a href=\"https:\/\/doi.org\/10.1016\/j.aquabot.2023.103719\">10.1016\/j.aquabot.2023.103719<\/a>.<\/td><\/tr><\/tbody><\/table><\/figure>\n","protected":false},"excerpt":{"rendered":"<p>Vigricas, Egidijus; Ciuldiene, Dovile; Armolaitis, Kestutis; Valujeva, Kristine; Laiho, Raija; Jauhiainen, Jyrki; Schindler, Thomas; Bardule, Arta; Lazdins, Andis; Butlers, Aldis; Kazanaviciute, Vaiva; Belova, Olgirda; Kamil-Sardar, Muhammad; Soosaar, Kaido (2024). Total Soil CO2\u00a0Efflux from Drained Terric Histosols. Plants, 13 (1), ARTN &#8230;<\/p>\n","protected":false},"author":199,"featured_media":0,"parent":0,"menu_order":0,"comment_status":"closed","ping_status":"closed","template":"","meta":{"_acf_changed":false,"inline_featured_image":false,"footnotes":""},"class_list":["post-377","page","type-page","status-publish","hentry"],"acf":[],"_links":{"self":[{"href":"https:\/\/sisu.ut.ee\/biometeorology\/wp-json\/wp\/v2\/pages\/377","targetHints":{"allow":["GET"]}}],"collection":[{"href":"https:\/\/sisu.ut.ee\/biometeorology\/wp-json\/wp\/v2\/pages"}],"about":[{"href":"https:\/\/sisu.ut.ee\/biometeorology\/wp-json\/wp\/v2\/types\/page"}],"author":[{"embeddable":true,"href":"https:\/\/sisu.ut.ee\/biometeorology\/wp-json\/wp\/v2\/users\/199"}],"replies":[{"embeddable":true,"href":"https:\/\/sisu.ut.ee\/biometeorology\/wp-json\/wp\/v2\/comments?post=377"}],"version-history":[{"count":4,"href":"https:\/\/sisu.ut.ee\/biometeorology\/wp-json\/wp\/v2\/pages\/377\/revisions"}],"predecessor-version":[{"id":621,"href":"https:\/\/sisu.ut.ee\/biometeorology\/wp-json\/wp\/v2\/pages\/377\/revisions\/621"}],"wp:attachment":[{"href":"https:\/\/sisu.ut.ee\/biometeorology\/wp-json\/wp\/v2\/media?parent=377"}],"curies":[{"name":"wp","href":"https:\/\/api.w.org\/{rel}","templated":true}]}}