{"id":21,"date":"2024-04-04T08:59:32","date_gmt":"2024-04-04T05:59:32","guid":{"rendered":"https:\/\/sisu.ut.ee\/biometeorology\/2014-2\/"},"modified":"2024-04-04T08:59:58","modified_gmt":"2024-04-04T05:59:58","slug":"2014-2","status":"publish","type":"page","link":"https:\/\/sisu.ut.ee\/biometeorology\/2014-2\/?lang=et","title":{"rendered":"2014"},"content":{"rendered":"<table class=\"table table-hover\" border=\"0\" cellpadding=\"1\" cellspacing=\"1\">\n<tbody>\n<tr>\n<td>\n<p>\n\t\t\t\t\tMander, \u00dclo; Well, Rainer; Weymann, Daniel; Soosaar, Kaido; Maddison, Martin; Kanal, Arno; L\u00f5hmus, Krista; Truu, Jaak; Augustin, J\u00fcrgen;Tournebize, Julien. (2014). Isotopologue \u00a0Ratios of N2O and N2 Measurements Underpin the Importance of Denitrification in Differently N-Loaded Riparian Alder Forests. Environmental Science &amp; Technology, 48 (20), \u00a011910\u221211918. DOI:\u00a0<a href=\"https:\/\/pubs.acs.org\/doi\/10.1021\/es501727h\" target=\"_blank\" title=\"\" rel=\"noopener\">10.1021\/es501727h<\/a>.\n\t\t\t\t<\/p>\n<\/td>\n<\/tr>\n<tr>\n<td>\n<p>\n\t\t\t\t\tMander, \u00dc; Ligi, T; Truu, M; Truu, J; P\u00e4rn, J; Egorov, S; J\u00e4rveoja, J; Vohla, C; Maddison, M; Soosaar, K; Oopkaup, K; Teemusk, A; Preem, J-K; Uuemaa, E. (2014). Spatial patterns of denitrification and its functional genes in peatlands. Geophysical Research Abstracts, 16: EGU General Assembly 2014. \u00a0 Vienna: European Geosciences Union. (EGU2014-5482).\n\t\t\t\t<\/p>\n<\/td>\n<\/tr>\n<tr>\n<td>\n<p>\n\t\t\t\t\tNoe, Steffen M.; Niinemets, \u00dclo; Kangur, Ahto; H\u00f5rrak, Urmas; Soosaar, Kaido; Mander, \u00dclo (2014). Interdisciplinary research at the SMEAR Estonia station. Geophysical Research Abstracts: EGU General Assembly 2014. Vienna. (Geophysical Research Abstracts; 16).\n\t\t\t\t<\/p>\n<\/td>\n<\/tr>\n<tr>\n<td>\n<p>\n\t\t\t\t\tHansen, R; Mander, \u00dc; Kupper, P; Soosaar, K; Maddison, M; S\u00f5ber, J; L\u00f5hmus, K. (2014). Co-effect of increased humidity and meteorological conditions on greenhouse gas fluxes in a young hybrid aspen forest. Geophysical Research Abstracts, 16: EGU General Assembly 2014. \u00a0 Vienna: European Geosciences Union. (EGU2014-539).\n\t\t\t\t<\/p>\n<\/td>\n<\/tr>\n<tr>\n<td>\n<p>\n\t\t\t\t\tHansen, Raili; Mander, \u00dclo; Kupper, Priit; S\u00f5ber, Jaak; Soosaar, Kaido; Teemusk, Alar; Maddison, Martin; L\u00f5hmus, Krista. (2014). \u00d5huniiskuse m\u00f5ju kasvuhoonegaaside CO2, CH4 ja N2O voogudele noores lehtmetsas. Tammiksaar, Erki; Pae, Taavi; Mander, \u00dclo. (Toim.). \u00a0Uurimusi eestikeelse geograafia 95. aastap\u00e4eval. (307\u2212316). \u00a0Tartu: Eesti \u00dclikoolide Kirjastus. (Publicationes Instituti Geographici Universitatis Tartuensis).\n\t\t\t\t<\/p>\n<\/td>\n<\/tr>\n<tr>\n<td>\n<p>\n\t\t\t\t\tSoosaar, Kaido; Mander, \u00dclo; L\u00f5hmus, Krista; Uri, Veiko; Rannik, Kaire; Ostonen, Ivika; Uuemaa, Evelyn; J\u00e4rveoja, J\u00e4rvi; L\u00e4\u00e4nelaid, Alar; Maddison, Martin; Muhel, Mart; Teemusk, Alar (2014). \u00d6kos\u00fcsteemi s\u00fcsinikdioksiidi bilanss, mullahingamine ja netoprimaarproduktsioon Soontaga boreaalses m\u00e4nnikus. \u00a0Uurimusi eestikeelse geograafia 95. aastap\u00e4eval. (352\u2212362). \u00a0Tartu \u00dclikooli Kirjastus. (PUBLICATIONES INSTITUTI GEOGRAPHICI UNIVERSITATIS TARTUENSIS; 111).\n\t\t\t\t<\/p>\n<\/td>\n<\/tr>\n<\/tbody>\n<\/table>\n","protected":false},"excerpt":{"rendered":"<p>Mander, \u00dclo; Well, Rainer; Weymann, Daniel; Soosaar, Kaido; Maddison, Martin; Kanal, Arno; L\u00f5hmus, Krista; Truu, Jaak; Augustin, J\u00fcrgen;Tournebize, Julien. (2014). Isotopologue \u00a0Ratios of N2O and N2 Measurements Underpin the Importance of Denitrification in Differently N-Loaded Riparian Alder Forests. Environmental Science &#8230;<\/p>\n","protected":false},"author":199,"featured_media":0,"parent":0,"menu_order":0,"comment_status":"closed","ping_status":"closed","template":"","meta":{"_acf_changed":false,"inline_featured_image":false,"footnotes":""},"class_list":["post-21","page","type-page","status-publish","hentry"],"acf":[],"_links":{"self":[{"href":"https:\/\/sisu.ut.ee\/biometeorology\/wp-json\/wp\/v2\/pages\/21","targetHints":{"allow":["GET"]}}],"collection":[{"href":"https:\/\/sisu.ut.ee\/biometeorology\/wp-json\/wp\/v2\/pages"}],"about":[{"href":"https:\/\/sisu.ut.ee\/biometeorology\/wp-json\/wp\/v2\/types\/page"}],"author":[{"embeddable":true,"href":"https:\/\/sisu.ut.ee\/biometeorology\/wp-json\/wp\/v2\/users\/199"}],"replies":[{"embeddable":true,"href":"https:\/\/sisu.ut.ee\/biometeorology\/wp-json\/wp\/v2\/comments?post=21"}],"version-history":[{"count":1,"href":"https:\/\/sisu.ut.ee\/biometeorology\/wp-json\/wp\/v2\/pages\/21\/revisions"}],"predecessor-version":[{"id":110,"href":"https:\/\/sisu.ut.ee\/biometeorology\/wp-json\/wp\/v2\/pages\/21\/revisions\/110"}],"wp:attachment":[{"href":"https:\/\/sisu.ut.ee\/biometeorology\/wp-json\/wp\/v2\/media?parent=21"}],"curies":[{"name":"wp","href":"https:\/\/api.w.org\/{rel}","templated":true}]}}